{"id":658,"date":"2020-01-31T21:11:40","date_gmt":"2020-01-31T20:11:40","guid":{"rendered":"https:\/\/agora.xtec.cat\/ieslluchirafecas\/?page_id=658"},"modified":"2025-10-15T07:26:59","modified_gmt":"2025-10-15T05:26:59","slug":"automatitzacio-i-robotica-industrial","status":"publish","type":"page","link":"https:\/\/agora.xtec.cat\/ieslluchirafecas\/estudis\/cicles-formatius\/cicles-formatius-de-grau-superior\/automatitzacio-i-robotica-industrial\/","title":{"rendered":"CFGS Automatitzaci\u00f3 i rob\u00f2tica industrial"},"content":{"rendered":"<h4><strong>Fam\u00edlia professional:\u00a0ELECTRICITAT I ELECTR\u00d2NICA<\/strong><\/h4>\n<p style=\"text-align: center;\"><a href=\"https:\/\/agora.xtec.cat\/ieslluchirafecas\/wp-content\/uploads\/usu330\/2025\/04\/Fulleto-CFGS-Automatitzacio-i-robotica-industrial.pdf\">Fullet\u00f3 informatiu EEB0<\/a><\/p>\n\r\n\t<div class=\"slideshow_container slideshow_container_style-light\" style=\"height: 300px; \" data-slideshow-id=\"1729\" data-style-name=\"style-light\" data-style-version=\"2.3.1\" >\r\n\r\n\t\t\t\t\t<div class=\"slideshow_loading_icon\"><\/div>\r\n\t\t\r\n\t\t<div class=\"slideshow_content\" style=\"display: none;\">\r\n\r\n\t\t\t<div class=\"slideshow_view\">\r\n\t\t\t\t<div class=\"slideshow_slide slideshow_slide_image\">\r\n\t\t\t\t\t\t\t\t\t\t\t<img src=\"https:\/\/agora.xtec.cat\/ieslluchirafecas\/wp-content\/uploads\/usu330\/2021\/11\/DSC_0256_-scaled.jpg\" alt=\"DSC_0256_\" width=\"2560\" height=\"1707\" \/>\r\n\t\t\t\t\t\t\t\t\t\t<div class=\"slideshow_description_box slideshow_transparent\">\r\n\t\t\t\t\t\t<div class=\"slideshow_title\">DSC_0256_<\/div>\t\t\t\t\t\t\t\t\t\t\t<\/div>\r\n\t\t\t\t<\/div>\r\n\r\n\t\t\t\t\t\t<div style=\"clear: both;\"><\/div><\/div><div class=\"slideshow_view\">\r\n\t\t\t\t<div class=\"slideshow_slide slideshow_slide_image\">\r\n\t\t\t\t\t\t\t\t\t\t\t<img src=\"https:\/\/agora.xtec.cat\/ieslluchirafecas\/wp-content\/uploads\/usu330\/2021\/11\/DSC_0252_-scaled.jpg\" alt=\"DSC_0252_\" width=\"2560\" height=\"1707\" \/>\r\n\t\t\t\t\t\t\t\t\t\t<div class=\"slideshow_description_box slideshow_transparent\">\r\n\t\t\t\t\t\t<div class=\"slideshow_title\">DSC_0252_<\/div>\t\t\t\t\t\t\t\t\t\t\t<\/div>\r\n\t\t\t\t<\/div>\r\n\r\n\t\t\t\t\t\t<div style=\"clear: both;\"><\/div><\/div><div class=\"slideshow_view\">\r\n\t\t\t\t<div class=\"slideshow_slide slideshow_slide_image\">\r\n\t\t\t\t\t\t\t\t\t\t\t<img src=\"https:\/\/agora.xtec.cat\/ieslluchirafecas\/wp-content\/uploads\/usu330\/2021\/11\/DSC_0251_-scaled.jpg\" alt=\"DSC_0251_\" width=\"2560\" height=\"1707\" \/>\r\n\t\t\t\t\t\t\t\t\t\t<div class=\"slideshow_description_box slideshow_transparent\">\r\n\t\t\t\t\t\t<div class=\"slideshow_title\">DSC_0251_<\/div>\t\t\t\t\t\t\t\t\t\t\t<\/div>\r\n\t\t\t\t<\/div>\r\n\r\n\t\t\t\t\t\t<div style=\"clear: both;\"><\/div><\/div><div class=\"slideshow_view\">\r\n\t\t\t\t<div class=\"slideshow_slide slideshow_slide_image\">\r\n\t\t\t\t\t\t\t\t\t\t\t<img src=\"https:\/\/agora.xtec.cat\/ieslluchirafecas\/wp-content\/uploads\/usu330\/2021\/11\/DSC_0247_-scaled.jpg\" alt=\"DSC_0247_\" width=\"2560\" height=\"1707\" \/>\r\n\t\t\t\t\t\t\t\t\t\t<div class=\"slideshow_description_box slideshow_transparent\">\r\n\t\t\t\t\t\t<div class=\"slideshow_title\">DSC_0247_<\/div>\t\t\t\t\t\t\t\t\t\t\t<\/div>\r\n\t\t\t\t<\/div>\r\n\r\n\t\t\t\t\t\t<div style=\"clear: both;\"><\/div><\/div><div class=\"slideshow_view\">\r\n\t\t\t\t<div class=\"slideshow_slide slideshow_slide_image\">\r\n\t\t\t\t\t\t\t\t\t\t\t<img src=\"https:\/\/agora.xtec.cat\/ieslluchirafecas\/wp-content\/uploads\/usu330\/2021\/11\/DSC_0244_-scaled.jpg\" alt=\"DSC_0244_\" width=\"2560\" height=\"1707\" \/>\r\n\t\t\t\t\t\t\t\t\t\t<div class=\"slideshow_description_box slideshow_transparent\">\r\n\t\t\t\t\t\t<div class=\"slideshow_title\">DSC_0244_<\/div>\t\t\t\t\t\t\t\t\t\t\t<\/div>\r\n\t\t\t\t<\/div>\r\n\r\n\t\t\t\t\t\t<div style=\"clear: both;\"><\/div><\/div><div class=\"slideshow_view\">\r\n\t\t\t\t<div class=\"slideshow_slide slideshow_slide_image\">\r\n\t\t\t\t\t\t\t\t\t\t\t<img src=\"https:\/\/agora.xtec.cat\/ieslluchirafecas\/wp-content\/uploads\/usu330\/2021\/11\/DSC_0243_-scaled.jpg\" alt=\"DSC_0243_\" width=\"2560\" height=\"1707\" \/>\r\n\t\t\t\t\t\t\t\t\t\t<div class=\"slideshow_description_box slideshow_transparent\">\r\n\t\t\t\t\t\t<div class=\"slideshow_title\">DSC_0243_<\/div>\t\t\t\t\t\t\t\t\t\t\t<\/div>\r\n\t\t\t\t<\/div>\r\n\r\n\t\t\t\t\t\t<div style=\"clear: both;\"><\/div><\/div><div class=\"slideshow_view\">\r\n\t\t\t\t<div class=\"slideshow_slide slideshow_slide_image\">\r\n\t\t\t\t\t\t\t\t\t\t\t<img src=\"https:\/\/agora.xtec.cat\/ieslluchirafecas\/wp-content\/uploads\/usu330\/2021\/11\/DSC_0242_-scaled.jpg\" alt=\"DSC_0242_\" width=\"2560\" height=\"1707\" \/>\r\n\t\t\t\t\t\t\t\t\t\t<div class=\"slideshow_description_box slideshow_transparent\">\r\n\t\t\t\t\t\t<div class=\"slideshow_title\">DSC_0242_<\/div>\t\t\t\t\t\t\t\t\t\t\t<\/div>\r\n\t\t\t\t<\/div>\r\n\r\n\t\t\t\t\t\t<div style=\"clear: both;\"><\/div><\/div><div class=\"slideshow_view\">\r\n\t\t\t\t<div class=\"slideshow_slide slideshow_slide_image\">\r\n\t\t\t\t\t\t\t\t\t\t\t<img src=\"https:\/\/agora.xtec.cat\/ieslluchirafecas\/wp-content\/uploads\/usu330\/2021\/11\/DSC_0241_-scaled.jpg\" alt=\"DSC_0241_\" width=\"2560\" height=\"1707\" \/>\r\n\t\t\t\t\t\t\t\t\t\t<div class=\"slideshow_description_box slideshow_transparent\">\r\n\t\t\t\t\t\t<div class=\"slideshow_title\">DSC_0241_<\/div>\t\t\t\t\t\t\t\t\t\t\t<\/div>\r\n\t\t\t\t<\/div>\r\n\r\n\t\t\t\t\t\t<div style=\"clear: both;\"><\/div><\/div><div class=\"slideshow_view\">\r\n\t\t\t\t<div class=\"slideshow_slide slideshow_slide_image\">\r\n\t\t\t\t\t\t\t\t\t\t\t<img src=\"https:\/\/agora.xtec.cat\/ieslluchirafecas\/wp-content\/uploads\/usu330\/2021\/11\/DSC_0238_-scaled.jpg\" alt=\"DSC_0238_\" width=\"2560\" height=\"1707\" \/>\r\n\t\t\t\t\t\t\t\t\t\t<div class=\"slideshow_description_box slideshow_transparent\">\r\n\t\t\t\t\t\t<div class=\"slideshow_title\">DSC_0238_<\/div>\t\t\t\t\t\t\t\t\t\t\t<\/div>\r\n\t\t\t\t<\/div>\r\n\r\n\t\t\t\t\t\t<div style=\"clear: both;\"><\/div><\/div><div class=\"slideshow_view\">\r\n\t\t\t\t<div class=\"slideshow_slide slideshow_slide_image\">\r\n\t\t\t\t\t\t\t\t\t\t\t<img src=\"https:\/\/agora.xtec.cat\/ieslluchirafecas\/wp-content\/uploads\/usu330\/2021\/11\/DSC_0218_-scaled.jpg\" alt=\"DSC_0218_\" width=\"2560\" height=\"1707\" \/>\r\n\t\t\t\t\t\t\t\t\t\t<div class=\"slideshow_description_box slideshow_transparent\">\r\n\t\t\t\t\t\t<div class=\"slideshow_title\">DSC_0218_<\/div>\t\t\t\t\t\t\t\t\t\t\t<\/div>\r\n\t\t\t\t<\/div>\r\n\r\n\t\t\t\t\t\t<div style=\"clear: both;\"><\/div><\/div>\r\n\t\t<\/div>\r\n\r\n\t\t<div class=\"slideshow_controlPanel slideshow_transparent\" style=\"display: none;\"><ul><li class=\"slideshow_togglePlay\" data-play-text=\"Visualitza\" data-pause-text=\"Pausa\"><\/li><\/ul><\/div>\r\n\r\n\t\t<div class=\"slideshow_button slideshow_previous slideshow_transparent\" role=\"button\" data-previous-text=\"Anterior\" style=\"display: none;\"><\/div>\r\n\t\t<div class=\"slideshow_button slideshow_next slideshow_transparent\" role=\"button\" data-next-text=\"Seg\u00fcent\" style=\"display: none;\"><\/div>\r\n\r\n\t\t<div class=\"slideshow_pagination\" style=\"display: none;\" data-go-to-text=\"V\u00e9s a la diapositiva\"><div class=\"slideshow_pagination_center\"><\/div><\/div>\r\n\r\n\t\t<!-- WordPress Slideshow Version 2.3.1 -->\r\n\r\n\t\t\t<\/div>\r\n\r\n\n<h4><strong>Compet\u00e8ncia general<br \/>\n<\/strong><\/h4>\n<p>La compet\u00e8ncia general d\u2019aquest t\u00edtol consisteix a desenvolupar i gestionar projectes de muntatge i manteniment d\u2019instal\u00b7lacions autom\u00e0tiques de mesura, regulaci\u00f3 i control de processos en sistemes industrials, aix\u00ed com supervisar o executar el muntatge, el manteniment i la posada en marxa dels esmentats sistemes, respectant criteris de qualitat, seguretat i respecte al medi ambient i al disseny per a tothom.<\/p>\n<h4><strong>Titulaci\u00f3<\/strong><\/h4>\n<p>Els alumnes que superin el CFGS rebran la titulaci\u00f3 de\u00a0<strong>T\u00e8cnic Superior en Automatitzaci\u00f3 i Rob\u00f2tica Industrial,<\/strong>\u00a0la qual correspon al nivell <em>CINE-5b de la Classificaci\u00f3 Internacional Normalitzada de l\u2019Educaci\u00f3.<\/em><\/p>\n<p>Els alumnes podran obtenir el Certificat del curs\u00a0<strong>CCNA R&amp;S: Introduction to Networks de Cisco<\/strong><strong>\u00ae<\/strong><strong>\u00a0Networking Academy<\/strong><\/p>\n<h4><strong>Principals ocupacions i llocs de treball<\/strong><\/h4>\n<p>Les principals ocupacions serien les seg\u00fcents:<\/p>\n<ul>\n<li>Cap d\u2019equip de supervisi\u00f3 de muntatge de sistemes d\u2019automatitzaci\u00f3 industrial.<\/li>\n<li>Cap d\u2019equip de supervisi\u00f3 de manteniment de sistemes d\u2019automatitzaci\u00f3 industrial.<\/li>\n<li>Verificador d\u2019aparells, quadres i equips el\u00e8ctrics.<\/li>\n<li>Cap d\u2019equip en taller electromec\u00e0nic.<\/li>\n<li>T\u00e8cnic en organitzaci\u00f3 de manteniment de sistemes d\u2019automatitzaci\u00f3 industrial.<\/li>\n<li>T\u00e8cnic de posada en marxa de sistemes d\u2019automatitzaci\u00f3 industrial.<\/li>\n<li>Projectista de sistemes de control de sistemes d\u2019automatitzaci\u00f3 industrial.<\/li>\n<li>Projectista de sistemes de mesura i regulaci\u00f3 de sistemes d\u2019automatitzaci\u00f3 industrial.<\/li>\n<li>Projectista de xarxes de comunicaci\u00f3 de sistemes d\u2019automatitzaci\u00f3 industrial.<\/li>\n<li>Programador-controlador de robots industrials.<\/li>\n<li>T\u00e8cnic en disseny de sistemes de control el\u00e8ctric.<\/li>\n<li>Dissenyador de circuits i de sistemes integrats a automatitzaci\u00f3 industrial.<\/li>\n<\/ul>\n<h3><strong>Durada<\/strong><\/h3>\n<p>La durada d\u2019aquest cicle formatiu es de 2000 hores (dos cursos acad\u00e8mics) dividides de la seg\u00fcent manera:<\/p>\n<ul>\n<li>1617 hores de formaci\u00f3 en el centre educatiu i FORMACI\u00d3 DUAL<\/li>\n<li>515 hores de formaci\u00f3 en un centre de treball i FORMACI\u00d3 DUAL.<\/li>\n<\/ul>\n<p>&nbsp;<\/p>\n<h4><strong>Cr\u00e8dits en que s\u2019estructura el cicle formatiu<\/strong><\/h4>\n<h5><strong>PRIMER CURS (1 GRUP AMB HORARI DE TARDA)<\/strong><\/h5>\n<table style=\"width: 385px;\">\n<tbody>\n<tr>\n<td style=\"width: 317px;\"><strong>Curs 1r<\/strong><\/td>\n<td style=\"width: 60px;\"><\/td>\n<\/tr>\n<tr>\n<td style=\"width: 317px;\"><strong>M\u00f2duls professionals<\/strong><\/td>\n<td style=\"width: 60px;\"><strong>Hores<\/strong><\/td>\n<\/tr>\n<tr>\n<td style=\"width: 317px;\">MP1 Sistemes el\u00e8ctrics, pneum\u00e0tics i hidr\u00e0ulics<\/td>\n<td style=\"width: 60px;\">132<\/td>\n<\/tr>\n<tr>\n<td style=\"width: 317px;\">MP2 Sistemes seq\u00fcencials programables<\/td>\n<td style=\"width: 60px;\">132<\/td>\n<\/tr>\n<tr>\n<td style=\"width: 317px;\">MP3 Sistemes de mesura i regulaci\u00f3<\/td>\n<td style=\"width: 60px;\">132<\/td>\n<\/tr>\n<tr>\n<td style=\"width: 317px;\">MP4 Sistemes de pot\u00e8ncia<\/td>\n<td style=\"width: 60px;\">132<\/td>\n<\/tr>\n<tr>\n<td style=\"width: 317px;\">MP6 Sistemes programables avan\u00e7ats<\/td>\n<td style=\"width: 60px;\">99<\/td>\n<\/tr>\n<tr>\n<td style=\"width: 317px;\">MP7 Rob\u00f2tica industrial<\/td>\n<td style=\"width: 60px;\">99<\/td>\n<\/tr>\n<tr>\n<td style=\"width: 317px;\">MP10 Inform\u00e0tica industrial<\/td>\n<td style=\"width: 60px;\">99<\/td>\n<\/tr>\n<tr>\n<td style=\"width: 317px;\">MP11 Formaci\u00f3 i orientaci\u00f3 laboral<\/td>\n<td style=\"width: 60px;\">66<\/td>\n<\/tr>\n<tr>\n<td style=\"width: 317px;\">MP12. Empresa i iniciativa emprenedora<\/td>\n<td style=\"width: 60px;\">66<\/td>\n<\/tr>\n<\/tbody>\n<\/table>\n<h5><strong>SEGON CURS (1 GRUP AMB HORARI DE TARDA)<\/strong><\/h5>\n<table style=\"width: 426px;\">\n<tbody>\n<tr>\n<td style=\"width: 420px;\" colspan=\"2\"><strong>Curs 2n<\/strong><\/td>\n<\/tr>\n<tr>\n<td style=\"width: 358px;\"><strong>M\u00f2duls professionals<\/strong><\/td>\n<td style=\"width: 60px;\"><strong>Hores<\/strong><\/td>\n<\/tr>\n<tr>\n<td style=\"width: 358px;\">MP5 <span class=\"uael-table__text\"><span class=\"uael-table__text-inner\">Documentaci\u00f3 t\u00e8cnica<\/span><\/span><\/td>\n<td style=\"width: 60px;\">99<\/td>\n<\/tr>\n<tr>\n<td style=\"width: 358px;\">MP8 Comunicacions industrials<\/td>\n<td style=\"width: 60px;\">165<\/td>\n<\/tr>\n<tr>\n<td style=\"width: 358px;\">MP9 Integraci\u00f3 de sistemes d\u2019automatitzaci\u00f3 industrial<\/td>\n<td style=\"width: 60px;\">165<\/td>\n<\/tr>\n<tr>\n<td style=\"width: 358px;\">MP13 Projecte d\u2019automatitzaci\u00f3 i rob\u00f2tica industrial<\/td>\n<td style=\"width: 60px;\">297<\/td>\n<\/tr>\n<\/tbody>\n<\/table>\n<h4><strong>Horari<\/strong><\/h4>\n<p>1r curs i 2n curs: horari intensiu de tarda, de 15.00\u2032 a 21.30\u2019h<\/p>\n<h4><strong>Preinscripci\u00f3 i matriculaci\u00f3<\/strong><\/h4>\n<p>Consulteu la web del departament d&#8217;Ensenyament: <a href=\"https:\/\/preinscripcio.gencat.cat\/\">https:\/\/preinscripcio.gencat.cat\/<\/a> i els apartats de <a href=\"https:\/\/agora.xtec.cat\/ieslluchirafecas\/secretaria-2\/preinscripcio\/\"><strong>preinscripci\u00f3<\/strong><\/a> i <strong><a href=\"https:\/\/agora.xtec.cat\/ieslluchirafecas\/secretaria-2\/matricula\/\">matr\u00edcula<\/a><\/strong> corresponents. All\u00e0 tindreu tota la informaci\u00f3 quan la tinguem disponible.<\/p>\n<p>&nbsp;<\/p>\n<p><object style=\"width: 800px; height: 600px;\" data=\"https:\/\/agora.xtec.cat\/ieslluchirafecas\/wp-content\/uploads\/usu330\/2025\/04\/Fulleto-CFGS-Automatitzacio-i-robotica-industrial.pdf\" width=\"300\" height=\"150\"><span style=\"display: inline-block; width: 0px; overflow: hidden; line-height: 0;\" data-mce-type=\"bookmark\" class=\"mce_SELRES_start\">\ufeff<\/span><\/object><\/p>\n<p>&nbsp;<\/p>\n<p><script src=\"moz-extension:\/\/28ed7027-3628-45b4-b7e8-bb4213cc6597\/window-inject.js\" type=\"text\/javascript\"><\/script><\/p>\n","protected":false},"excerpt":{"rendered":"<p>Fam\u00edlia professional:\u00a0ELECTRICITAT I ELECTR\u00d2NICA<br \/>\n<a href=\"https:\/\/agora.xtec.cat\/ieslluchirafecas\/wp-content\/uploads\/usu330\/2025\/04\/Fulleto-CFGS-Automatitzacio-i-robotica-industrial.pdf\">Fullet\u00f3 informatiu EEB0<\/a><\/p>\n<p>\t\t\t\t\t\tDSC_0256_\t\t\t\t\t\t\t\t\t\t\t<\/p>\n<p>\t\t\t\t\t\tDSC_0252_\t\t\t\t\t\t\t\t\t\t\t<\/p>\n<p>\t\t\t\t\t\tDSC_0251_\t\t\t\t\t\t\t\t\t\t\t<\/p>\n<p>\t\t\t\t\t\tDSC_0247_\t\t\t\t\t\t\t\t\t\t\t<\/p>\n<p>\t\t\t\t\t\tDSC_0244_\t\t\t\t\t\t\t\t\t\t\t<\/p>\n<p>\t\t\t\t\t\tDSC_0243_\t\t\t\t\t\t\t\t\t\t\t<\/p>\n<p>\t\t\t\t\t\tDSC_0242_\t\t\t\t\t\t\t\t\t\t\t<\/p>\n<p>\t\t\t\t\t\tDSC_0241_\t\t\t\t\t\t\t\t\t\t\t<\/p>\n<p>\t\t\t\t\t\tDSC_0238_\t\t\t\t\t\t\t\t\t\t\t<\/p>\n<p>\t\t\t\t\t\tDSC_0218_\t\t\t\t\t\t\t\t\t\t\t<\/p>\n<ul>\n<li class=\"slideshow_togglePlay\" data-play-text=\"Visualitza\" data-pause-text=\"Pausa\"><\/li>\n<\/ul>\n<p>Compet\u00e8ncia general<\/p>\n<p>La compet\u00e8ncia general d\u2019aquest t\u00edtol consisteix a desenvolupar i gestionar projectes de muntatge i manteniment d\u2019instal\u00b7lacions autom\u00e0tiques de mesura, regulaci\u00f3 i control de processos en sistemes industrials, aix\u00ed com supervisar o executar el muntatge, el&hellip;  <a href=\"https:\/\/agora.xtec.cat\/ieslluchirafecas\/estudis\/cicles-formatius\/cicles-formatius-de-grau-superior\/automatitzacio-i-robotica-industrial\/\" title=\"Read CFGS Automatitzaci\u00f3 i rob\u00f2tica industrial\">Llegeix m\u00e9s\u00bb<\/a><\/p>\n","protected":false},"author":1,"featured_media":0,"parent":637,"menu_order":0,"comment_status":"closed","ping_status":"closed","template":"page-templates\/side-menu.php","meta":{"_bbp_topic_count":0,"_bbp_reply_count":0,"_bbp_total_topic_count":0,"_bbp_total_reply_count":0,"_bbp_voice_count":0,"_bbp_anonymous_reply_count":0,"_bbp_topic_count_hidden":0,"_bbp_reply_count_hidden":0,"_bbp_forum_subforum_count":0,"footnotes":""},"class_list":["post-658","page","type-page","status-publish","hentry"],"post_mailing_queue_ids":[],"_links":{"self":[{"href":"https:\/\/agora.xtec.cat\/ieslluchirafecas\/wp-json\/wp\/v2\/pages\/658","targetHints":{"allow":["GET"]}}],"collection":[{"href":"https:\/\/agora.xtec.cat\/ieslluchirafecas\/wp-json\/wp\/v2\/pages"}],"about":[{"href":"https:\/\/agora.xtec.cat\/ieslluchirafecas\/wp-json\/wp\/v2\/types\/page"}],"author":[{"embeddable":true,"href":"https:\/\/agora.xtec.cat\/ieslluchirafecas\/wp-json\/wp\/v2\/users\/1"}],"replies":[{"embeddable":true,"href":"https:\/\/agora.xtec.cat\/ieslluchirafecas\/wp-json\/wp\/v2\/comments?post=658"}],"version-history":[{"count":6,"href":"https:\/\/agora.xtec.cat\/ieslluchirafecas\/wp-json\/wp\/v2\/pages\/658\/revisions"}],"predecessor-version":[{"id":14231,"href":"https:\/\/agora.xtec.cat\/ieslluchirafecas\/wp-json\/wp\/v2\/pages\/658\/revisions\/14231"}],"up":[{"embeddable":true,"href":"https:\/\/agora.xtec.cat\/ieslluchirafecas\/wp-json\/wp\/v2\/pages\/637"}],"wp:attachment":[{"href":"https:\/\/agora.xtec.cat\/ieslluchirafecas\/wp-json\/wp\/v2\/media?parent=658"}],"curies":[{"name":"wp","href":"https:\/\/api.w.org\/{rel}","templated":true}]}}