{"id":642,"date":"2020-01-31T20:45:40","date_gmt":"2020-01-31T19:45:40","guid":{"rendered":"https:\/\/agora.xtec.cat\/ieslluchirafecas\/?page_id=642"},"modified":"2025-10-15T07:23:02","modified_gmt":"2025-10-15T05:23:02","slug":"manteniment-electromecanic","status":"publish","type":"page","link":"https:\/\/agora.xtec.cat\/ieslluchirafecas\/estudis\/cicles-formatius\/cicles-formatius-de-grau-mitja\/manteniment-electromecanic\/","title":{"rendered":"CFGM Manteniment Electromec\u00e0nic"},"content":{"rendered":"<h4><strong>Fam\u00edlia professional: Instal\u00b7laci\u00f3 i manteniment<\/strong><\/h4>\n<p style=\"text-align: center;\"><a href=\"https:\/\/agora.xtec.cat\/ieslluchirafecas\/wp-content\/uploads\/usu330\/2025\/04\/Fulleto-CFGM-Manteniment-Electromecanic.pdf\">Fullet\u00f3 informatiu IM10<\/a><\/p>\n\r\n\t<div class=\"slideshow_container slideshow_container_style-light\" style=\"height: 300px; \" data-slideshow-id=\"1680\" data-style-name=\"style-light\" data-style-version=\"2.3.1\" >\r\n\r\n\t\t\t\t\t<div class=\"slideshow_loading_icon\"><\/div>\r\n\t\t\r\n\t\t<div class=\"slideshow_content\" style=\"display: none;\">\r\n\r\n\t\t\t<div class=\"slideshow_view\">\r\n\t\t\t\t<div class=\"slideshow_slide slideshow_slide_image\">\r\n\t\t\t\t\t\t\t\t\t\t\t<img src=\"https:\/\/agora.xtec.cat\/ieslluchirafecas\/wp-content\/uploads\/usu330\/2021\/11\/DSC_0417_-scaled.jpg\" alt=\"DSC_0417_\" width=\"2560\" height=\"1707\" \/>\r\n\t\t\t\t\t\t\t\t\t\t<div class=\"slideshow_description_box slideshow_transparent\">\r\n\t\t\t\t\t\t<div class=\"slideshow_title\">DSC_0417_<\/div>\t\t\t\t\t\t\t\t\t\t\t<\/div>\r\n\t\t\t\t<\/div>\r\n\r\n\t\t\t\t\t\t<div style=\"clear: both;\"><\/div><\/div><div class=\"slideshow_view\">\r\n\t\t\t\t<div class=\"slideshow_slide slideshow_slide_image\">\r\n\t\t\t\t\t\t\t\t\t\t\t<img src=\"https:\/\/agora.xtec.cat\/ieslluchirafecas\/wp-content\/uploads\/usu330\/2021\/11\/DSC_0414_-scaled.jpg\" alt=\"DSC_0414_\" width=\"2560\" height=\"1707\" \/>\r\n\t\t\t\t\t\t\t\t\t\t<div class=\"slideshow_description_box slideshow_transparent\">\r\n\t\t\t\t\t\t<div class=\"slideshow_title\">DSC_0414_<\/div>\t\t\t\t\t\t\t\t\t\t\t<\/div>\r\n\t\t\t\t<\/div>\r\n\r\n\t\t\t\t\t\t<div style=\"clear: both;\"><\/div><\/div><div class=\"slideshow_view\">\r\n\t\t\t\t<div class=\"slideshow_slide slideshow_slide_image\">\r\n\t\t\t\t\t\t\t\t\t\t\t<img src=\"https:\/\/agora.xtec.cat\/ieslluchirafecas\/wp-content\/uploads\/usu330\/2021\/11\/DSC_0404_-scaled.jpg\" alt=\"DSC_0404_\" width=\"2560\" height=\"1707\" \/>\r\n\t\t\t\t\t\t\t\t\t\t<div class=\"slideshow_description_box slideshow_transparent\">\r\n\t\t\t\t\t\t<div class=\"slideshow_title\">DSC_0404_<\/div>\t\t\t\t\t\t\t\t\t\t\t<\/div>\r\n\t\t\t\t<\/div>\r\n\r\n\t\t\t\t\t\t<div style=\"clear: both;\"><\/div><\/div><div class=\"slideshow_view\">\r\n\t\t\t\t<div class=\"slideshow_slide slideshow_slide_image\">\r\n\t\t\t\t\t\t\t\t\t\t\t<img src=\"https:\/\/agora.xtec.cat\/ieslluchirafecas\/wp-content\/uploads\/usu330\/2021\/11\/DSC_0402_-scaled.jpg\" alt=\"DSC_0402_\" width=\"2560\" height=\"1707\" \/>\r\n\t\t\t\t\t\t\t\t\t\t<div class=\"slideshow_description_box slideshow_transparent\">\r\n\t\t\t\t\t\t<div class=\"slideshow_title\">DSC_0402_<\/div>\t\t\t\t\t\t\t\t\t\t\t<\/div>\r\n\t\t\t\t<\/div>\r\n\r\n\t\t\t\t\t\t<div style=\"clear: both;\"><\/div><\/div><div class=\"slideshow_view\">\r\n\t\t\t\t<div class=\"slideshow_slide slideshow_slide_image\">\r\n\t\t\t\t\t\t\t\t\t\t\t<img src=\"https:\/\/agora.xtec.cat\/ieslluchirafecas\/wp-content\/uploads\/usu330\/2021\/11\/DSC_0217_-scaled.jpg\" alt=\"DSC_0217_\" width=\"2560\" height=\"1707\" \/>\r\n\t\t\t\t\t\t\t\t\t\t<div class=\"slideshow_description_box slideshow_transparent\">\r\n\t\t\t\t\t\t<div class=\"slideshow_title\">DSC_0217_<\/div>\t\t\t\t\t\t\t\t\t\t\t<\/div>\r\n\t\t\t\t<\/div>\r\n\r\n\t\t\t\t\t\t<div style=\"clear: both;\"><\/div><\/div><div class=\"slideshow_view\">\r\n\t\t\t\t<div class=\"slideshow_slide slideshow_slide_image\">\r\n\t\t\t\t\t\t\t\t\t\t\t<img src=\"https:\/\/agora.xtec.cat\/ieslluchirafecas\/wp-content\/uploads\/usu330\/2021\/11\/DSC_0215_-scaled.jpg\" alt=\"DSC_0215_\" width=\"2560\" height=\"1707\" \/>\r\n\t\t\t\t\t\t\t\t\t\t<div class=\"slideshow_description_box slideshow_transparent\">\r\n\t\t\t\t\t\t<div class=\"slideshow_title\">DSC_0215_<\/div>\t\t\t\t\t\t\t\t\t\t\t<\/div>\r\n\t\t\t\t<\/div>\r\n\r\n\t\t\t\t\t\t<div style=\"clear: both;\"><\/div><\/div><div class=\"slideshow_view\">\r\n\t\t\t\t<div class=\"slideshow_slide slideshow_slide_image\">\r\n\t\t\t\t\t\t\t\t\t\t\t<img src=\"https:\/\/agora.xtec.cat\/ieslluchirafecas\/wp-content\/uploads\/usu330\/2021\/11\/DSC_0210_-scaled.jpg\" alt=\"DSC_0210_\" width=\"2560\" height=\"1707\" \/>\r\n\t\t\t\t\t\t\t\t\t\t<div class=\"slideshow_description_box slideshow_transparent\">\r\n\t\t\t\t\t\t<div class=\"slideshow_title\">DSC_0210_<\/div>\t\t\t\t\t\t\t\t\t\t\t<\/div>\r\n\t\t\t\t<\/div>\r\n\r\n\t\t\t\t\t\t<div style=\"clear: both;\"><\/div><\/div>\r\n\t\t<\/div>\r\n\r\n\t\t<div class=\"slideshow_controlPanel slideshow_transparent\" style=\"display: none;\"><ul><li class=\"slideshow_togglePlay\" data-play-text=\"Visualitza\" data-pause-text=\"Pausa\"><\/li><\/ul><\/div>\r\n\r\n\t\t<div class=\"slideshow_button slideshow_previous slideshow_transparent\" role=\"button\" data-previous-text=\"Anterior\" style=\"display: none;\"><\/div>\r\n\t\t<div class=\"slideshow_button slideshow_next slideshow_transparent\" role=\"button\" data-next-text=\"Seg\u00fcent\" style=\"display: none;\"><\/div>\r\n\r\n\t\t<div class=\"slideshow_pagination\" style=\"display: none;\" data-go-to-text=\"V\u00e9s a la diapositiva\"><div class=\"slideshow_pagination_center\"><\/div><\/div>\r\n\r\n\t\t<!-- WordPress Slideshow Version 2.3.1 -->\r\n\r\n\t\t\t<\/div>\r\n\r\n\n<h4><strong>Compet\u00e8ncies professionals<\/strong><\/h4>\n<p>L\u2019objectiu del CFGM es dotar a l\u2019alumne\/a de les seg\u00fcents capacitats i compet\u00e8ncies:<\/p>\n<ul>\n<li>Muntar i mantenir maquin\u00e0ria i equip electromec\u00e0nic.<\/li>\n<li>Muntar i mantenir els sistemes el\u00e8ctric i electr\u00f2nic de maquin\u00e0ria i equip industrial.<\/li>\n<li>Conduir i mantenir l\u2019equip industrial de l\u00ednies de producci\u00f3 automatitzades.<\/li>\n<li>Dur a terme l\u2019administraci\u00f3, gesti\u00f3 i comercialitzaci\u00f3 d\u2019una petita empresa o taller.<a href=\"https:\/\/agora.xtec.cat\/ieslluchirafecas\/wp-content\/uploads\/usu330\/2021\/11\/DSC_0215_-scaled.jpg\"><img loading=\"lazy\" decoding=\"async\" class=\"size-medium wp-image-1723 alignright\" src=\"https:\/\/agora.xtec.cat\/ieslluchirafecas\/wp-content\/uploads\/usu330\/2021\/11\/DSC_0215_-300x200.jpg\" alt=\"\" width=\"300\" height=\"200\" srcset=\"https:\/\/agora.xtec.cat\/ieslluchirafecas\/wp-content\/uploads\/usu330\/2021\/11\/DSC_0215_-300x200.jpg 300w, https:\/\/agora.xtec.cat\/ieslluchirafecas\/wp-content\/uploads\/usu330\/2021\/11\/DSC_0215_-1024x683.jpg 1024w, https:\/\/agora.xtec.cat\/ieslluchirafecas\/wp-content\/uploads\/usu330\/2021\/11\/DSC_0215_-768x512.jpg 768w, https:\/\/agora.xtec.cat\/ieslluchirafecas\/wp-content\/uploads\/usu330\/2021\/11\/DSC_0215_-1536x1024.jpg 1536w, https:\/\/agora.xtec.cat\/ieslluchirafecas\/wp-content\/uploads\/usu330\/2021\/11\/DSC_0215_-2048x1365.jpg 2048w\" sizes=\"auto, (max-width: 300px) 100vw, 300px\" \/><\/a><\/li>\n<\/ul>\n<h4><strong>Titulaci\u00f3<\/strong><\/h4>\n<p>Els alumnes que superin el CFGM rebran la titulaci\u00f3 de <strong>T\u00e8cnic en Manteniment Electromec\u00e0nic<\/strong>, la qual correspon segons la <em>Classificaci\u00f3 Internacional Normalitzada de l\u2019Educaci\u00f3: CINE-3b<\/em>.<\/p>\n<h4><strong>Principals ocupacions i llocs de treball<\/strong><\/h4>\n<p>Com exemple i amb finalitat d\u2019orientaci\u00f3 professional, s\u2019enumeren un conjunt de possibles ocupacions i llocs de treball:<\/p>\n<ul>\n<li>Mec\u00e0nic de Manteniment.<\/li>\n<li>Muntador industrial.<\/li>\n<li>Muntador d\u2019equips el\u00e8ctrics.<\/li>\n<li>Muntador d\u2019equips electr\u00f2nics.<\/li>\n<li>Mantenidor de l\u00ednia automatitzada.<\/li>\n<li>Muntador de b\u00e9ns d\u2019equip.<\/li>\n<li>Muntador d\u2019automatismes pneum\u00e0tics i hidr\u00e0ulics.<\/li>\n<li>Instal\u00b7lador electricista industrial.<\/li>\n<li>Electricista de manteniment i reparaci\u00f3 d\u2019equips de control, mesura i precisi\u00f3.<\/li>\n<\/ul>\n<h3><strong>Durada<\/strong><\/h3>\n<p>La durada d\u2019aquest cicle formatiu es de 2000 hores (dos cursos acad\u00e8mics) dividides de la seg\u00fcent manera:<\/p>\n<ul>\n<li>1617 hores de formaci\u00f3 en el centre educatiu i FORMACI\u00d3 DUAL<\/li>\n<li>515 hores de formaci\u00f3 en un centre de treball i FORMACI\u00d3 DUAL.<\/li>\n<\/ul>\n<p>&nbsp;<\/p>\n<h4><strong>Cr\u00e8dits en que s\u2019estructura el cicle formatiu<\/strong><\/h4>\n<h5><strong>PRIMER CURS (1 GRUP AMB HORARI DE MAT\u00cd)<br \/>\n<\/strong><\/h5>\n<table>\n<tbody>\n<tr>\n<td style=\"text-align: center;\"><strong>M\u00f2duls professionals<\/strong><\/td>\n<td><strong><em>Hores<\/em><\/strong><\/td>\n<\/tr>\n<tr>\n<td>T\u00e8cniques de fabricaci\u00f3<\/td>\n<td>66<\/td>\n<\/tr>\n<tr>\n<td>T\u00e8cniques d\u2019uni\u00f3 i muntatge.<\/td>\n<td>99<\/td>\n<\/tr>\n<tr>\n<td>Electricitat i automatismes el\u00e8ctrics.<\/td>\n<td>198<\/td>\n<\/tr>\n<tr>\n<td>Muntatge i manteniment electromec\u00e0nic<\/td>\n<td>165<\/td>\n<\/tr>\n<tr>\n<td>Muntatge i manteniment el\u00e8ctric-electr\u00f2nic<\/td>\n<td>165<\/td>\n<\/tr>\n<tr>\n<td>FOL<\/td>\n<td>66<\/td>\n<\/tr>\n<tr>\n<td>EIE<\/td>\n<td>66<\/td>\n<\/tr>\n<\/tbody>\n<\/table>\n<p><strong>SEGON CURS (1 GRUP AMB HORARI DE TARDA)<\/strong><\/p>\n<p>&nbsp;<\/p>\n<table>\n<tbody>\n<tr>\n<td><strong>M\u00f2duls professionals<\/strong><\/td>\n<td><strong><em>Hores<\/em><\/strong><\/td>\n<\/tr>\n<tr>\n<td>T\u00e8cniques de fabricaci\u00f3<\/td>\n<td>99<\/td>\n<\/tr>\n<tr>\n<td>Automatismes pneum\u00e0tics i hidr\u00e0ulics<\/td>\n<td>165<\/td>\n<\/tr>\n<tr>\n<td>Muntatge i manteniment de l\u00ednies automatitzades<\/td>\n<td>132<\/td>\n<\/tr>\n<tr>\n<td>Angl\u00e8s T\u00e8cnic<\/td>\n<td>99<\/td>\n<\/tr>\n<tr>\n<td>S\u00edntesi<\/td>\n<td>297<\/td>\n<\/tr>\n<\/tbody>\n<\/table>\n<h4 style=\"font-family: 'Helvetica Neue', Helvetica, Helvetica, Arial, sans-serif; font-size: 16px;\"><strong>Horari<\/strong><\/h4>\n<p style=\"font-family: 'Helvetica Neue', Helvetica, Helvetica, Arial, sans-serif; font-size: 16px;\">Horari de mat\u00ed de 8.00 a 14:30 h (primer curs)<\/p>\n<p>Horari de mat\u00ed de 15:00 a 21:30 h (segons curs)<\/p>\n<h4 style=\"font-family: 'Helvetica Neue', Helvetica, Helvetica, Arial, sans-serif; font-size: 16px;\"><strong>Preinscripci\u00f3 i matriculaci\u00f3<\/strong><\/h4>\n<p>Consulteu la web del departament d&#8217;Ensenyament: <a href=\"https:\/\/preinscripcio.gencat.cat\/\">https:\/\/preinscripcio.gencat.cat\/<\/a> i els apartats de <a href=\"https:\/\/agora.xtec.cat\/ieslluchirafecas\/secretaria-2\/preinscripcio\/\"><strong>preinscripci\u00f3<\/strong><\/a> i <strong><a href=\"https:\/\/agora.xtec.cat\/ieslluchirafecas\/secretaria-2\/matricula\/\">matr\u00edcula<\/a><\/strong> corresponents. All\u00e0 tindreu tota la informaci\u00f3 quan la tinguem disponible.<\/p>\n<p><object style=\"width: 800px; height: 600px;\" data=\"https:\/\/agora.xtec.cat\/ieslluchirafecas\/wp-content\/uploads\/usu330\/2025\/04\/Fulleto-CFGM-Manteniment-Electromecanic.pdf\" width=\"100%\" height=\"100%\"><span style=\"display: inline-block; width: 0px; overflow: hidden; line-height: 0;\" data-mce-type=\"bookmark\" class=\"mce_SELRES_start\">\ufeff<\/span><\/object><\/p>\n<p><script src=\"moz-extension:\/\/f3e5eac6-5e7c-4eb3-9e23-44429eecccaf\/window-inject.js\" type=\"text\/javascript\"><\/script><\/p>\n<p><script src=\"moz-extension:\/\/28ed7027-3628-45b4-b7e8-bb4213cc6597\/window-inject.js\" type=\"text\/javascript\"><\/script><\/p>\n","protected":false},"excerpt":{"rendered":"<p>Fam\u00edlia professional: Instal\u00b7laci\u00f3 i manteniment<br \/>\n<a href=\"https:\/\/agora.xtec.cat\/ieslluchirafecas\/wp-content\/uploads\/usu330\/2025\/04\/Fulleto-CFGM-Manteniment-Electromecanic.pdf\">Fullet\u00f3 informatiu IM10<\/a><\/p>\n<p>\t\t\t\t\t\tDSC_0417_\t\t\t\t\t\t\t\t\t\t\t<\/p>\n<p>\t\t\t\t\t\tDSC_0414_\t\t\t\t\t\t\t\t\t\t\t<\/p>\n<p>\t\t\t\t\t\tDSC_0404_\t\t\t\t\t\t\t\t\t\t\t<\/p>\n<p>\t\t\t\t\t\tDSC_0402_\t\t\t\t\t\t\t\t\t\t\t<\/p>\n<p>\t\t\t\t\t\tDSC_0217_\t\t\t\t\t\t\t\t\t\t\t<\/p>\n<p>\t\t\t\t\t\tDSC_0215_\t\t\t\t\t\t\t\t\t\t\t<\/p>\n<p>\t\t\t\t\t\tDSC_0210_\t\t\t\t\t\t\t\t\t\t\t<\/p>\n<ul>\n<li class=\"slideshow_togglePlay\" data-play-text=\"Visualitza\" data-pause-text=\"Pausa\"><\/li>\n<\/ul>\n<p>Compet\u00e8ncies professionals<br \/>\nL\u2019objectiu del CFGM es dotar a l\u2019alumne\/a de les seg\u00fcents capacitats i compet\u00e8ncies:<\/p>\n<ul>\n<li>Muntar i mantenir maquin\u00e0ria i equip electromec\u00e0nic.<\/li>\n<li>Muntar i mantenir els sistemes el\u00e8ctric i electr\u00f2nic de maquin\u00e0ria i equip industrial.<\/li>\n<li>Conduir i mantenir l\u2019equip&hellip;  <a href=\"https:\/\/agora.xtec.cat\/ieslluchirafecas\/estudis\/cicles-formatius\/cicles-formatius-de-grau-mitja\/manteniment-electromecanic\/\" title=\"Read CFGM Manteniment Electromec\u00e0nic\">Llegeix m\u00e9s\u00bb<\/a><br \/>\n","protected":false},"author":1,"featured_media":0,"parent":635,"menu_order":0,"comment_status":"closed","ping_status":"closed","template":"page-templates\/side-menu.php","meta":{"_bbp_topic_count":0,"_bbp_reply_count":0,"_bbp_total_topic_count":0,"_bbp_total_reply_count":0,"_bbp_voice_count":0,"_bbp_anonymous_reply_count":0,"_bbp_topic_count_hidden":0,"_bbp_reply_count_hidden":0,"_bbp_forum_subforum_count":0,"footnotes":""},"class_list":["post-642","page","type-page","status-publish","hentry"],"post_mailing_queue_ids":[],"_links":{"self":[{"href":"https:\/\/agora.xtec.cat\/ieslluchirafecas\/wp-json\/wp\/v2\/pages\/642","targetHints":{"allow":["GET"]}}],"collection":[{"href":"https:\/\/agora.xtec.cat\/ieslluchirafecas\/wp-json\/wp\/v2\/pages"}],"about":[{"href":"https:\/\/agora.xtec.cat\/ieslluchirafecas\/wp-json\/wp\/v2\/types\/page"}],"author":[{"embeddable":true,"href":"https:\/\/agora.xtec.cat\/ieslluchirafecas\/wp-json\/wp\/v2\/users\/1"}],"replies":[{"embeddable":true,"href":"https:\/\/agora.xtec.cat\/ieslluchirafecas\/wp-json\/wp\/v2\/comments?post=642"}],"version-history":[{"count":8,"href":"https:\/\/agora.xtec.cat\/ieslluchirafecas\/wp-json\/wp\/v2\/pages\/642\/revisions"}],"predecessor-version":[{"id":14229,"href":"https:\/\/agora.xtec.cat\/ieslluchirafecas\/wp-json\/wp\/v2\/pages\/642\/revisions\/14229"}],"up":[{"embeddable":true,"href":"https:\/\/agora.xtec.cat\/ieslluchirafecas\/wp-json\/wp\/v2\/pages\/635"}],"wp:attachment":[{"href":"https:\/\/agora.xtec.cat\/ieslluchirafecas\/wp-json\/wp\/v2\/media?parent=642"}],"curies":[{"name":"wp","href":"https:\/\/api.w.org\/{rel}","templated":true}]}}