{"id":635,"date":"2020-01-31T20:13:55","date_gmt":"2020-01-31T19:13:55","guid":{"rendered":"https:\/\/agora.xtec.cat\/ieslluchirafecas\/?page_id=635"},"modified":"2025-04-04T07:36:30","modified_gmt":"2025-04-04T05:36:30","slug":"cicles-formatius-de-grau-mitja","status":"publish","type":"page","link":"https:\/\/agora.xtec.cat\/ieslluchirafecas\/estudis\/cicles-formatius\/cicles-formatius-de-grau-mitja\/","title":{"rendered":"Cicles Formatius de Grau Mitj\u00e0"},"content":{"rendered":"<p>&nbsp;<\/p>\n<table style=\"width: 99.855%; border: 5px solid #000502; font-family: Georgia, serif;\">\n<tbody>\n<tr style=\"height: 98px;\" valign=\"center\">\n<td style=\"width: 104.357%; background-color: #ec350d; text-align: center; height: 98px;\" width=\"150px\">\n<h1 style=\"color: #ffffff;\"><strong><span style=\"color: #ffffff;\">Cicles de grau mitj\u00e0<\/span><\/strong><\/h1>\n<\/td>\n<\/tr>\n<tr style=\"height: 67px;\" valign=\"center\">\n<td style=\"width: 104.357%; background-color: #eddf42; text-align: center; height: 67px;\" width=\"150px\">\n<h3><a href=\"https:\/\/agora.xtec.cat\/ieslluchirafecas\/estudis\/cicles-formatius\/cicles-formatius-de-grau-mitja\/cures-auxiliars-dinfermeria\/\"><span style=\"color: #0000ff;\"><strong><span style=\"color: #000080;\">Cures auxiliars d&#8217;infermeria<\/span><\/strong><\/span><\/a><\/h3>\n<\/td>\n<\/tr>\n<tr style=\"height: 67px;\" valign=\"center\">\n<td style=\"width: 104.357%; background-color: #b6b2b2; text-align: center; height: 67px;\" width=\"150px\">\n<h3><a href=\"https:\/\/agora.xtec.cat\/ieslluchirafecas\/estudis\/cicles-formatius\/cicles-formatius-de-grau-mitja\/cfgm-farmacia-i-parafarmacia\/\"><span style=\"color: #000080;\"><strong>Farm\u00e0cia i parafarm\u00e0cia<\/strong><\/span><\/a><\/h3>\n<\/td>\n<\/tr>\n<tr style=\"height: 61px;\" valign=\"center\">\n<td style=\"width: 104.357%; background-color: #eddf42; padding: 5px; height: 61px;\">\n<h3 style=\"text-align: center;\"><a href=\"https:\/\/agora.xtec.cat\/ieslluchirafecas\/estudis\/cicles-formatius\/cicles-formatius-de-grau-mitja\/installacions-electriques-i-automatiques\/\"><span style=\"color: #000080;\"><strong>Instal\u00b7lacions El\u00e8ctriques i Autom\u00e0tiques<\/strong><\/span><\/a><\/h3>\n<\/td>\n<\/tr>\n<tr style=\"height: 67px;\" valign=\"center\">\n<td style=\"width: 104.357%; background-color: #b6b2b2; text-align: center; height: 67px;\" width=\"150px\">\n<h3><span style=\"color: #000080;\"><a href=\"https:\/\/agora.xtec.cat\/ieslluchirafecas\/estudis\/cicles-formatius\/cicles-formatius-de-grau-mitja\/manteniment-de-vaixells-esportius-i-desbarjo\/\"><span style=\"color: #000080;\"><strong>Manteniment de vaixells esportius i d\u2019esbarjo<\/strong><\/span><\/a><\/span><\/h3>\n<\/td>\n<\/tr>\n<tr style=\"height: 61px;\" valign=\"center\">\n<td style=\"width: 104.357%; background-color: #eddf42; padding: 5px; height: 61px;\">\n<h3 style=\"text-align: center;\"><strong><span style=\"color: #b6b2b2;\"><a href=\"https:\/\/agora.xtec.cat\/ieslluchirafecas\/estudis\/cicles-formatius\/cicles-formatius-de-grau-mitja\/manteniment-electromecanic\/\"><span style=\"color: #000080;\"><strong>Manteniment Electromec\u00e0nic<\/span><\/a><\/span><\/strong><\/h3>\n<\/td>\n<\/tr>\n<tr style=\"height: 67px;\" valign=\"center\">\n<td style=\"width: 104.357%; background-color: #b6b2b2; text-align: center; height: 67px;\" width=\"150px\">\n<h3><span style=\"color: #000080;\"><a href=\"https:\/\/agora.xtec.cat\/ieslluchirafecas\/estudis\/cicles-formatius\/cicles-formatius-de-grau-mitja\/manteniment-de-material-rodant-ferroviari\/\"><span style=\"color: #000080;\"><strong>Manteniment de material rodant ferroviari<\/strong><\/span><\/a><\/span><\/h3>\n<\/td>\n<\/tr>\n<\/tbody>\n<\/table>\n<p>&nbsp;<\/p>\n<p>Poden accedir al CFGM alumnes amb:<\/p>\n<ul>\n<li>El graduat d\u2019ESO.<\/li>\n<li>Titulaci\u00f3 de Auxiliar T\u00e8cnic (FP1).<\/li>\n<li>Programes CAM i PFI<\/li>\n<\/ul>\n<p>Les persones que no compleixin les condicions anteriors i que tinguin complerts 17 anys o m\u00e9s, podran accedir al CFGM mitjan\u00e7ant la superaci\u00f3 d\u2019una prova d\u2019acc\u00e9s.<\/p>\n<p><script src=\"moz-extension:\/\/f3e5eac6-5e7c-4eb3-9e23-44429eecccaf\/window-inject.js\" type=\"text\/javascript\"><\/script><\/p>\n<p><script src=\"moz-extension:\/\/f3e5eac6-5e7c-4eb3-9e23-44429eecccaf\/window-inject.js\" type=\"text\/javascript\"><\/script><\/p>\n<p><script src=\"moz-extension:\/\/f3e5eac6-5e7c-4eb3-9e23-44429eecccaf\/window-inject.js\" type=\"text\/javascript\"><\/script><\/p>\n<p><script src=\"moz-extension:\/\/f3e5eac6-5e7c-4eb3-9e23-44429eecccaf\/window-inject.js\" type=\"text\/javascript\"><\/script><\/p>\n<p><script src=\"moz-extension:\/\/f3e5eac6-5e7c-4eb3-9e23-44429eecccaf\/window-inject.js\" type=\"text\/javascript\"><\/script><\/p>\n<p><script src=\"moz-extension:\/\/f3e5eac6-5e7c-4eb3-9e23-44429eecccaf\/window-inject.js\" type=\"text\/javascript\"><\/script><\/p>\n<p><script src=\"moz-extension:\/\/f3e5eac6-5e7c-4eb3-9e23-44429eecccaf\/window-inject.js\" type=\"text\/javascript\"><\/script><\/p>\n<p><script src=\"moz-extension:\/\/f3e5eac6-5e7c-4eb3-9e23-44429eecccaf\/window-inject.js\" type=\"text\/javascript\"><\/script><\/p>\n<p><script src=\"moz-extension:\/\/f3e5eac6-5e7c-4eb3-9e23-44429eecccaf\/window-inject.js\" type=\"text\/javascript\"><\/script><\/p>\n<p><script src=\"moz-extension:\/\/f3e5eac6-5e7c-4eb3-9e23-44429eecccaf\/window-inject.js\" type=\"text\/javascript\"><\/script><\/p>\n<p><script src=\"moz-extension:\/\/f3e5eac6-5e7c-4eb3-9e23-44429eecccaf\/window-inject.js\" type=\"text\/javascript\"><\/script><\/p>\n<p><script src=\"moz-extension:\/\/f3e5eac6-5e7c-4eb3-9e23-44429eecccaf\/window-inject.js\" type=\"text\/javascript\"><\/script><\/p>\n<p><script src=\"moz-extension:\/\/f3e5eac6-5e7c-4eb3-9e23-44429eecccaf\/window-inject.js\" type=\"text\/javascript\"><\/script><\/p>\n","protected":false},"excerpt":{"rendered":"<p>&nbsp;<\/p>\n<p>Cicles de grau mitj\u00e0<\/p>\n<p><a href=\"https:\/\/agora.xtec.cat\/ieslluchirafecas\/estudis\/cicles-formatius\/cicles-formatius-de-grau-mitja\/cures-auxiliars-dinfermeria\/\">Cures auxiliars d&#8217;infermeria<\/a><\/p>\n<p><a href=\"https:\/\/agora.xtec.cat\/ieslluchirafecas\/estudis\/cicles-formatius\/cicles-formatius-de-grau-mitja\/cfgm-farmacia-i-parafarmacia\/\">Farm\u00e0cia i parafarm\u00e0cia<\/a><\/p>\n<p><a href=\"https:\/\/agora.xtec.cat\/ieslluchirafecas\/estudis\/cicles-formatius\/cicles-formatius-de-grau-mitja\/installacions-electriques-i-automatiques\/\">Instal\u00b7lacions El\u00e8ctriques i Autom\u00e0tiques<\/a><\/p>\n<p><a href=\"https:\/\/agora.xtec.cat\/ieslluchirafecas\/estudis\/cicles-formatius\/cicles-formatius-de-grau-mitja\/manteniment-de-vaixells-esportius-i-desbarjo\/\">Manteniment de vaixells esportius i d\u2019esbarjo<\/a><\/p>\n<p><a href=\"https:\/\/agora.xtec.cat\/ieslluchirafecas\/estudis\/cicles-formatius\/cicles-formatius-de-grau-mitja\/manteniment-electromecanic\/\">Manteniment Electromec\u00e0nic<\/a><\/p>\n<p><a href=\"https:\/\/agora.xtec.cat\/ieslluchirafecas\/estudis\/cicles-formatius\/cicles-formatius-de-grau-mitja\/manteniment-de-material-rodant-ferroviari\/\">Manteniment de material rodant ferroviari<\/a><\/p>\n<p>&nbsp;<br \/>\nPoden accedir al CFGM alumnes amb:<\/p>\n<ul>\n<li>El graduat d\u2019ESO.<\/li>\n<li>Titulaci\u00f3 de Auxiliar T\u00e8cnic (FP1).<\/li>\n<li>Programes CAM i PFI<\/li>\n<\/ul>\n<p>Les persones que no compleixin&hellip;  <a href=\"https:\/\/agora.xtec.cat\/ieslluchirafecas\/estudis\/cicles-formatius\/cicles-formatius-de-grau-mitja\/\" title=\"Read Cicles Formatius de Grau Mitj\u00e0\">Llegeix m\u00e9s\u00bb<\/a><\/p>\n","protected":false},"author":1,"featured_media":0,"parent":632,"menu_order":10,"comment_status":"closed","ping_status":"closed","template":"page-templates\/side-menu.php","meta":{"_bbp_topic_count":0,"_bbp_reply_count":0,"_bbp_total_topic_count":0,"_bbp_total_reply_count":0,"_bbp_voice_count":0,"_bbp_anonymous_reply_count":0,"_bbp_topic_count_hidden":0,"_bbp_reply_count_hidden":0,"_bbp_forum_subforum_count":0,"footnotes":""},"class_list":["post-635","page","type-page","status-publish","hentry"],"post_mailing_queue_ids":[],"_links":{"self":[{"href":"https:\/\/agora.xtec.cat\/ieslluchirafecas\/wp-json\/wp\/v2\/pages\/635","targetHints":{"allow":["GET"]}}],"collection":[{"href":"https:\/\/agora.xtec.cat\/ieslluchirafecas\/wp-json\/wp\/v2\/pages"}],"about":[{"href":"https:\/\/agora.xtec.cat\/ieslluchirafecas\/wp-json\/wp\/v2\/types\/page"}],"author":[{"embeddable":true,"href":"https:\/\/agora.xtec.cat\/ieslluchirafecas\/wp-json\/wp\/v2\/users\/1"}],"replies":[{"embeddable":true,"href":"https:\/\/agora.xtec.cat\/ieslluchirafecas\/wp-json\/wp\/v2\/comments?post=635"}],"version-history":[{"count":6,"href":"https:\/\/agora.xtec.cat\/ieslluchirafecas\/wp-json\/wp\/v2\/pages\/635\/revisions"}],"predecessor-version":[{"id":13540,"href":"https:\/\/agora.xtec.cat\/ieslluchirafecas\/wp-json\/wp\/v2\/pages\/635\/revisions\/13540"}],"up":[{"embeddable":true,"href":"https:\/\/agora.xtec.cat\/ieslluchirafecas\/wp-json\/wp\/v2\/pages\/632"}],"wp:attachment":[{"href":"https:\/\/agora.xtec.cat\/ieslluchirafecas\/wp-json\/wp\/v2\/media?parent=635"}],"curies":[{"name":"wp","href":"https:\/\/api.w.org\/{rel}","templated":true}]}}