{"id":1970,"date":"2022-01-27T15:46:57","date_gmt":"2022-01-27T14:46:57","guid":{"rendered":"https:\/\/agora.xtec.cat\/ieslluchirafecas\/?page_id=1970"},"modified":"2022-09-30T16:59:15","modified_gmt":"2022-09-30T14:59:15","slug":"secretaria-2","status":"publish","type":"page","link":"https:\/\/agora.xtec.cat\/ieslluchirafecas\/secretaria-2\/","title":{"rendered":"Secretaria"},"content":{"rendered":"<p>Consulteu els apartats d&#8217;aquesta secci\u00f3:<a href=\"https:\/\/agora.xtec.cat\/ieslluchirafecas\/wp-content\/uploads\/usu330\/2022\/09\/secretary.png\"><img loading=\"lazy\" decoding=\"async\" class=\"wp-image-2774 alignright\" src=\"https:\/\/agora.xtec.cat\/ieslluchirafecas\/wp-content\/uploads\/usu330\/2022\/09\/secretary.png\" alt=\"\" width=\"134\" height=\"134\" srcset=\"https:\/\/agora.xtec.cat\/ieslluchirafecas\/wp-content\/uploads\/usu330\/2022\/09\/secretary.png 512w, https:\/\/agora.xtec.cat\/ieslluchirafecas\/wp-content\/uploads\/usu330\/2022\/09\/secretary-300x300.png 300w, https:\/\/agora.xtec.cat\/ieslluchirafecas\/wp-content\/uploads\/usu330\/2022\/09\/secretary-150x150.png 150w\" sizes=\"auto, (max-width: 134px) 100vw, 134px\" \/><\/a><\/p>\n<ul>\n<li><a href=\"https:\/\/agora.xtec.cat\/ieslluchirafecas\/secretaria-2\/atencio-al-public\/\">Atenci\u00f3 al p\u00fablic<\/a><\/li>\n<li><a href=\"https:\/\/agora.xtec.cat\/ieslluchirafecas\/secretaria-2\/preinscripcio\/\">Preinscripci\u00f3. <\/a>S&#8217;actualitza quan el Departament d&#8217;educaci\u00f3 ens proporciona les instruccions per a la propera obertura del per\u00edode de preinscripci\u00f3.<\/li>\n<li><a href=\"https:\/\/agora.xtec.cat\/ieslluchirafecas\/secretaria-2\/matricula\/\">Matr\u00edcula<\/a>. S&#8217;actualitza quan el Departament d&#8217;educaci\u00f3 ens proporciona les instruccions per a la propera obertura del per\u00edode de matr\u00edcula.<\/li>\n<li><a href=\"https:\/\/agora.xtec.cat\/ieslluchirafecas\/categoria\/gestions-secretaria\/\">Gestions secretaria<\/a><\/li>\n<\/ul>\n","protected":false},"excerpt":{"rendered":"<p>Consulteu els apartats d&#8217;aquesta secci\u00f3:<a href=\"https:\/\/agora.xtec.cat\/ieslluchirafecas\/wp-content\/uploads\/usu330\/2022\/09\/secretary.png\"><\/a><\/p>\n<ul>\n<li><a href=\"https:\/\/agora.xtec.cat\/ieslluchirafecas\/secretaria-2\/atencio-al-public\/\">Atenci\u00f3 al p\u00fablic<\/a><\/li>\n<li><a href=\"https:\/\/agora.xtec.cat\/ieslluchirafecas\/secretaria-2\/preinscripcio\/\">Preinscripci\u00f3. <\/a>S&#8217;actualitza quan el Departament d&#8217;educaci\u00f3 ens proporciona les instruccions per a la propera obertura del per\u00edode de preinscripci\u00f3.<\/li>\n<li><a href=\"https:\/\/agora.xtec.cat\/ieslluchirafecas\/secretaria-2\/matricula\/\">Matr\u00edcula<\/a>. S&#8217;actualitza quan el Departament d&#8217;educaci\u00f3 ens proporciona les instruccions per a la propera obertura del per\u00edode&hellip;  <a href=\"https:\/\/agora.xtec.cat\/ieslluchirafecas\/secretaria-2\/\" title=\"Read Secretaria\">Llegeix m\u00e9s\u00bb<\/a><br \/>\n","protected":false},"author":1,"featured_media":0,"parent":0,"menu_order":0,"comment_status":"closed","ping_status":"closed","template":"page-templates\/side-menu.php","meta":{"_bbp_topic_count":0,"_bbp_reply_count":0,"_bbp_total_topic_count":0,"_bbp_total_reply_count":0,"_bbp_voice_count":0,"_bbp_anonymous_reply_count":0,"_bbp_topic_count_hidden":0,"_bbp_reply_count_hidden":0,"_bbp_forum_subforum_count":0,"footnotes":""},"class_list":["post-1970","page","type-page","status-publish","hentry"],"post_mailing_queue_ids":[],"_links":{"self":[{"href":"https:\/\/agora.xtec.cat\/ieslluchirafecas\/wp-json\/wp\/v2\/pages\/1970","targetHints":{"allow":["GET"]}}],"collection":[{"href":"https:\/\/agora.xtec.cat\/ieslluchirafecas\/wp-json\/wp\/v2\/pages"}],"about":[{"href":"https:\/\/agora.xtec.cat\/ieslluchirafecas\/wp-json\/wp\/v2\/types\/page"}],"author":[{"embeddable":true,"href":"https:\/\/agora.xtec.cat\/ieslluchirafecas\/wp-json\/wp\/v2\/users\/1"}],"replies":[{"embeddable":true,"href":"https:\/\/agora.xtec.cat\/ieslluchirafecas\/wp-json\/wp\/v2\/comments?post=1970"}],"version-history":[{"count":3,"href":"https:\/\/agora.xtec.cat\/ieslluchirafecas\/wp-json\/wp\/v2\/pages\/1970\/revisions"}],"predecessor-version":[{"id":2775,"href":"https:\/\/agora.xtec.cat\/ieslluchirafecas\/wp-json\/wp\/v2\/pages\/1970\/revisions\/2775"}],"wp:attachment":[{"href":"https:\/\/agora.xtec.cat\/ieslluchirafecas\/wp-json\/wp\/v2\/media?parent=1970"}],"curies":[{"name":"wp","href":"https:\/\/api.w.org\/{rel}","templated":true}]}}