{"id":14021,"date":"2025-09-02T17:39:49","date_gmt":"2025-09-02T15:39:49","guid":{"rendered":"https:\/\/agora.xtec.cat\/ieslluchirafecas\/?page_id=14021"},"modified":"2025-11-20T11:56:54","modified_gmt":"2025-11-20T10:56:54","slug":"llibres-ccff","status":"publish","type":"page","link":"https:\/\/agora.xtec.cat\/ieslluchirafecas\/estudis\/cicles-formatius\/llibres-ccff\/","title":{"rendered":"Llibres CCFF"},"content":{"rendered":"<p>Llibres <strong>recomanats<\/strong> pel professorat de Cicles Formatius dels diferents m\u00f2duls:<\/p>\n<h5>CFGM IM10 Manteniment electromec\u00e0nic<\/h5>\n<p>Es recomana pel seguiment la compra dels llibres:<\/p>\n<ul>\n<li>\n<div>M\u00f2dul 0951 1r Curs:<\/div>\n<ul>\n<li>\n<div>Curs 25-26: Electricidad y automatismos el\u00e9ctricos 2.\u00aa edici\u00f3n 2025 (Instalaci\u00f3n y Mantenimiento &#8211;\u00a0 ISBN: 978-8428366588\u00a0 Editorial Paraninfo<\/div>\n<\/li>\n<li>\n<div>NOTA: L&#8217;alumnat repetidor, opcionalment pot\u00a0fer servir\u00a0 el llibre del curs passat :\u00a0\u00a0Electricidad y Automatismos El\u00e9ctricos (Instalaci\u00f3n y Mantenimiento) &#8211; ISBN: 978-8497324540\u00a0 \u00a0Editorial Paraninfo<\/div>\n<\/li>\n<\/ul>\n<\/li>\n<li>M\u00f3dulo 0953: Muntatge i manteniment. Libro 9788413660905 Editorial PARANINFO<\/li>\n<li><span id=\"m_-119426475182523593gmail-t-p-f\">MONTAJE Y MANTENIMIENTO EL\u00c9CTRICO-ELECTR\u00d3NICO. ISBN: 9788413573373. <\/span>GORKA SAN JUAN RODRIGUEZ. Sintesis<\/li>\n<li>M\u00f3dulo 0954: Montaje y mantenimiento el\u00e9ctrico-electr\u00f3nico (Instalaci\u00f3n y Mantenimiento)\u00a0ISBN\u00a0 978-8428344883 \u00a0Editorial PARANINFO<\/li>\n<\/ul>\n<h5>CFGM EE10 Instal\u00b7lacions el\u00e8ctriques i autom\u00e0tiques<\/h5>\n<p>Es recomana pel seguiment del m\u00f2dul la compra dels llibres:<\/p>\n<p>Primer curs:<\/p>\n<ul>\n<li>M\u00f2dul 0233 Electr\u00f2nica:\u00a0<b><span id=\"m_2334239423428581062gmail-docs-internal-guid-1018e1a5-7fff-0da7-33b3-7922f4f334bc\">Alcalde San Miguel, Pablo (2022). <i>Electr\u00f3nica<\/i><\/span>. Paraninfo. (ISBN 978-84-1366-152-0)<\/b><\/li>\n<li>\n<div>M\u00f2dul 0237 Infraestructures comunes de telecomunicaci\u00f3 en habitatges i edificis<b>. <\/b>Paraninfo. <strong>Infraestructures comunes de telecomunicaci\u00f3 en habitatges i edificis Ed. 2021<\/strong><br \/>\n<strong>ISBN 9788413661841. TOM\u00c1S HIDALGO ITURRALDE, LUIS MIGUEL CERD\u00c1 FILIU<\/strong><\/div>\n<\/li>\n<\/ul>\n<p>Segon curs:<\/p>\n<ul>\n<li>\n<div>M\u00f2dul 0238 Instal\u00b7lacions dom\u00f2tiques. <strong>Paraninfo. Instalaciones dom\u00f3ticas. ISBN 9788428343411. LUIS MIGUEL CERD\u00c1 FILIU, MANUEL GAS BUENO<\/strong><\/div>\n<\/li>\n<li>Instalaciones de distribuci\u00f3n. ISBN: 9788410592735 Ed. Editex<\/li>\n<li>Instalaciones solares fotovoltaicas ISBN: 9788410592728 Ed. Editex<\/li>\n<\/ul>\n<h5><\/h5>\n<h5>CFGM TM40 Manteniment de material rodant ferroviari<\/h5>\n<ul>\n<li>Motores. Ed.Paraninfo. ISBN: 9788413661629<\/li>\n<li>Sostenibilitat Aplicada al Sistema Productiu. Ed. EDITEX. ISBN: 9788411349352<\/li>\n<li>Digitalitzaci\u00f3 Aplicada als Sectors Productius. Ed EDITEX. ISBN: 9788411349314<\/li>\n<\/ul>\n<h5>CFGS EEB0 Automatitzaci\u00f3 i rob\u00f2tica industrial<\/h5>\n<p>Primer curs:<\/p>\n<ul>\n<li>Automatismos Industriales, Juan Carlos Mart\u00edn Castillo Editorial <b><b>EDITEX. <\/b><\/b><span style=\"color: #34495e;\">Juan Carlos Mart\u00edn Castillo,\u00a0 \u00a0<\/span><span style=\"color: #000000;\">ISBN: 9788410592711<\/span><\/li>\n<\/ul>\n<p>Segons curs:<\/p>\n<ul>\n<li>Rob\u00f3tica Industrial,\u00a0 \u00a0Juan Carlos Mart\u00edn Castillo. Editorial <b>EDITEX<\/b><\/li>\n<\/ul>\n<h5>CFGS IMC0 Mecatr\u00f2nica industrial<\/h5>\n<ul>\n<li>Llibre Recomanat: Integraci\u00f3n de Sistemas (contenido actualizado). ISBN Papel: 9788413573649\u00a0Ed.Sintesis\u00a0 (<a href=\"https:\/\/amzn.to\/3I4DULL\" target=\"_blank\" rel=\"noopener\" data-saferedirecturl=\"https:\/\/www.google.com\/url?q=https:\/\/amzn.to\/3I4DULL&amp;source=gmail&amp;ust=1757138212892000&amp;usg=AOvVaw36bOCSOGssnu-NTC_drkrY\">https:\/\/amzn.to\/3I4DULL<\/a>)<\/li>\n<li>M\u00f2dul 0937 Sistemes el\u00e8ctrics &#8211; electr\u00f2nics. <strong>Paraninfo. Sistemas el\u00e9ctricos y electr\u00f3nicos. ISBN 9788413660899. ANTONIO NUEVO GARCIA, JUAN MANUEL ESCA\u00d1O GONZ\u00c1LEZ<\/strong><\/li>\n<\/ul>\n<h5>CFGS EEA1 Sistemes Electrot\u00e8cnics i Automatitzats<\/h5>\n<p>Es recomana pel seguiment del m\u00f2dul la compra dels llibres:<\/p>\n<ul>\n<li>Desarrollo de redes el\u00e9ctricas y centros de transformaci\u00f3n 2.\u00aa edici\u00f3n ISBN: 9788413661605 Ed Paraninfo<\/li>\n<li>M\u00f2dul 0602 Gesti\u00f3 del muntatge i manteniment: <b>Morales Santiago,\u00a0<\/b><b>Gregorio<\/b><b>\u00a0(2019)\u00a0<i>Gest<wbr \/>i\u00f3n del montaje y el mantenimiento de instalaciones el\u00e9ctricas<\/i>. Paraninfo (ISBN 978-84-283-4006-9)<\/b><\/li>\n<li>M\u00f2dul 0524 Configuraci\u00f3 d&#8217;instal\u00b7lacions el\u00e8ctriques: <b>Trashorras Montecelos,\u00a0<\/b><b>Jes\u00fas<\/b><b>\u00a0(2022). <i>Configuraci\u00f3n de instalaciones el\u00e9ctricas<\/i>. Parafinfo (ISBN 978-84-1336-153-7)<\/b><\/li>\n<li>M\u00f2dul 0518 T\u00e8cniques i processos en instal\u00b7lacions el\u00e8ctriques: <b>Garcia Rodrigo, Javier (2019). <i>T\u00e9cnicas y processos en instal\u00b7laciones el\u00e9ctricas<\/i>. Paraninfo (ISBN 978-84-283-4078-6)<\/b><\/li>\n<li>\n<div>T\u00e9cnicas y procesos en instalaciones dom\u00f3ticas y autom\u00e1ticas\u00a0 Editorial\u00a0<b>SINTESIS . Sergio Gallardo V\u00e1zquez. ISBN: <span style=\"font-family: arial, sans-serif;\">9788428341028<\/span><\/b><\/div>\n<\/li>\n<li>Configuraci\u00f3n de instalaciones dom\u00f3ticas y autom\u00e1ticas\u00a0 Editorial\u00a0<b><b>PARANINFO. Constantino\u00a0Naval\u00f3n Naval\u00f3n.\u00a0ISBN Papel:\u00a09788413570082<\/b><\/b><\/li>\n<\/ul>\n<h5>Llibres del Departament de FOL<\/h5>\n<p>Llibres recomanats pel seguiment de l&#8217;assignatura a tots els cicles LOE:<\/p>\n<div>Cicles grau mitj\u00e0:<\/div>\n<ul>\n<li>Instal\u00b7lacions El\u00e8ctriques EE10<\/li>\n<li>Manteniment Electromec\u00e0nic IM10<\/li>\n<li>Manteniment de material rodant ferroviari TM40<\/li>\n<li>Manteniment d&#8217;embarcacions d&#8217;esbarjo TM60<\/li>\n<li>Farm\u00e0cia i parafarm\u00e0cia SA20<\/li>\n<\/ul>\n<div><\/div>\n<div>Cicles grau superior:<\/div>\n<ul>\n<li>EEB0 Automatitzaci\u00f3 i Rob\u00f2tica Industrial<\/li>\n<li>IMC0 Mecatr\u00f2nica industrial<\/li>\n<li>EEA1\u00a0Sistemes electrot\u00e8cnics i automatitzats, perfil professional instal\u00b7lacions el\u00e8ctriques i comunicacions del vaixell<\/li>\n<\/ul>\n<p>Primer curs:<\/p>\n<ul>\n<li>T\u00edtol: Itinerari Personal per a l&#8217;Ocupabilitat I 360\u00ba (IPO I)<\/li>\n<li>Editorial: Editex<\/li>\n<li>Autors: Mar\u00eda Eugenia Caldas, Mar\u00eda Luisa Hidalgo, Jes\u00fas Lara\u00f1o<\/li>\n<li>ISBN:9788411349376<\/li>\n<\/ul>\n<p>Segon curs:<\/p>\n<ul>\n<li>T\u00edtol: Itinerari Personal per a l&#8217;Ocupabilitat II (IPO II)<\/li>\n<li>Editorial: Altamar<\/li>\n<li>Autors: P. Santos, A. Varo, S. L\u00f3pez<\/li>\n<li>ISBN: 9788419780645<\/li>\n<\/ul>\n<p>&nbsp;<\/p>\n<p><script src=\"moz-extension:\/\/28ed7027-3628-45b4-b7e8-bb4213cc6597\/window-inject.js\" type=\"text\/javascript\"><\/script><\/p>\n<p><script type=\"text\/javascript\" src=\"moz-extension:\/\/f3e5eac6-5e7c-4eb3-9e23-44429eecccaf\/window-inject.js\"><\/script><\/p>\n<p><script src=\"moz-extension:\/\/f3e5eac6-5e7c-4eb3-9e23-44429eecccaf\/window-inject.js\" type=\"text\/javascript\"><\/script><\/p>\n<p><script src=\"moz-extension:\/\/0f09432f-7e45-49a5-89be-5b0f5b391c39\/window-inject.js\" type=\"text\/javascript\"><\/script><\/p>\n<p><script src=\"moz-extension:\/\/28ed7027-3628-45b4-b7e8-bb4213cc6597\/window-inject.js\" type=\"text\/javascript\"><\/script><\/p>\n<p><script src=\"moz-extension:\/\/28ed7027-3628-45b4-b7e8-bb4213cc6597\/window-inject.js\" type=\"text\/javascript\"><\/script><\/p>\n<p><script src=\"moz-extension:\/\/28ed7027-3628-45b4-b7e8-bb4213cc6597\/window-inject.js\" type=\"text\/javascript\"><\/script><\/p>\n<p><script src=\"moz-extension:\/\/28ed7027-3628-45b4-b7e8-bb4213cc6597\/window-inject.js\" type=\"text\/javascript\"><\/script><\/p>\n<p><script src=\"moz-extension:\/\/28ed7027-3628-45b4-b7e8-bb4213cc6597\/window-inject.js\" type=\"text\/javascript\"><\/script><\/p>\n<p><script src=\"moz-extension:\/\/28ed7027-3628-45b4-b7e8-bb4213cc6597\/window-inject.js\" type=\"text\/javascript\"><\/script><\/p>\n<p><script src=\"moz-extension:\/\/28ed7027-3628-45b4-b7e8-bb4213cc6597\/window-inject.js\" type=\"text\/javascript\"><\/script><\/p>\n","protected":false},"excerpt":{"rendered":"<p>Llibres recomanats pel professorat de Cicles Formatius dels diferents m\u00f2duls:<br \/>\nCFGM IM10 Manteniment electromec\u00e0nic<br \/>\nEs recomana pel seguiment la compra dels llibres:<\/p>\n<ul>\n<li>\nM\u00f2dul 0951 1r Curs:<\/p>\n<ul>\n<li>\nCurs 25-26: Electricidad y automatismos el\u00e9ctricos 2.\u00aa edici\u00f3n 2025 (Instalaci\u00f3n y Mantenimiento &#8211;\u00a0 ISBN: 978-8428366588\u00a0 Editorial Paraninfo\n<\/li>\n<li>\nNOTA: L&#8217;alumnat repetidor, opcionalment pot\u00a0fer servir\u00a0 el&hellip;  <a href=\"https:\/\/agora.xtec.cat\/ieslluchirafecas\/estudis\/cicles-formatius\/llibres-ccff\/\" title=\"Read Llibres CCFF\">Llegeix m\u00e9s\u00bb<\/a><\/p>\n","protected":false},"author":24,"featured_media":0,"parent":632,"menu_order":1000,"comment_status":"closed","ping_status":"closed","template":"page-templates\/side-menu.php","meta":{"_bbp_topic_count":0,"_bbp_reply_count":0,"_bbp_total_topic_count":0,"_bbp_total_reply_count":0,"_bbp_voice_count":0,"_bbp_anonymous_reply_count":0,"_bbp_topic_count_hidden":0,"_bbp_reply_count_hidden":0,"_bbp_forum_subforum_count":0,"footnotes":""},"class_list":["post-14021","page","type-page","status-publish","hentry"],"post_mailing_queue_ids":[],"_links":{"self":[{"href":"https:\/\/agora.xtec.cat\/ieslluchirafecas\/wp-json\/wp\/v2\/pages\/14021","targetHints":{"allow":["GET"]}}],"collection":[{"href":"https:\/\/agora.xtec.cat\/ieslluchirafecas\/wp-json\/wp\/v2\/pages"}],"about":[{"href":"https:\/\/agora.xtec.cat\/ieslluchirafecas\/wp-json\/wp\/v2\/types\/page"}],"author":[{"embeddable":true,"href":"https:\/\/agora.xtec.cat\/ieslluchirafecas\/wp-json\/wp\/v2\/users\/24"}],"replies":[{"embeddable":true,"href":"https:\/\/agora.xtec.cat\/ieslluchirafecas\/wp-json\/wp\/v2\/comments?post=14021"}],"version-history":[{"count":6,"href":"https:\/\/agora.xtec.cat\/ieslluchirafecas\/wp-json\/wp\/v2\/pages\/14021\/revisions"}],"predecessor-version":[{"id":14301,"href":"https:\/\/agora.xtec.cat\/ieslluchirafecas\/wp-json\/wp\/v2\/pages\/14021\/revisions\/14301"}],"up":[{"embeddable":true,"href":"https:\/\/agora.xtec.cat\/ieslluchirafecas\/wp-json\/wp\/v2\/pages\/632"}],"wp:attachment":[{"href":"https:\/\/agora.xtec.cat\/ieslluchirafecas\/wp-json\/wp\/v2\/media?parent=14021"}],"curies":[{"name":"wp","href":"https:\/\/api.w.org\/{rel}","templated":true}]}}