{"id":22709,"date":"2025-09-02T11:38:06","date_gmt":"2025-09-02T09:38:06","guid":{"rendered":"https:\/\/agora.xtec.cat\/iesllica\/?page_id=22709"},"modified":"2025-09-02T11:38:43","modified_gmt":"2025-09-02T09:38:43","slug":"complecio-cicles-formatius-loe","status":"publish","type":"page","link":"https:\/\/agora.xtec.cat\/iesllica\/estudis\/complecio-cicles-formatius-loe\/","title":{"rendered":"Compleci\u00f3 cicles formatius LOE"},"content":{"rendered":"<p style=\"text-align: justify;\">Informem a tot l\u2019alumnat i ex-alumnat del centre amb m\u00f2duls i\/o unitats formatives pendents dels cicles formatius en extinci\u00f3 <i>LOE<\/i> que s\u2019obrir\u00e0 el per\u00edode de matr\u00edcula per a la convocat\u00f2ria d\u2019<em><strong>ex\u00e0mens extraordinaris de compleci\u00f3<\/strong><\/em> a l\u2019octubre. En el moment de la matr\u00edcula haureu d\u2019especificar de quins m\u00f2duls i\/o unitats formatives us voldreu matricular.<\/p>\n<h4><span style=\"text-decoration: underline;\"><strong>Objectiu<\/strong><\/span><\/h4>\n<p style=\"text-align: justify;\">\u00c9s el procediment establert per l\u2019administraci\u00f3 per completar els ensenyaments de formaci\u00f3 professional que s\u2019extingeixen. Es poden completar els estudis durant els dos cursos seg\u00fcents a l\u2019extinci\u00f3 (2025-26 i 2026-27).<\/p>\n<p style=\"text-align: justify;\">Est\u00e0 regulat en Ordre EDF\/74\/2025, de 15 de maig.<\/p>\n<p style=\"text-align: justify;\">En el cas del nostre Institut estan afectats estat afectats tots els CFGM i CFGS de la fam\u00edlia de Guia en el Medi Natural i Temps de Lleure, i Inform\u00e0tica i Comunicacions.<\/p>\n<h4><span style=\"text-decoration: underline;\"><strong>Inscripci\u00f3 i matr\u00edcula:<\/strong><\/span><\/h4>\n<p>Les proves d\u2019avaluaci\u00f3 es convoquen dues vegades l\u2019any, amb els seg\u00fcents per\u00edodes d\u2019inscripci\u00f3:<\/p>\n<ul>\n<li>De l\u2019<strong>1 al 15 d\u2019octubre<\/strong> \u2192 per presentar-se a la convocat\u00f2ria de <strong>novembre<\/strong>.<\/li>\n<li>De l\u2019<strong>1 al 15 de mar\u00e7<\/strong> \u2192 per presentar-se a la convocat\u00f2ria d\u2019<strong>abril<\/strong>.<\/li>\n<\/ul>\n<p>Convocat\u00f2ries de proves<\/p>\n<ul>\n<li>Convocat\u00f2ria de novembre: entre l\u20191 i el 30 de novembre.<\/li>\n<li>Convocat\u00f2ria d\u2019abril: entre l\u20191 i el 30 d\u2019abril.<\/li>\n<\/ul>\n<p>A la web del centre s&#8217;informar\u00e0 de la data concreta.<\/p>\n<p><strong>Nom\u00e9s poden sol\u00b7licitar la compleci\u00f3 a l\u2019INS de Lli\u00e7\u00e0 l\u2019alumnat que hagi cursat el darrer any del cicle formatiu en el nostre centre.<\/strong><\/p>\n<p style=\"text-align: justify;\">Per formalitzar la inscripci\u00f3 cal enviar un mail a la secretaria del centre, dins del per\u00edode establert <a href=\"mailto:administracio@insllica.cat\">administracio@insllica.cat<\/a>.<\/p>\n","protected":false},"excerpt":{"rendered":"<p>Informem a tot l\u2019alumnat i ex-alumnat del centre amb m\u00f2duls i\/o unitats formatives pendents dels cicles formatius en extinci\u00f3 LOE que s\u2019obrir\u00e0 el per\u00edode de matr\u00edcula per a la convocat\u00f2ria d\u2019ex\u00e0mens extraordinaris de compleci\u00f3 a l\u2019octubre. En el moment de la matr\u00edcula haureu d\u2019especificar de&hellip;  <a href=\"https:\/\/agora.xtec.cat\/iesllica\/estudis\/complecio-cicles-formatius-loe\/\" title=\"Read Compleci\u00f3 cicles formatius LOE\">Llegeix m\u00e9s\u00bb<\/a><\/p>\n","protected":false},"author":12,"featured_media":0,"parent":195,"menu_order":5,"comment_status":"closed","ping_status":"closed","template":"page-templates\/side-menu.php","meta":{"_bbp_topic_count":0,"_bbp_reply_count":0,"_bbp_total_topic_count":0,"_bbp_total_reply_count":0,"_bbp_voice_count":0,"_bbp_anonymous_reply_count":0,"_bbp_topic_count_hidden":0,"_bbp_reply_count_hidden":0,"_bbp_forum_subforum_count":0,"footnotes":""},"class_list":["post-22709","page","type-page","status-publish","hentry"],"post_mailing_queue_ids":[],"_links":{"self":[{"href":"https:\/\/agora.xtec.cat\/iesllica\/wp-json\/wp\/v2\/pages\/22709","targetHints":{"allow":["GET"]}}],"collection":[{"href":"https:\/\/agora.xtec.cat\/iesllica\/wp-json\/wp\/v2\/pages"}],"about":[{"href":"https:\/\/agora.xtec.cat\/iesllica\/wp-json\/wp\/v2\/types\/page"}],"author":[{"embeddable":true,"href":"https:\/\/agora.xtec.cat\/iesllica\/wp-json\/wp\/v2\/users\/12"}],"replies":[{"embeddable":true,"href":"https:\/\/agora.xtec.cat\/iesllica\/wp-json\/wp\/v2\/comments?post=22709"}],"version-history":[{"count":3,"href":"https:\/\/agora.xtec.cat\/iesllica\/wp-json\/wp\/v2\/pages\/22709\/revisions"}],"predecessor-version":[{"id":22712,"href":"https:\/\/agora.xtec.cat\/iesllica\/wp-json\/wp\/v2\/pages\/22709\/revisions\/22712"}],"up":[{"embeddable":true,"href":"https:\/\/agora.xtec.cat\/iesllica\/wp-json\/wp\/v2\/pages\/195"}],"wp:attachment":[{"href":"https:\/\/agora.xtec.cat\/iesllica\/wp-json\/wp\/v2\/media?parent=22709"}],"curies":[{"name":"wp","href":"https:\/\/api.w.org\/{rel}","templated":true}]}}