{"id":20733,"date":"2024-04-15T14:00:30","date_gmt":"2024-04-15T12:00:30","guid":{"rendered":"https:\/\/agora.xtec.cat\/iesllica\/?page_id=20733"},"modified":"2024-04-22T11:59:09","modified_gmt":"2024-04-22T09:59:09","slug":"llengues-estrangeres","status":"publish","type":"page","link":"https:\/\/agora.xtec.cat\/iesllica\/projectes\/llengues-estrangeres\/","title":{"rendered":"Lleng\u00fces Estrangeres"},"content":{"rendered":"<p><a href=\"https:\/\/agora.xtec.cat\/iesllica\/wp-content\/uploads\/usu414\/2024\/04\/banner_idiomes.jpg\"><img loading=\"lazy\" decoding=\"async\" class=\"alignnone size-large wp-image-20837\" src=\"https:\/\/agora.xtec.cat\/iesllica\/wp-content\/uploads\/usu414\/2024\/04\/banner_idiomes-1024x213.jpg\" alt=\"\" width=\"1024\" height=\"213\" srcset=\"https:\/\/agora.xtec.cat\/iesllica\/wp-content\/uploads\/usu414\/2024\/04\/banner_idiomes-1024x213.jpg 1024w, https:\/\/agora.xtec.cat\/iesllica\/wp-content\/uploads\/usu414\/2024\/04\/banner_idiomes-300x63.jpg 300w, https:\/\/agora.xtec.cat\/iesllica\/wp-content\/uploads\/usu414\/2024\/04\/banner_idiomes-768x160.jpg 768w, https:\/\/agora.xtec.cat\/iesllica\/wp-content\/uploads\/usu414\/2024\/04\/banner_idiomes.jpg 1238w\" sizes=\"auto, (max-width: 1024px) 100vw, 1024px\" \/><\/a><\/p>\n<p>En un m\u00f3n cada vegada m\u00e9s interconnectat i on la globalitzaci\u00f3 \u00e9s part del nostre dia a dia, la mobilitat i relaci\u00f3 amb altres pa\u00efsos i cultures \u00e9s molt important.<\/p>\n<p>L&#8217;institut de Lli\u00e7\u00e0, sempre ha apostat per potenciar l&#8217;aprenentatge de les lleng\u00fces estrangeres i incorporar-les en la quotidianitat de la vida acad\u00e8mica i cultural dels nostres estudiants.<\/p>\n<p>Les lleng\u00fces estrangeres, vertebren el projecte educatiu del nostre centre, tant a l&#8217;ESO com al Batxillerat. En aquest sentit, cultures com l&#8217;anglesa o la francesa s\u00f3n claus en la formaci\u00f3 dels nostres estudiants.<\/p>\n<p>Estem conven\u00e7uts que, a trav\u00e9s dels diversos projectes i activitats que el centre ha consolidat al llarg dels anys, els nostres estudiants, estaran preparats per quan s\u2019incorporin al m\u00f3n educatiu superior, laboral, cultural o tur\u00edstic.<\/p>\n<p>El departament de lleng\u00fces estrangeres de l&#8217;INS de Lli\u00e7\u00e0, impulsa els seg\u00fcents projectes educatius, per afavorir l&#8217;\u00e8xit escolar al llarg de l&#8217;ESO i Batxillerat.<\/p>\n<table style=\"height: 151px; margin-left: auto; margin-right: auto; width: 39.7815%; background-color: #e8e8e8;\" width=\"45.8045%\">\n<tbody>\n<tr style=\"height: 50px;\">\n<td style=\"height: 50px; text-align: center; width: 29.0948%;\">\n<h5>Projectes<\/h5>\n<\/td>\n<td style=\"height: 50px; text-align: center; width: 29.0948%;\">\n<h5>Activitats<\/h5>\n<\/td>\n<td style=\"height: 50px; text-align: center; width: 26.267%;\">\n<h5>Certificacions<\/h5>\n<\/td>\n<\/tr>\n<tr style=\"text-align: center;\">\n<td style=\"height: 101px; width: 29.0948%;\">\n<ul>\n<li style=\"text-align: left;\"><a href=\"https:\/\/agora.xtec.cat\/iesllica\/projectes\/llengues-estrangeres\/pia\/\">PILE<\/a><\/li>\n<li style=\"text-align: left;\"><a href=\"https:\/\/agora.xtec.cat\/iesllica\/projectes\/llengues-estrangeres\/pia-2\/\"> PIA<\/a><\/li>\n<li style=\"text-align: left;\"><a href=\"https:\/\/agora.xtec.cat\/iesllica\/projectes\/llengues-estrangeres\/batxibac\/\"> BatxiBac<\/a><\/li>\n<\/ul>\n<\/td>\n<td style=\"height: 101px; width: 29.0948%;\">\n<ul>\n<li style=\"text-align: left;\"><a href=\"https:\/\/agora.xtec.cat\/iesllica\/projectes\/llengues-estrangeres\/pia\/activitats-dangles\/\">Angl\u00e8s<\/a><\/li>\n<li style=\"text-align: left;\"><a href=\"https:\/\/agora.xtec.cat\/iesllica\/projectes\/llengues-estrangeres\/batxibac\/activitats-de-frances\/\">Franc\u00e8s<\/a><\/li>\n<\/ul>\n<\/td>\n<td style=\"height: 101px; width: 26.267%;\">\n<ul>\n<li style=\"text-align: left;\"><a href=\"https:\/\/agora.xtec.cat\/iesllica\/projectes\/llengues-estrangeres\/pia-2\/certificacio-cambridge\/\">Cambridge<\/a><\/li>\n<li style=\"text-align: left;\"><a href=\"https:\/\/agora.xtec.cat\/iesllica\/projectes\/llengues-estrangeres\/pia\/certificacions-delf-cambridge\/\">Delf<\/a><\/li>\n<\/ul>\n<\/td>\n<\/tr>\n<\/tbody>\n<\/table>\n","protected":false},"excerpt":{"rendered":"<p><a href=\"https:\/\/agora.xtec.cat\/iesllica\/wp-content\/uploads\/usu414\/2024\/04\/banner_idiomes.jpg\"><\/a><br \/>\nEn un m\u00f3n cada vegada m\u00e9s interconnectat i on la globalitzaci\u00f3 \u00e9s part del nostre dia a dia, la mobilitat i relaci\u00f3 amb altres pa\u00efsos i cultures \u00e9s molt important.<br \/>\nL&#8217;institut de Lli\u00e7\u00e0, sempre ha apostat per potenciar l&#8217;aprenentatge de les lleng\u00fces estrangeres i incorporar-les&hellip;  <a href=\"https:\/\/agora.xtec.cat\/iesllica\/projectes\/llengues-estrangeres\/\" title=\"Read Lleng\u00fces Estrangeres\">Llegeix m\u00e9s\u00bb<\/a><\/p>\n","protected":false},"author":12,"featured_media":0,"parent":3360,"menu_order":0,"comment_status":"closed","ping_status":"closed","template":"page-templates\/side-menu.php","meta":{"_bbp_topic_count":0,"_bbp_reply_count":0,"_bbp_total_topic_count":0,"_bbp_total_reply_count":0,"_bbp_voice_count":0,"_bbp_anonymous_reply_count":0,"_bbp_topic_count_hidden":0,"_bbp_reply_count_hidden":0,"_bbp_forum_subforum_count":0,"footnotes":""},"class_list":["post-20733","page","type-page","status-publish","hentry"],"post_mailing_queue_ids":[],"_links":{"self":[{"href":"https:\/\/agora.xtec.cat\/iesllica\/wp-json\/wp\/v2\/pages\/20733","targetHints":{"allow":["GET"]}}],"collection":[{"href":"https:\/\/agora.xtec.cat\/iesllica\/wp-json\/wp\/v2\/pages"}],"about":[{"href":"https:\/\/agora.xtec.cat\/iesllica\/wp-json\/wp\/v2\/types\/page"}],"author":[{"embeddable":true,"href":"https:\/\/agora.xtec.cat\/iesllica\/wp-json\/wp\/v2\/users\/12"}],"replies":[{"embeddable":true,"href":"https:\/\/agora.xtec.cat\/iesllica\/wp-json\/wp\/v2\/comments?post=20733"}],"version-history":[{"count":6,"href":"https:\/\/agora.xtec.cat\/iesllica\/wp-json\/wp\/v2\/pages\/20733\/revisions"}],"predecessor-version":[{"id":21008,"href":"https:\/\/agora.xtec.cat\/iesllica\/wp-json\/wp\/v2\/pages\/20733\/revisions\/21008"}],"up":[{"embeddable":true,"href":"https:\/\/agora.xtec.cat\/iesllica\/wp-json\/wp\/v2\/pages\/3360"}],"wp:attachment":[{"href":"https:\/\/agora.xtec.cat\/iesllica\/wp-json\/wp\/v2\/media?parent=20733"}],"curies":[{"name":"wp","href":"https:\/\/api.w.org\/{rel}","templated":true}]}}