{"id":781,"date":"2021-04-06T21:08:55","date_gmt":"2021-04-06T19:08:55","guid":{"rendered":"https:\/\/agora.xtec.cat\/iesllavaneres\/?page_id=781"},"modified":"2026-01-26T10:47:51","modified_gmt":"2026-01-26T09:47:51","slug":"documents-de-centre","status":"publish","type":"page","link":"https:\/\/agora.xtec.cat\/iesllavaneres\/organitzacio\/documents-de-centre\/","title":{"rendered":"Documents de centre"},"content":{"rendered":"<div id=\"container\">\n<div id=\"content\" role=\"main\">\n<div id=\"post-4749\" class=\"post-4749 page type-page status-publish hentry\">\n<div class=\"entry-content\">\n<ol>\n<li><a href=\"https:\/\/agora.xtec.cat\/iesllavaneres\/wp-content\/uploads\/usu2229\/2024\/07\/PEC-Institut-Llavaneres.-01-07-2024.pdf\">PEC<\/a><\/li>\n<li><a href=\"https:\/\/agora.xtec.cat\/iesllavaneres\/wp-content\/uploads\/usu2229\/2022\/09\/Projecte-Linguistic-de-Centre.-Setembre-2022.pdf\">PLC<\/a><\/li>\n<li><a href=\"https:\/\/agora.xtec.cat\/iesllavaneres\/wp-content\/uploads\/usu2229\/2025\/12\/PGAC-Institut-Llavaneres-2025-26.pdf\" target=\"_blank\" rel=\"noopener\">PGAC i Pla d&#8217;Organitzaci\u00f3 del Centre. 2025-26.<\/a><\/li>\n<li><a href=\"https:\/\/agora.xtec.cat\/iesllavaneres\/wp-content\/uploads\/usu2229\/2025\/09\/NOFC.-Consell-Escolar-25-26.pdf\">Normativa Funcionament de Centre (NOFC). 2025-2026<\/a><\/li>\n<li><a href=\"https:\/\/sites.google.com\/iesllavaneres.org\/estratgia-digital-de-centre-in\/cultura-digital\" target=\"_blank\" rel=\"noopener\">Estrat\u00e8gia Digital de Centre (EDC)<\/a> (Actualitzant)<\/li>\n<li><a href=\"https:\/\/agora.xtec.cat\/iesllavaneres\/wp-content\/uploads\/usu2229\/2022\/09\/PROJECTE-DE-CONVIVENCIA.-22-23.-INS-LLAVANERES.pdf\">Projecte de conviv\u00e8ncia<\/a><\/li>\n<li><a href=\"https:\/\/agora.xtec.cat\/iesllavaneres\/wp-content\/uploads\/usu2229\/2023\/05\/Pla-Comunicacio.-Ins-Llavaneres.-Curs-2022-23.pdf\">Pla de comunicaci\u00f3<\/a><\/li>\n<li><a href=\"https:\/\/agora.xtec.cat\/iesllavaneres\/wp-content\/uploads\/usu2229\/2023\/05\/Llibre-destil.-Institut-Llavaneres.-Curs-2022-23.pdf\">Llibre d&#8217;estil<\/a><\/li>\n<li><a href=\"https:\/\/agora.xtec.cat\/iesllavaneres\/wp-content\/uploads\/usu2229\/2024\/12\/1.-Pla-dAcollida-dels-Professionals-del-Centre.-Ins-Llavaneres.-2024-25.pdf\">Pla d&#8217;Acollida del Nou Professorat<\/a><\/li>\n<li><a href=\"https:\/\/agora.xtec.cat\/iesllavaneres\/wp-content\/uploads\/usu2229\/2024\/12\/1.Proteccio-Professorat-agredit-per-alumnat.-Ins-Llavaneres.-Curs-24-25-1.pdf\">Protocol de Protecci\u00f3 del Professorat agredit per Alumnat<\/a><\/li>\n<li><a href=\"https:\/\/agora.xtec.cat\/iesllavaneres\/wp-content\/uploads\/usu2229\/2024\/12\/Protocol-Pediculosi.-Institut-Llavaneres.-Curs-2024-25.pdf\">Protocol Pediculosi<\/a><\/li>\n<\/ol>\n<p><strong>Dossier General de l\u2019Institut Llavaneres:<\/strong><\/p>\n<p><a href=\"https:\/\/agora.xtec.cat\/iesllavaneres\/wp-content\/uploads\/usu2229\/2024\/09\/Presentacio_General_ESO1-2-3.-2024_25.-Families.pdf\">Presentaci\u00f3 General ESO 1, 2, 3.<\/a><\/p>\n<p><a href=\"https:\/\/agora.xtec.cat\/iesllavaneres\/wp-content\/uploads\/usu2229\/2024\/09\/Presentacio_General_ESO4.-2024_25.-Families.pdf\">Presentaci\u00f3 General ESO 4<\/a><\/p>\n<p><a href=\"https:\/\/agora.xtec.cat\/iesllavaneres\/wp-content\/uploads\/usu2229\/2024\/09\/Presentacio_General_BAT-2024_25.-Families.pdf\">Presentaci\u00f3 Batxillerat<\/a><\/p>\n<p><a href=\"https:\/\/agora.xtec.cat\/iesllavaneres\/wp-content\/uploads\/usu2229\/2024\/03\/Dossier-informatiu-de-centre-2024-JPO-i-Preinscripcio-24-25.pdf\">DOSSIER INFORMATIU PER A LES FAM\u00cdLIES. JORNADA PORTES OBERTES 2024.<\/a><\/p>\n<\/div>\n<\/div>\n<\/div>\n<\/div>\n","protected":false},"excerpt":{"rendered":"<p>PEC PLC PGAC i Pla d&#8217;Organitzaci\u00f3 del Centre. 2025-26. Normativa Funcionament de Centre (NOFC). 2025-2026 Estrat\u00e8gia Digital de Centre (EDC) (Actualitzant) Projecte de conviv\u00e8ncia Pla de comunicaci\u00f3 Llibre d&#8217;estil Pla d&#8217;Acollida del Nou Professorat Protocol de Protecci\u00f3 del Professorat agredit per Alumnat Protocol Pediculosi Dossier General de l\u2019Institut Llavaneres: Presentaci\u00f3 General ESO 1, 2, 3. [&hellip;]<\/p>\n","protected":false},"author":1,"featured_media":0,"parent":775,"menu_order":10,"comment_status":"closed","ping_status":"closed","template":"","meta":{"_bbp_topic_count":0,"_bbp_reply_count":0,"_bbp_total_topic_count":0,"_bbp_total_reply_count":0,"_bbp_voice_count":0,"_bbp_anonymous_reply_count":0,"_bbp_topic_count_hidden":0,"_bbp_reply_count_hidden":0,"_bbp_forum_subforum_count":0,"site-sidebar-layout":"default","site-content-layout":"","ast-site-content-layout":"default","site-content-style":"default","site-sidebar-style":"default","ast-global-header-display":"","ast-banner-title-visibility":"","ast-main-header-display":"","ast-hfb-above-header-display":"","ast-hfb-below-header-display":"","ast-hfb-mobile-header-display":"","site-post-title":"","ast-breadcrumbs-content":"","ast-featured-img":"","footer-sml-layout":"","theme-transparent-header-meta":"","adv-header-id-meta":"","stick-header-meta":"","header-above-stick-meta":"","header-main-stick-meta":"","header-below-stick-meta":"","astra-migrate-meta-layouts":"set","ast-page-background-enabled":"default","ast-page-background-meta":{"desktop":{"background-color":"var(--ast-global-color-4)","background-image":"","background-repeat":"repeat","background-position":"center center","background-size":"auto","background-attachment":"scroll","background-type":"","background-media":"","overlay-type":"","overlay-color":"","overlay-opacity":"","overlay-gradient":""},"tablet":{"background-color":"","background-image":"","background-repeat":"repeat","background-position":"center center","background-size":"auto","background-attachment":"scroll","background-type":"","background-media":"","overlay-type":"","overlay-color":"","overlay-opacity":"","overlay-gradient":""},"mobile":{"background-color":"","background-image":"","background-repeat":"repeat","background-position":"center center","background-size":"auto","background-attachment":"scroll","background-type":"","background-media":"","overlay-type":"","overlay-color":"","overlay-opacity":"","overlay-gradient":""}},"ast-content-background-meta":{"desktop":{"background-color":"var(--ast-global-color-5)","background-image":"","background-repeat":"repeat","background-position":"center center","background-size":"auto","background-attachment":"scroll","background-type":"","background-media":"","overlay-type":"","overlay-color":"","overlay-opacity":"","overlay-gradient":""},"tablet":{"background-color":"var(--ast-global-color-5)","background-image":"","background-repeat":"repeat","background-position":"center center","background-size":"auto","background-attachment":"scroll","background-type":"","background-media":"","overlay-type":"","overlay-color":"","overlay-opacity":"","overlay-gradient":""},"mobile":{"background-color":"var(--ast-global-color-5)","background-image":"","background-repeat":"repeat","background-position":"center center","background-size":"auto","background-attachment":"scroll","background-type":"","background-media":"","overlay-type":"","overlay-color":"","overlay-opacity":"","overlay-gradient":""}},"footnotes":""},"class_list":["post-781","page","type-page","status-publish","hentry"],"post_mailing_queue_ids":[],"_links":{"self":[{"href":"https:\/\/agora.xtec.cat\/iesllavaneres\/wp-json\/wp\/v2\/pages\/781","targetHints":{"allow":["GET"]}}],"collection":[{"href":"https:\/\/agora.xtec.cat\/iesllavaneres\/wp-json\/wp\/v2\/pages"}],"about":[{"href":"https:\/\/agora.xtec.cat\/iesllavaneres\/wp-json\/wp\/v2\/types\/page"}],"author":[{"embeddable":true,"href":"https:\/\/agora.xtec.cat\/iesllavaneres\/wp-json\/wp\/v2\/users\/1"}],"replies":[{"embeddable":true,"href":"https:\/\/agora.xtec.cat\/iesllavaneres\/wp-json\/wp\/v2\/comments?post=781"}],"version-history":[{"count":6,"href":"https:\/\/agora.xtec.cat\/iesllavaneres\/wp-json\/wp\/v2\/pages\/781\/revisions"}],"predecessor-version":[{"id":5432,"href":"https:\/\/agora.xtec.cat\/iesllavaneres\/wp-json\/wp\/v2\/pages\/781\/revisions\/5432"}],"up":[{"embeddable":true,"href":"https:\/\/agora.xtec.cat\/iesllavaneres\/wp-json\/wp\/v2\/pages\/775"}],"wp:attachment":[{"href":"https:\/\/agora.xtec.cat\/iesllavaneres\/wp-json\/wp\/v2\/media?parent=781"}],"curies":[{"name":"wp","href":"https:\/\/api.w.org\/{rel}","templated":true}]}}

<div id="container">
<div id="content" role="main">
<div id="post-4749" class="post-4749 page type-page status-publish hentry">
<div class="entry-content">
<ol>
<li><a href="https://agora.xtec.cat/iesllavaneres/wp-content/uploads/usu2229/2024/07/PEC-Institut-Llavaneres.-01-07-2024.pdf">PEC</a></li>
<li><a href="https://agora.xtec.cat/iesllavaneres/wp-content/uploads/usu2229/2022/09/Projecte-Linguistic-de-Centre.-Setembre-2022.pdf">PLC</a></li>
<li><a href="https://agora.xtec.cat/iesllavaneres/wp-content/uploads/usu2229/2025/12/PGAC-Institut-Llavaneres-2025-26.pdf" target="_blank" rel="noopener">PGAC i Pla d&#8217;Organització del Centre. 2025-26.</a></li>
<li><a href="https://agora.xtec.cat/iesllavaneres/wp-content/uploads/usu2229/2025/09/NOFC.-Consell-Escolar-25-26.pdf">Normativa Funcionament de Centre (NOFC). 2025-2026</a></li>
<li><a href="https://sites.google.com/iesllavaneres.org/estratgia-digital-de-centre-in/cultura-digital" target="_blank" rel="noopener">Estratègia Digital de Centre (EDC)</a> (Actualitzant)</li>
<li><a href="https://agora.xtec.cat/iesllavaneres/wp-content/uploads/usu2229/2022/09/PROJECTE-DE-CONVIVENCIA.-22-23.-INS-LLAVANERES.pdf">Projecte de convivència</a></li>
<li><a href="https://agora.xtec.cat/iesllavaneres/wp-content/uploads/usu2229/2023/05/Pla-Comunicacio.-Ins-Llavaneres.-Curs-2022-23.pdf">Pla de comunicació</a></li>
<li><a href="https://agora.xtec.cat/iesllavaneres/wp-content/uploads/usu2229/2023/05/Llibre-destil.-Institut-Llavaneres.-Curs-2022-23.pdf">Llibre d&#8217;estil</a></li>
<li><a href="https://agora.xtec.cat/iesllavaneres/wp-content/uploads/usu2229/2024/12/1.-Pla-dAcollida-dels-Professionals-del-Centre.-Ins-Llavaneres.-2024-25.pdf">Pla d&#8217;Acollida del Nou Professorat</a></li>
<li><a href="https://agora.xtec.cat/iesllavaneres/wp-content/uploads/usu2229/2024/12/1.Proteccio-Professorat-agredit-per-alumnat.-Ins-Llavaneres.-Curs-24-25-1.pdf">Protocol de Protecció del Professorat agredit per Alumnat</a></li>
<li><a href="https://agora.xtec.cat/iesllavaneres/wp-content/uploads/usu2229/2024/12/Protocol-Pediculosi.-Institut-Llavaneres.-Curs-2024-25.pdf">Protocol Pediculosi</a></li>
</ol>
<p><strong>Dossier General de l’Institut Llavaneres:</strong></p>
<p><a href="https://agora.xtec.cat/iesllavaneres/wp-content/uploads/usu2229/2024/09/Presentacio_General_ESO1-2-3.-2024_25.-Families.pdf">Presentació General ESO 1, 2, 3.</a></p>
<p><a href="https://agora.xtec.cat/iesllavaneres/wp-content/uploads/usu2229/2024/09/Presentacio_General_ESO4.-2024_25.-Families.pdf">Presentació General ESO 4</a></p>
<p><a href="https://agora.xtec.cat/iesllavaneres/wp-content/uploads/usu2229/2024/09/Presentacio_General_BAT-2024_25.-Families.pdf">Presentació Batxillerat</a></p>
<p><a href="https://agora.xtec.cat/iesllavaneres/wp-content/uploads/usu2229/2024/03/Dossier-informatiu-de-centre-2024-JPO-i-Preinscripcio-24-25.pdf">DOSSIER INFORMATIU PER A LES FAMÍLIES. JORNADA PORTES OBERTES 2024.</a></p>
</div>
</div>
</div>
</div>

<p>PEC PLC PGAC i Pla d&#8217;Organització del Centre. 2025-26. Normativa Funcionament de Centre (NOFC). 2025-2026 Estratègia Digital de Centre (EDC) (Actualitzant) Projecte de convivència Pla de comunicació Llibre d&#8217;estil Pla d&#8217;Acollida del Nou Professorat Protocol de Protecció del Professorat agredit per Alumnat Protocol Pediculosi Dossier General de l’Institut Llavaneres: Presentació General ESO 1, 2, 3. [&hellip;]</p>
