{"id":722,"date":"2021-03-02T22:01:17","date_gmt":"2021-03-02T21:01:17","guid":{"rendered":"https:\/\/agora.xtec.cat\/iesllavaneres\/?page_id=722"},"modified":"2026-04-24T20:26:56","modified_gmt":"2026-04-24T18:26:56","slug":"eso","status":"publish","type":"page","link":"https:\/\/agora.xtec.cat\/iesllavaneres\/estudis\/eso\/","title":{"rendered":"ESO"},"content":{"rendered":"<header class=\"entry-header fullwidth\">\n<h2 class=\"entry-title\"><a title=\"Educaci\u00f3 secund\u00e0ria obligat\u00f2ria\" rel=\"bookmark\">Educaci\u00f3 secund\u00e0ria obligat\u00f2ria<\/a><\/h2>\n<\/header>\n<div class=\"entry-summary\">\n<h5><strong>Descripci\u00f3<\/strong><\/h5>\n<p>L\u2019<strong>educaci\u00f3 secund\u00e0ria obligat\u00f2ria (ESO)<\/strong>\u00a0\u00e9s gratu\u00efta. Compr\u00e8n quatre cursos acad\u00e8mics. Generalment s\u2019inicia l\u2019any natural en qu\u00e8 es compleixen 12 anys i s\u2019acaba als 16, tot i que els alumnes tenen dret a romandre en el centre amb r\u00e8gim ordinari fins als 18.<\/p>\n<p><a href=\"https:\/\/agora.xtec.cat\/iesllavaneres\/wp-content\/uploads\/usu2229\/2026\/03\/Optatives-1r-a-3r-ESO-26-27.pdf\" target=\"_blank\" rel=\"noopener\"><strong>Optatives de 1r a 3r ESO<\/strong><\/a><\/p>\n<h6><strong>Mat\u00e8ries dels dos primers cursos<\/strong><\/h6>\n<p>A continuaci\u00f3, es mostra l\u2019organitzaci\u00f3 de les mat\u00e8ries al llarg dels dos primers cursos de l\u2019ESO:<\/p>\n<table>\n<tbody>\n<tr>\n<td colspan=\"2\"><strong>PRIMER CURS<\/strong><\/td>\n<\/tr>\n<tr>\n<td>Biologia i geologia<\/td>\n<td>Matem\u00e0tiques<\/td>\n<\/tr>\n<tr>\n<td>Geografia i hist\u00f2ria<\/td>\n<td>M\u00fasica<\/td>\n<\/tr>\n<tr>\n<td>Educaci\u00f3 f\u00edsica<\/td>\n<td>Tecnologia<\/td>\n<\/tr>\n<tr>\n<td>Educaci\u00f3 visual i pl\u00e0stica<\/td>\n<td>Religi\u00f3 \/ Cultura i valors \u00e8tics<\/td>\n<\/tr>\n<tr>\n<td>Llengua catalana i literatura<\/td>\n<td>Optativa<\/td>\n<\/tr>\n<tr>\n<td>Llengua castellana i literatura<\/td>\n<td>Treball per projectes<\/td>\n<\/tr>\n<tr>\n<td>Llengua anglesa<\/td>\n<td>Tutoria<\/td>\n<\/tr>\n<\/tbody>\n<\/table>\n<h6><\/h6>\n<table style=\"width: 403px;\">\n<tbody>\n<tr>\n<td style=\"width: 403px;\" colspan=\"2\"><strong>SEGON CURS<\/strong><\/td>\n<\/tr>\n<tr>\n<td style=\"width: 202px;\">F\u00edsica i qu\u00edmica<\/td>\n<td style=\"width: 201px;\">Llengua anglesa<\/td>\n<\/tr>\n<tr>\n<td style=\"width: 202px;\">Geografia i hist\u00f2ria<\/td>\n<td style=\"width: 201px;\">Matem\u00e0tiques<\/td>\n<\/tr>\n<tr>\n<td style=\"width: 202px;\">Educaci\u00f3 f\u00edsica<\/td>\n<td style=\"width: 201px;\">Tecnologia<\/td>\n<\/tr>\n<tr>\n<td style=\"width: 202px;\">Educaci\u00f3 visual i pl\u00e0stica<\/td>\n<td style=\"width: 201px;\">Religi\u00f3 \/ Cultura i valors \u00e8tics<\/td>\n<\/tr>\n<tr>\n<td style=\"width: 202px;\">Llengua catalana i literatura<\/td>\n<td style=\"width: 201px;\">Optativa<\/td>\n<\/tr>\n<tr>\n<td style=\"width: 202px;\">Llengua castellana i literatura<\/td>\n<td style=\"width: 201px;\">Tutoria<\/td>\n<\/tr>\n<\/tbody>\n<\/table>\n<h6><strong>Mat\u00e8ries de tercer curs<\/strong><\/h6>\n<p>Tot seguit es mostra l\u2019organitzaci\u00f3 de les mat\u00e8ries de tercer d\u2019ESO:<\/p>\n<table style=\"width: 403px;\">\n<tbody>\n<tr>\n<td style=\"width: 403px;\" colspan=\"2\"><strong>TERCER CURS<\/strong><\/td>\n<\/tr>\n<tr>\n<td style=\"width: 202px;\">Biologia i geologia<\/td>\n<td style=\"width: 201px;\">Matem\u00e0tiques<\/td>\n<\/tr>\n<tr>\n<td style=\"width: 202px;\">F\u00edsica i qu\u00edmica<\/td>\n<td style=\"width: 201px;\">M\u00fasica<\/td>\n<\/tr>\n<tr>\n<td style=\"width: 202px;\">Geografia i hist\u00f2ria<\/td>\n<td style=\"width: 201px;\">Tecnologia<\/td>\n<\/tr>\n<tr>\n<td style=\"width: 202px;\">Educaci\u00f3 f\u00edsica<\/td>\n<td style=\"width: 201px;\">Religi\u00f3 \/ Cultura i valors \u00e8tics<\/td>\n<\/tr>\n<tr>\n<td style=\"width: 202px;\">Llengua catalana i literatura<\/td>\n<td style=\"width: 201px;\">Optativa<\/td>\n<\/tr>\n<tr>\n<td style=\"width: 202px;\">Llengua castellana i literatura<\/td>\n<td style=\"width: 201px;\">Treball de s\u00edntesi<\/td>\n<\/tr>\n<tr>\n<td style=\"width: 202px;\">Llengua anglesa<\/td>\n<td style=\"width: 201px;\">Tutoria<\/td>\n<\/tr>\n<\/tbody>\n<\/table>\n<p><strong>Lleng\u00fces:<\/strong><br \/>\nA destacar que dins de la mat\u00e8ria &#8220;optativa, es pot escollir tant Franc\u00e8s com Alemany, per tal d&#8217;ampliar el ventall de lleng\u00fces que els nostres alumnes poden dominar.<\/p>\n<h6><strong>El treball de s\u00edntesi<\/strong><\/h6>\n<p>El treball de s\u00edntesi, que t\u00e9 la consideraci\u00f3 de mat\u00e8ria optativa, est\u00e0 format per un conjunt d\u2019activitats d\u2019ensenyament i d\u2019aprenentatge que s\u2019han de fer en equip, concebudes per desenvolupar compet\u00e8ncies complexes i comprovar si s\u2019ha aconseguit, i fins a quin punt, que l\u2019alumnat sigui capa\u00e7 de relacionar les compet\u00e8ncies b\u00e0siques treballades en les diferents mat\u00e8ries per a l\u2019aplicaci\u00f3 i la resoluci\u00f3 de q\u00fcestions i problemes relacionats amb la vida pr\u00e0ctica. Aquest treball ha d\u2019integrar continguts de diverses mat\u00e8ries i es porta a terme a finals del tercer trimestre.<\/p>\n<h6><strong>Mat\u00e8ries de quart curs<\/strong><\/h6>\n<p><a href=\"https:\/\/agora.xtec.cat\/iesllavaneres\/wp-content\/uploads\/usu2229\/2026\/03\/Itineraris-i-optatives-4t-dESO-26-27.pdf\" target=\"_blank\" rel=\"noopener\"><strong>Itineraris i optatives de 4t ESO<\/strong><\/a><\/p>\n<p><strong><a href=\"https:\/\/agora.xtec.cat\/iesllavaneres\/wp-content\/uploads\/usu2229\/2026\/04\/Biologia-i-Geologia.pdf\" target=\"_blank\" rel=\"noopener\">Biologia i Geologia<\/a><\/strong><\/p>\n<p><strong><a href=\"https:\/\/agora.xtec.cat\/iesllavaneres\/wp-content\/uploads\/usu2229\/2026\/04\/Cultura-cientifica.pdf\" target=\"_blank\" rel=\"noopener\">Cultura cient\u00edfica<\/a><\/strong><\/p>\n<p><a href=\"https:\/\/agora.xtec.cat\/iesllavaneres\/wp-content\/uploads\/usu2229\/2026\/04\/Expressio-artistica.pdf\" target=\"_blank\" rel=\"noopener\"><strong>Expressi\u00f3 art\u00edstica<\/strong><\/a><\/p>\n<p><strong><a href=\"https:\/\/agora.xtec.cat\/iesllavaneres\/wp-content\/uploads\/usu2229\/2026\/04\/Filosofia.pdf\" target=\"_blank\" rel=\"noopener\">Filosofia<\/a><\/strong><\/p>\n<p><strong><a href=\"https:\/\/agora.xtec.cat\/iesllavaneres\/wp-content\/uploads\/usu2229\/2026\/04\/Fisica-i-quimica.pdf\" target=\"_blank\" rel=\"noopener\">F\u00edsica i Qu\u00edmica<\/a><\/strong><\/p>\n<p><strong><a href=\"https:\/\/agora.xtec.cat\/iesllavaneres\/wp-content\/uploads\/usu2229\/2026\/04\/Llati-Alemany-Cultura-Classica-_-Frances.pdf\" target=\"_blank\" rel=\"noopener\">Llat\u00ed &#8211; Alemany &#8211; Cultura cl\u00e0ssica &#8211; Franc\u00e8s<\/a><\/strong><\/p>\n<p><strong><a href=\"https:\/\/agora.xtec.cat\/iesllavaneres\/wp-content\/uploads\/usu2229\/2026\/04\/Tecnologia-i-Digitalitzacio.pdf\" target=\"_blank\" rel=\"noopener\">Tecnologia i Digitalitzaci\u00f3<\/a><\/strong><\/p>\n<p>A continuaci\u00f3, es mostren les mat\u00e8ries comunes i optatives de quart curs que s\u2019ofereixen al centre:<\/p>\n<table>\n<tbody>\n<tr>\n<td colspan=\"2\"><strong>QUART CURS<\/strong><\/td>\n<\/tr>\n<tr>\n<td><strong>MAT\u00c8RIES COMUNES<\/strong><\/td>\n<td><strong>MAT\u00c8RIES OPTATIVES<\/strong><\/td>\n<\/tr>\n<tr>\n<td>Llengua catalana i literatura<\/td>\n<td>Biologia i geologia<\/td>\n<\/tr>\n<tr>\n<td>Llengua castellana i literatura<\/td>\n<td>F\u00edsica i qu\u00edmica<\/td>\n<\/tr>\n<tr>\n<td>Llengua anglesa<\/td>\n<td>Tecnologia<\/td>\n<\/tr>\n<tr>\n<td>Matem\u00e0tiques<\/td>\n<td>Inform\u00e0tica<\/td>\n<\/tr>\n<tr>\n<td>Ci\u00e8ncies socials: geografia i hist\u00f2ria<\/td>\n<td>Llat\u00ed<\/td>\n<\/tr>\n<tr>\n<td>Educaci\u00f3 f\u00edsica<\/td>\n<td>Alemany<\/td>\n<\/tr>\n<tr>\n<td>Religi\u00f3 \/ Cultura i valors \u00e8tics<\/td>\n<td>Franc\u00e8s<\/td>\n<\/tr>\n<tr>\n<td>Comprensi\u00f3 lectora<\/td>\n<td>M\u00fasica<\/td>\n<\/tr>\n<tr>\n<td>Tutoria<\/td>\n<td>Educaci\u00f3 visual i pl\u00e0stica<\/td>\n<\/tr>\n<tr>\n<td>Projecte de recerca<\/td>\n<td>Filosofia<\/td>\n<\/tr>\n<tr>\n<td>Servei comunitari<\/td>\n<td>Economia<\/td>\n<\/tr>\n<\/tbody>\n<\/table>\n<p>L\u2019alumnat de quart ha de cursar tres mat\u00e8ries optatives.<\/p>\n<h6><strong>El projecte de recerca<\/strong><\/h6>\n<p>En el quart curs els alumnes han de fer un projecte de recerca en grup. Consisteix en un conjunt d\u2019activitats de descoberta i recerca sobre un tema espec\u00edfic triat per cada alumne, sota el guiatge del professor.<\/p>\n<h6><strong>El servei comunitari<\/strong><\/h6>\n<p>El\u00a0<a href=\"https:\/\/xtec.gencat.cat\/ca\/curriculum\/serveicomunitari\/normativa\" target=\"_blank\" rel=\"noopener noreferrer\"><strong>servei comunitari<\/strong><\/a>\u00a0\u00e9s una acci\u00f3 educativa orientada a desenvolupar la compet\u00e8ncia social i ciutadana, en qu\u00e8 l\u2019alumne, amb la finalitat de millorar el seu entorn, duu a terme un servei a la comunitat, aplicant els seus coneixements, capacitats i habilitats, alhora que apr\u00e8n l\u2019exercici actiu de la ciutadania. El seu objectiu \u00e9s garantir que els estudiants, al llarg de la seva traject\u00f2ria escolar, experimentin i protagonitzin accions de comprom\u00eds c\u00edvic.<\/p>\n<h5><strong>Acc\u00e9s<\/strong><\/h5>\n<p>Es poden matricular al primer curs d\u2019educaci\u00f3 secund\u00e0ria obligat\u00f2ria els alumnes que compleixin 12 anys durant l\u2019any d\u2019inici del curs i els d\u2019edat diferent als quals correspongui acad\u00e8micament iniciar aquest ensenyament.<\/p>\n<h5><strong>Continu\u00eftat<\/strong><\/h5>\n<div>\n<p>Els alumnes que obtenen el\u00a0<strong>t\u00edtol de graduat o graduada en ESO<\/strong>\u00a0poden accedir al batxillerat o b\u00e9 a un cicle formatiu de grau mitj\u00e0 de formaci\u00f3 professional, d\u2019ensenyaments esportius (si se supera\u00a0la prova espec\u00edfica d\u2019acc\u00e9s)\u00a0o d\u2019arts pl\u00e0stiques i disseny.<\/p>\n<p>A partir dels 16 anys, si no es t\u00e9 el t\u00edtol de graduat o graduada en ESO, es pot accedir als estudis seg\u00fcents:<\/p>\n<ul>\n<li>els programes de formaci\u00f3 i inserci\u00f3 (PFI)<\/li>\n<li>la formaci\u00f3 de persones adultes<\/li>\n<\/ul>\n<p>Si no es t\u00e9 el t\u00edtol de graduat o graduada en ESO, a partir dels 17 anys es pot accedir als cicles formatius de grau mitj\u00e0 (si se supera la prova d\u2019acc\u00e9s).<\/p>\n<p>A partir dels 18 anys, si s\u2019ha cursat 4t d\u2019ESO i es tenen com a m\u00e0xim cinc mat\u00e8ries amb avaluaci\u00f3 negativa, en el mateix centre i durant els dos anys seg\u00fcents, es pot accedir a la convocat\u00f2ria anual per superar-les i aix\u00ed obtenir el graduat en ESO. En determinats casos el requisit d\u2019edat pot ser inferior als 18 anys.<\/p>\n<p>A m\u00e9s, a partir dels 18 anys es t\u00e9 acc\u00e9s a la prova lliure per obtenir el t\u00edtol de graduat o graduada en ESO.<\/p>\n<p>Un cop acabada l\u2019ESO tamb\u00e9 es pot accedir al m\u00f3n laboral.<\/p>\n<\/div>\n<\/div>\n","protected":false},"excerpt":{"rendered":"<p>Educaci\u00f3 secund\u00e0ria obligat\u00f2ria Descripci\u00f3 L\u2019educaci\u00f3 secund\u00e0ria obligat\u00f2ria (ESO)\u00a0\u00e9s gratu\u00efta. Compr\u00e8n quatre cursos acad\u00e8mics. Generalment s\u2019inicia l\u2019any natural en qu\u00e8 es compleixen 12 anys i s\u2019acaba als 16, tot i que els alumnes tenen dret a romandre en el centre amb r\u00e8gim ordinari fins als 18. Optatives de 1r a 3r ESO Mat\u00e8ries dels dos primers [&hellip;]<\/p>\n","protected":false},"author":1,"featured_media":0,"parent":195,"menu_order":0,"comment_status":"closed","ping_status":"closed","template":"","meta":{"_bbp_topic_count":0,"_bbp_reply_count":0,"_bbp_total_topic_count":0,"_bbp_total_reply_count":0,"_bbp_voice_count":0,"_bbp_anonymous_reply_count":0,"_bbp_topic_count_hidden":0,"_bbp_reply_count_hidden":0,"_bbp_forum_subforum_count":0,"site-sidebar-layout":"default","site-content-layout":"","ast-site-content-layout":"default","site-content-style":"default","site-sidebar-style":"default","ast-global-header-display":"","ast-banner-title-visibility":"","ast-main-header-display":"","ast-hfb-above-header-display":"","ast-hfb-below-header-display":"","ast-hfb-mobile-header-display":"","site-post-title":"","ast-breadcrumbs-content":"","ast-featured-img":"","footer-sml-layout":"","theme-transparent-header-meta":"","adv-header-id-meta":"","stick-header-meta":"","header-above-stick-meta":"","header-main-stick-meta":"","header-below-stick-meta":"","astra-migrate-meta-layouts":"set","ast-page-background-enabled":"default","ast-page-background-meta":{"desktop":{"background-color":"var(--ast-global-color-4)","background-image":"","background-repeat":"repeat","background-position":"center center","background-size":"auto","background-attachment":"scroll","background-type":"","background-media":"","overlay-type":"","overlay-color":"","overlay-opacity":"","overlay-gradient":""},"tablet":{"background-color":"","background-image":"","background-repeat":"repeat","background-position":"center center","background-size":"auto","background-attachment":"scroll","background-type":"","background-media":"","overlay-type":"","overlay-color":"","overlay-opacity":"","overlay-gradient":""},"mobile":{"background-color":"","background-image":"","background-repeat":"repeat","background-position":"center center","background-size":"auto","background-attachment":"scroll","background-type":"","background-media":"","overlay-type":"","overlay-color":"","overlay-opacity":"","overlay-gradient":""}},"ast-content-background-meta":{"desktop":{"background-color":"var(--ast-global-color-5)","background-image":"","background-repeat":"repeat","background-position":"center center","background-size":"auto","background-attachment":"scroll","background-type":"","background-media":"","overlay-type":"","overlay-color":"","overlay-opacity":"","overlay-gradient":""},"tablet":{"background-color":"var(--ast-global-color-5)","background-image":"","background-repeat":"repeat","background-position":"center center","background-size":"auto","background-attachment":"scroll","background-type":"","background-media":"","overlay-type":"","overlay-color":"","overlay-opacity":"","overlay-gradient":""},"mobile":{"background-color":"var(--ast-global-color-5)","background-image":"","background-repeat":"repeat","background-position":"center center","background-size":"auto","background-attachment":"scroll","background-type":"","background-media":"","overlay-type":"","overlay-color":"","overlay-opacity":"","overlay-gradient":""}},"footnotes":""},"class_list":["post-722","page","type-page","status-publish","hentry"],"post_mailing_queue_ids":[],"_links":{"self":[{"href":"https:\/\/agora.xtec.cat\/iesllavaneres\/wp-json\/wp\/v2\/pages\/722","targetHints":{"allow":["GET"]}}],"collection":[{"href":"https:\/\/agora.xtec.cat\/iesllavaneres\/wp-json\/wp\/v2\/pages"}],"about":[{"href":"https:\/\/agora.xtec.cat\/iesllavaneres\/wp-json\/wp\/v2\/types\/page"}],"author":[{"embeddable":true,"href":"https:\/\/agora.xtec.cat\/iesllavaneres\/wp-json\/wp\/v2\/users\/1"}],"replies":[{"embeddable":true,"href":"https:\/\/agora.xtec.cat\/iesllavaneres\/wp-json\/wp\/v2\/comments?post=722"}],"version-history":[{"count":5,"href":"https:\/\/agora.xtec.cat\/iesllavaneres\/wp-json\/wp\/v2\/pages\/722\/revisions"}],"predecessor-version":[{"id":5689,"href":"https:\/\/agora.xtec.cat\/iesllavaneres\/wp-json\/wp\/v2\/pages\/722\/revisions\/5689"}],"up":[{"embeddable":true,"href":"https:\/\/agora.xtec.cat\/iesllavaneres\/wp-json\/wp\/v2\/pages\/195"}],"wp:attachment":[{"href":"https:\/\/agora.xtec.cat\/iesllavaneres\/wp-json\/wp\/v2\/media?parent=722"}],"curies":[{"name":"wp","href":"https:\/\/api.w.org\/{rel}","templated":true}]}}