{"id":69,"date":"2014-09-18T10:15:07","date_gmt":"2014-09-18T09:15:07","guid":{"rendered":"http:\/\/agora.xtec.cat\/iesllavaneres\/?page_id=69"},"modified":"2021-09-09T17:52:18","modified_gmt":"2021-09-09T15:52:18","slug":"menjador-escolar","status":"publish","type":"page","link":"https:\/\/agora.xtec.cat\/iesllavaneres\/serveis\/menjador-escolar\/","title":{"rendered":"Cantina escolar"},"content":{"rendered":"<p>La cantina del centre ofereix una \u00e0mplia gamma d&#8217;alternatives per l&#8217;esmorzar dels alumnes. Prima sobretot la qualitat dels productes, aix\u00ed com el foment de menjars saludables, com ara les fruites, b\u00e9 en presentacions naturals o, segons la temporada i els tipus de fruites, en atractius i saludables &#8220;smooties&#8221;.<\/p>\n<p>Pel que fa als entrepans, hi ha presentacions tant del tipus &#8220;cl\u00e0ssic&#8221; fred o calent (pernil salat, xori\u00e7o, fuet, bull, tonyina, frankfurt, truita&#8230; etc), com vegetals amb molta variaci\u00f3 i originalitat (formatge fresc amb tom\u00e0quet, truita de patates amb guacamole, truita amb r\u00facula i tom\u00e0quet, etc.)<\/p>\n<p>Actualment, i degut a la situaci\u00f3 sanit\u00e0ria, no s&#8217;ofereix el servei de plats combinats que s&#8217;oferia dilluns i dimecres a migdia.<\/p>\n<h5><strong>P\u00e0gina web de la Cantina: <a href=\"https:\/\/cantina-ies-llavaneres.webnode.es\/\" target=\"_blank\" rel=\"noopener\">Cantina INS Llavaneres<\/a><\/strong><\/h5>\n<p>&nbsp;<\/p>\n<p class=\"wnd-align-center\"><strong>Horari Cantina: De dilluns a divendres : 08:40\u00a0&#8211;\u00a012:40<\/strong><\/p>\n<p><strong>Horari per fer reserves d&#8217;entrepans o d&#8217;altres:<\/strong><\/p>\n<ul>\n<li style=\"list-style-type: none;\">\n<ul>\n<li><strong>3er i 4rt ESO\u00a0 i 2on Bat de 7:35h a 7:50h<\/strong><\/li>\n<li><strong>1er i\u00a0 2on ESO i 1er batx. de 7:35h a 8:00h<\/strong><\/li>\n<\/ul>\n<\/li>\n<\/ul>\n","protected":false},"excerpt":{"rendered":"<p>La cantina del centre ofereix una \u00e0mplia gamma d&#8217;alternatives per l&#8217;esmorzar dels alumnes. Prima sobretot la qualitat dels productes, aix\u00ed com el foment de menjars saludables, com ara les fruites, b\u00e9 en presentacions naturals o, segons la temporada i els tipus de fruites, en atractius i saludables &#8220;smooties&#8221;. Pel que fa als entrepans, hi ha [&hellip;]<\/p>\n","protected":false},"author":1,"featured_media":0,"parent":63,"menu_order":20,"comment_status":"closed","ping_status":"closed","template":"page-templates\/side-menu.php","meta":{"_bbp_topic_count":0,"_bbp_reply_count":0,"_bbp_total_topic_count":0,"_bbp_total_reply_count":0,"_bbp_voice_count":0,"_bbp_anonymous_reply_count":0,"_bbp_topic_count_hidden":0,"_bbp_reply_count_hidden":0,"_bbp_forum_subforum_count":0,"site-sidebar-layout":"default","site-content-layout":"","ast-site-content-layout":"","site-content-style":"default","site-sidebar-style":"default","ast-global-header-display":"","ast-banner-title-visibility":"","ast-main-header-display":"","ast-hfb-above-header-display":"","ast-hfb-below-header-display":"","ast-hfb-mobile-header-display":"","site-post-title":"","ast-breadcrumbs-content":"","ast-featured-img":"","footer-sml-layout":"","theme-transparent-header-meta":"","adv-header-id-meta":"","stick-header-meta":"","header-above-stick-meta":"","header-main-stick-meta":"","header-below-stick-meta":"","astra-migrate-meta-layouts":"default","ast-page-background-enabled":"default","ast-page-background-meta":{"desktop":{"background-color":"var(--ast-global-color-4)","background-image":"","background-repeat":"repeat","background-position":"center center","background-size":"auto","background-attachment":"scroll","background-type":"","background-media":"","overlay-type":"","overlay-color":"","overlay-opacity":"","overlay-gradient":""},"tablet":{"background-color":"","background-image":"","background-repeat":"repeat","background-position":"center center","background-size":"auto","background-attachment":"scroll","background-type":"","background-media":"","overlay-type":"","overlay-color":"","overlay-opacity":"","overlay-gradient":""},"mobile":{"background-color":"","background-image":"","background-repeat":"repeat","background-position":"center center","background-size":"auto","background-attachment":"scroll","background-type":"","background-media":"","overlay-type":"","overlay-color":"","overlay-opacity":"","overlay-gradient":""}},"ast-content-background-meta":{"desktop":{"background-color":"var(--ast-global-color-5)","background-image":"","background-repeat":"repeat","background-position":"center center","background-size":"auto","background-attachment":"scroll","background-type":"","background-media":"","overlay-type":"","overlay-color":"","overlay-opacity":"","overlay-gradient":""},"tablet":{"background-color":"var(--ast-global-color-5)","background-image":"","background-repeat":"repeat","background-position":"center center","background-size":"auto","background-attachment":"scroll","background-type":"","background-media":"","overlay-type":"","overlay-color":"","overlay-opacity":"","overlay-gradient":""},"mobile":{"background-color":"var(--ast-global-color-5)","background-image":"","background-repeat":"repeat","background-position":"center center","background-size":"auto","background-attachment":"scroll","background-type":"","background-media":"","overlay-type":"","overlay-color":"","overlay-opacity":"","overlay-gradient":""}},"footnotes":""},"class_list":["post-69","page","type-page","status-publish","hentry"],"post_mailing_queue_ids":[],"_links":{"self":[{"href":"https:\/\/agora.xtec.cat\/iesllavaneres\/wp-json\/wp\/v2\/pages\/69","targetHints":{"allow":["GET"]}}],"collection":[{"href":"https:\/\/agora.xtec.cat\/iesllavaneres\/wp-json\/wp\/v2\/pages"}],"about":[{"href":"https:\/\/agora.xtec.cat\/iesllavaneres\/wp-json\/wp\/v2\/types\/page"}],"author":[{"embeddable":true,"href":"https:\/\/agora.xtec.cat\/iesllavaneres\/wp-json\/wp\/v2\/users\/1"}],"replies":[{"embeddable":true,"href":"https:\/\/agora.xtec.cat\/iesllavaneres\/wp-json\/wp\/v2\/comments?post=69"}],"version-history":[{"count":3,"href":"https:\/\/agora.xtec.cat\/iesllavaneres\/wp-json\/wp\/v2\/pages\/69\/revisions"}],"predecessor-version":[{"id":916,"href":"https:\/\/agora.xtec.cat\/iesllavaneres\/wp-json\/wp\/v2\/pages\/69\/revisions\/916"}],"up":[{"embeddable":true,"href":"https:\/\/agora.xtec.cat\/iesllavaneres\/wp-json\/wp\/v2\/pages\/63"}],"wp:attachment":[{"href":"https:\/\/agora.xtec.cat\/iesllavaneres\/wp-json\/wp\/v2\/media?parent=69"}],"curies":[{"name":"wp","href":"https:\/\/api.w.org\/{rel}","templated":true}]}}

<p>La cantina del centre ofereix una àmplia gamma d&#8217;alternatives per l&#8217;esmorzar dels alumnes. Prima sobretot la qualitat dels productes, així com el foment de menjars saludables, com ara les fruites, bé en presentacions naturals o, segons la temporada i els tipus de fruites, en atractius i saludables &#8220;smooties&#8221;.</p>
<p>Pel que fa als entrepans, hi ha presentacions tant del tipus &#8220;clàssic&#8221; fred o calent (pernil salat, xoriço, fuet, bull, tonyina, frankfurt, truita&#8230; etc), com vegetals amb molta variació i originalitat (formatge fresc amb tomàquet, truita de patates amb guacamole, truita amb rúcula i tomàquet, etc.)</p>
<p>Actualment, i degut a la situació sanitària, no s&#8217;ofereix el servei de plats combinats que s&#8217;oferia dilluns i dimecres a migdia.</p>
<h5><strong>Pàgina web de la Cantina: <a href="https://cantina-ies-llavaneres.webnode.es/" target="_blank" rel="noopener">Cantina INS Llavaneres</a></strong></h5>
<p>&nbsp;</p>
<p class="wnd-align-center"><strong>Horari Cantina: De dilluns a divendres : 08:40 &#8211; 12:40</strong></p>
<p><strong>Horari per fer reserves d&#8217;entrepans o d&#8217;altres:</strong></p>
<ul>
<li style="list-style-type: none;">
<ul>
<li><strong>3er i 4rt ESO  i 2on Bat de 7:35h a 7:50h</strong></li>
<li><strong>1er i  2on ESO i 1er batx. de 7:35h a 8:00h</strong></li>
</ul>
</li>
</ul>

<p>La cantina del centre ofereix una àmplia gamma d&#8217;alternatives per l&#8217;esmorzar dels alumnes. Prima sobretot la qualitat dels productes, així com el foment de menjars saludables, com ara les fruites, bé en presentacions naturals o, segons la temporada i els tipus de fruites, en atractius i saludables &#8220;smooties&#8221;. Pel que fa als entrepans, hi ha [&hellip;]</p>
