{"id":603,"date":"2021-02-15T18:43:54","date_gmt":"2021-02-15T17:43:54","guid":{"rendered":"https:\/\/agora.xtec.cat\/iesllavaneres\/?page_id=603"},"modified":"2025-10-03T10:07:00","modified_gmt":"2025-10-03T08:07:00","slug":"llengues-estrangeres-i-classiques","status":"publish","type":"page","link":"https:\/\/agora.xtec.cat\/iesllavaneres\/departaments-didactics\/llengues-estrangeres-i-classiques\/","title":{"rendered":"Lleng\u00fces Estrangeres i cl\u00e0ssiques"},"content":{"rendered":"\n<div class=\"wp-block-getwid-icon-box has-icon-left has-text-left\"><div class=\"wp-block-getwid-icon-box__icon-container is-position-top\"><div class=\"wp-block-getwid-icon-box__icon-wrapper has-text-color has-ast-global-color-0-color\" style=\"font-size:30px\"><i class=\"fas fa-folder-open\"><\/i><\/div><\/div><div class=\"wp-block-getwid-icon-box__content\">\n<h3 class=\"wp-block-heading has-ast-global-color-0-color has-text-color has-link-color wp-elements-90cffc414f44dfc96901d778ce3fa426\"><a href=\"https:\/\/drive.google.com\/drive\/folders\/1lpvkqu_1lC7047NBjdjJOxlFJBfsxSru?usp=sharing\" target=\"_blank\" rel=\"noreferrer noopener\">Criteris de qualificaci\u00f3 i d&#8217;avaluaci\u00f3 25\/26<\/a><\/h3>\n<\/div><\/div>\n\n\n\n<p><a href=\"https:\/\/agora.xtec.cat\/iesllavaneres\/wp-content\/uploads\/usu2229\/2024\/09\/Cambridge-First-assessment-criteria-24-25.pdf\"><strong>Cambridge FCE: criteris qualificaci\u00f3\/avaluaci\u00f3<\/strong><\/a><\/p>\n\n\n\n<h4 class=\"wp-block-heading entry-title has-medium-font-size\">Lleng\u00fces estrangeres \u2013 Angl\u00e8s<\/h4>\n\n\n\n<p><strong>Membres del departament:<\/strong><\/p>\n\n\n\n<p>Barrufet, Anna (Coordinadora batxillerat)<\/p>\n\n\n\n<p>Fontanals, Gemma<\/p>\n\n\n\n<p>Mora, Montserrat (Cap de departament)<\/p>\n\n\n\n<p>Navarro, Anna<\/p>\n\n\n\n<p>Puigv\u00ed, Anna<\/p>\n\n\n\n<p>Salas, Mar<\/p>\n\n\n\n<h4 class=\"wp-block-heading entry-title has-medium-font-size\">Lleng\u00fces Estrangeres i cl\u00e0ssiques: franc\u00e8s, alemany, llat\u00ed i grec<\/h4>\n\n\n\n<p><strong>Membres del departament:<\/strong><\/p>\n\n\n\n<p>Piquer, Irene<\/p>\n\n\n\n<p>Sartorio, Guillem<\/p>\n","protected":false},"excerpt":{"rendered":"<p>Cambridge FCE: criteris qualificaci\u00f3\/avaluaci\u00f3 Lleng\u00fces estrangeres \u2013 Angl\u00e8s Membres del departament: Barrufet, Anna (Coordinadora batxillerat) Fontanals, Gemma Mora, Montserrat (Cap de departament) Navarro, Anna Puigv\u00ed, Anna Salas, Mar Lleng\u00fces Estrangeres i cl\u00e0ssiques: franc\u00e8s, alemany, llat\u00ed i grec Membres del departament: Piquer, Irene Sartorio, Guillem<\/p>\n","protected":false},"author":1,"featured_media":0,"parent":578,"menu_order":0,"comment_status":"closed","ping_status":"closed","template":"","meta":{"_bbp_topic_count":0,"_bbp_reply_count":0,"_bbp_total_topic_count":0,"_bbp_total_reply_count":0,"_bbp_voice_count":0,"_bbp_anonymous_reply_count":0,"_bbp_topic_count_hidden":0,"_bbp_reply_count_hidden":0,"_bbp_forum_subforum_count":0,"site-sidebar-layout":"default","site-content-layout":"","ast-site-content-layout":"default","site-content-style":"default","site-sidebar-style":"default","ast-global-header-display":"","ast-banner-title-visibility":"","ast-main-header-display":"","ast-hfb-above-header-display":"","ast-hfb-below-header-display":"","ast-hfb-mobile-header-display":"","site-post-title":"","ast-breadcrumbs-content":"","ast-featured-img":"","footer-sml-layout":"","theme-transparent-header-meta":"","adv-header-id-meta":"","stick-header-meta":"","header-above-stick-meta":"","header-main-stick-meta":"","header-below-stick-meta":"","astra-migrate-meta-layouts":"set","ast-page-background-enabled":"default","ast-page-background-meta":{"desktop":{"background-color":"var(--ast-global-color-4)","background-image":"","background-repeat":"repeat","background-position":"center center","background-size":"auto","background-attachment":"scroll","background-type":"","background-media":"","overlay-type":"","overlay-color":"","overlay-opacity":"","overlay-gradient":""},"tablet":{"background-color":"","background-image":"","background-repeat":"repeat","background-position":"center center","background-size":"auto","background-attachment":"scroll","background-type":"","background-media":"","overlay-type":"","overlay-color":"","overlay-opacity":"","overlay-gradient":""},"mobile":{"background-color":"","background-image":"","background-repeat":"repeat","background-position":"center center","background-size":"auto","background-attachment":"scroll","background-type":"","background-media":"","overlay-type":"","overlay-color":"","overlay-opacity":"","overlay-gradient":""}},"ast-content-background-meta":{"desktop":{"background-color":"var(--ast-global-color-5)","background-image":"","background-repeat":"repeat","background-position":"center center","background-size":"auto","background-attachment":"scroll","background-type":"","background-media":"","overlay-type":"","overlay-color":"","overlay-opacity":"","overlay-gradient":""},"tablet":{"background-color":"var(--ast-global-color-5)","background-image":"","background-repeat":"repeat","background-position":"center center","background-size":"auto","background-attachment":"scroll","background-type":"","background-media":"","overlay-type":"","overlay-color":"","overlay-opacity":"","overlay-gradient":""},"mobile":{"background-color":"var(--ast-global-color-5)","background-image":"","background-repeat":"repeat","background-position":"center center","background-size":"auto","background-attachment":"scroll","background-type":"","background-media":"","overlay-type":"","overlay-color":"","overlay-opacity":"","overlay-gradient":""}},"footnotes":""},"class_list":["post-603","page","type-page","status-publish","hentry"],"post_mailing_queue_ids":[],"_links":{"self":[{"href":"https:\/\/agora.xtec.cat\/iesllavaneres\/wp-json\/wp\/v2\/pages\/603","targetHints":{"allow":["GET"]}}],"collection":[{"href":"https:\/\/agora.xtec.cat\/iesllavaneres\/wp-json\/wp\/v2\/pages"}],"about":[{"href":"https:\/\/agora.xtec.cat\/iesllavaneres\/wp-json\/wp\/v2\/types\/page"}],"author":[{"embeddable":true,"href":"https:\/\/agora.xtec.cat\/iesllavaneres\/wp-json\/wp\/v2\/users\/1"}],"replies":[{"embeddable":true,"href":"https:\/\/agora.xtec.cat\/iesllavaneres\/wp-json\/wp\/v2\/comments?post=603"}],"version-history":[{"count":6,"href":"https:\/\/agora.xtec.cat\/iesllavaneres\/wp-json\/wp\/v2\/pages\/603\/revisions"}],"predecessor-version":[{"id":5188,"href":"https:\/\/agora.xtec.cat\/iesllavaneres\/wp-json\/wp\/v2\/pages\/603\/revisions\/5188"}],"up":[{"embeddable":true,"href":"https:\/\/agora.xtec.cat\/iesllavaneres\/wp-json\/wp\/v2\/pages\/578"}],"wp:attachment":[{"href":"https:\/\/agora.xtec.cat\/iesllavaneres\/wp-json\/wp\/v2\/media?parent=603"}],"curies":[{"name":"wp","href":"https:\/\/api.w.org\/{rel}","templated":true}]}}

Llengües Estrangeres i clàssiques

<div class="wp-block-getwid-icon-box has-icon-left has-text-left"><div class="wp-block-getwid-icon-box__icon-container is-position-top"><div class="wp-block-getwid-icon-box__icon-wrapper has-text-color has-ast-global-color-0-color" style="font-size:30px"><i class="fas fa-folder-open"></i></div></div><div class="wp-block-getwid-icon-box__content">
<h3 class="wp-block-heading has-ast-global-color-0-color has-text-color has-link-color wp-elements-90cffc414f44dfc96901d778ce3fa426"><a href="https://drive.google.com/drive/folders/1lpvkqu_1lC7047NBjdjJOxlFJBfsxSru?usp=sharing" target="_blank" rel="noreferrer noopener">Criteris de qualificació i d&#8217;avaluació 25/26</a></h3>
</div></div>



<p><a href="https://agora.xtec.cat/iesllavaneres/wp-content/uploads/usu2229/2024/09/Cambridge-First-assessment-criteria-24-25.pdf"><strong>Cambridge FCE: criteris qualificació/avaluació</strong></a></p>



<h4 class="wp-block-heading entry-title has-medium-font-size">Llengües estrangeres – Anglès</h4>



<p><strong>Membres del departament:</strong></p>



<p>Barrufet, Anna (Coordinadora batxillerat)</p>



<p>Fontanals, Gemma</p>



<p>Mora, Montserrat (Cap de departament)</p>



<p>Navarro, Anna</p>



<p>Puigví, Anna</p>



<p>Salas, Mar</p>



<h4 class="wp-block-heading entry-title has-medium-font-size">Llengües Estrangeres i clàssiques: francès, alemany, llatí i grec</h4>



<p><strong>Membres del departament:</strong></p>



<p>Piquer, Irene</p>



<p>Sartorio, Guillem</p>

<p>Cambridge FCE: criteris qualificació/avaluació Llengües estrangeres – Anglès Membres del departament: Barrufet, Anna (Coordinadora batxillerat) Fontanals, Gemma Mora, Montserrat (Cap de departament) Navarro, Anna Puigví, Anna Salas, Mar Llengües Estrangeres i clàssiques: francès, alemany, llatí i grec Membres del departament: Piquer, Irene Sartorio, Guillem</p>
