{"id":49,"date":"2014-09-17T16:55:55","date_gmt":"2014-09-17T16:55:55","guid":{"rendered":"http:\/\/agora.xtec.cat\/iesllavaneres\/?page_id=49"},"modified":"2021-02-14T18:15:45","modified_gmt":"2021-02-14T17:15:45","slug":"normes-dorganitzacio-i-funcionament","status":"publish","type":"page","link":"https:\/\/agora.xtec.cat\/iesllavaneres\/linstitut\/normes-dorganitzacio-i-funcionament\/","title":{"rendered":"Normes i funcionament"},"content":{"rendered":"<h4 class=\"entry-title\"><span style=\"color: #33cccc;\"><em style=\"font-family: inherit; font-size: 1em; font-weight: normal;\"><strong>Abs\u00e8ncies, retards i exclusions de classe:<\/strong><\/em><\/span><\/h4>\n<div class=\"entry-content\">\n<p>Hi ha un control informatitzat d\u2019abs\u00e8ncies i retards.<\/p>\n<p>Els tutors reben resums setmanals o quinzenals de les incid\u00e8ncies, i les transmeten a les fam\u00edlies si cal.<\/p>\n<p>Es poden fer resums individuals d\u2019incid\u00e8ncies per a les entrevistes amb les fam\u00edlies.<\/p>\n<p>Les fam\u00edlies poden consultar a trav\u00e9s d\u2019Internet les incid\u00e8ncies i notes dels seus fills\/es (cal donar consentiment i recollir nom d\u2019usuari i contrasenya).<\/p>\n<h4><span style=\"color: #33cccc;\"><em><strong>Algunes normes:<\/strong><\/em><\/span><\/h4>\n<ul>\n<li>L<b>\u2019acumulaci\u00f3 de faltes injustificades de puntualitat i d\u2019assist\u00e8ncia<\/b> seran considerades com a conductes contr\u00e0ries a les normes de conviv\u00e8ncia del centre.<\/li>\n<li>L\u2019acumulaci\u00f3 d\u2019un m\u00ednim de <b>deu faltes d\u2019assist\u00e8ncia no justificades<\/b> implicar\u00e0 un comunicat per escrit als pares i l\u2019obligaci\u00f3 d\u2019assistir a <b>una hora fora de l\u2019horari habitual de l\u2019alumne, per realitzar tasques educadores<\/b>.<\/li>\n<li>L\u2019acumulaci\u00f3 de <b>trenta faltes d\u2019assist\u00e8ncia no justificades<\/b> tindr\u00e0 la consideraci\u00f3 de <b>conducta greument perjudicial<\/b> per a la conviv\u00e8ncia en el centre, d\u2019acord al que preveu l\u2019article 36 g) i comportar\u00e0 l\u2019obertura d\u2019<b>expedient disciplinari<\/b>.<\/li>\n<li>L\u2019acumulaci\u00f3 de deu <b>retards<\/b> \u00e9s una falta sancionable amb la realitzaci\u00f3 de treball per al centre a l\u2019hora d\u2019esbarjo o el dimecres a la tarda.<\/li>\n<li>Es considerar\u00e0 <b>conducta greument perjudicial per a la conviv\u00e8ncia en el centre, qualificada com a falta<\/b>, el fet que un alumne <b>abandoni el recinte escolar sense autoritzaci\u00f3<\/b>. Es comunicar\u00e0 la falta als pares i ser\u00e0 sancionada.<\/li>\n<li><b>No \u00e9s perm\u00e8s menjar ni beure <\/b>dintre de les aules o espais similars del centre a excepci\u00f3 dels dies que per inclem\u00e8ncies del temps no es pugui sortir al pati a l\u2019hora d\u2019esbarjo. A l\u2019hora de classe, queda expressament prohibit menjar xiclets, pipes, caramels i similars.<\/li>\n<li>Es consideraran conductes contr\u00e0ries a les normes de conviv\u00e8ncia del centre les seg\u00fcents:\n<ul>\n<li>Els actes d\u2019incorrecci\u00f3 o desconsideraci\u00f3 amb els altres membres de la comunitat educativa<\/li>\n<li>Els actes d\u2019indisciplina i les inj\u00faries o les ofenses contra membres de la comunitat educativa.<\/li>\n<li>El deteriorament, desperfectes, brut\u00edcia, desordre, causats intencionadament, de les depend\u00e8ncies del centre, del material d\u2019aquest o de la comunitat educativa.<\/li>\n<li><b>Els timbres de tel\u00e8fons m\u00f2bils, rellotges o altres aparells.<\/b><\/li>\n<li>Les interrupcions d\u2019alumnes que demanen poder recollir carpetes, llibres, o altres coses.<\/li>\n<li>La <b>utilitzaci\u00f3 d\u2019aparells de m\u00fasica<\/b> a classe sense autoritzaci\u00f3 espec\u00edfica per part del professor responsable.<\/li>\n<li><b>La captaci\u00f3, utilitzaci\u00f3 o difusi\u00f3 d\u2019imatges de membres de la Comunitat Educativa.<\/b><\/li>\n<\/ul>\n<\/li>\n<\/ul>\n<p>&nbsp;<\/p>\n<p>La Comissi\u00f3 de Conviv\u00e8ncia, nomenada cada curs pel Consell Escolar, estudia i sanciona les conductes contr\u00e0ries a les normes de conviv\u00e8ncia del centre.<\/p>\n<\/div>\n<p>&nbsp;<\/p>\n","protected":false},"excerpt":{"rendered":"<p>Abs\u00e8ncies, retards i exclusions de classe: Hi ha un control informatitzat d\u2019abs\u00e8ncies i retards. Els tutors reben resums setmanals o quinzenals de les incid\u00e8ncies, i les transmeten a les fam\u00edlies si cal. Es poden fer resums individuals d\u2019incid\u00e8ncies per a les entrevistes amb les fam\u00edlies. Les fam\u00edlies poden consultar a trav\u00e9s d\u2019Internet les incid\u00e8ncies i [&hellip;]<\/p>\n","protected":false},"author":1,"featured_media":0,"parent":19,"menu_order":60,"comment_status":"closed","ping_status":"closed","template":"page-templates\/side-menu.php","meta":{"_bbp_topic_count":0,"_bbp_reply_count":0,"_bbp_total_topic_count":0,"_bbp_total_reply_count":0,"_bbp_voice_count":0,"_bbp_anonymous_reply_count":0,"_bbp_topic_count_hidden":0,"_bbp_reply_count_hidden":0,"_bbp_forum_subforum_count":0,"site-sidebar-layout":"default","site-content-layout":"","ast-site-content-layout":"","site-content-style":"default","site-sidebar-style":"default","ast-global-header-display":"","ast-banner-title-visibility":"","ast-main-header-display":"","ast-hfb-above-header-display":"","ast-hfb-below-header-display":"","ast-hfb-mobile-header-display":"","site-post-title":"","ast-breadcrumbs-content":"","ast-featured-img":"","footer-sml-layout":"","theme-transparent-header-meta":"","adv-header-id-meta":"","stick-header-meta":"","header-above-stick-meta":"","header-main-stick-meta":"","header-below-stick-meta":"","astra-migrate-meta-layouts":"default","ast-page-background-enabled":"default","ast-page-background-meta":{"desktop":{"background-color":"var(--ast-global-color-4)","background-image":"","background-repeat":"repeat","background-position":"center center","background-size":"auto","background-attachment":"scroll","background-type":"","background-media":"","overlay-type":"","overlay-color":"","overlay-opacity":"","overlay-gradient":""},"tablet":{"background-color":"","background-image":"","background-repeat":"repeat","background-position":"center center","background-size":"auto","background-attachment":"scroll","background-type":"","background-media":"","overlay-type":"","overlay-color":"","overlay-opacity":"","overlay-gradient":""},"mobile":{"background-color":"","background-image":"","background-repeat":"repeat","background-position":"center center","background-size":"auto","background-attachment":"scroll","background-type":"","background-media":"","overlay-type":"","overlay-color":"","overlay-opacity":"","overlay-gradient":""}},"ast-content-background-meta":{"desktop":{"background-color":"var(--ast-global-color-5)","background-image":"","background-repeat":"repeat","background-position":"center center","background-size":"auto","background-attachment":"scroll","background-type":"","background-media":"","overlay-type":"","overlay-color":"","overlay-opacity":"","overlay-gradient":""},"tablet":{"background-color":"var(--ast-global-color-5)","background-image":"","background-repeat":"repeat","background-position":"center center","background-size":"auto","background-attachment":"scroll","background-type":"","background-media":"","overlay-type":"","overlay-color":"","overlay-opacity":"","overlay-gradient":""},"mobile":{"background-color":"var(--ast-global-color-5)","background-image":"","background-repeat":"repeat","background-position":"center center","background-size":"auto","background-attachment":"scroll","background-type":"","background-media":"","overlay-type":"","overlay-color":"","overlay-opacity":"","overlay-gradient":""}},"footnotes":""},"class_list":["post-49","page","type-page","status-publish","hentry"],"post_mailing_queue_ids":[],"_links":{"self":[{"href":"https:\/\/agora.xtec.cat\/iesllavaneres\/wp-json\/wp\/v2\/pages\/49","targetHints":{"allow":["GET"]}}],"collection":[{"href":"https:\/\/agora.xtec.cat\/iesllavaneres\/wp-json\/wp\/v2\/pages"}],"about":[{"href":"https:\/\/agora.xtec.cat\/iesllavaneres\/wp-json\/wp\/v2\/types\/page"}],"author":[{"embeddable":true,"href":"https:\/\/agora.xtec.cat\/iesllavaneres\/wp-json\/wp\/v2\/users\/1"}],"replies":[{"embeddable":true,"href":"https:\/\/agora.xtec.cat\/iesllavaneres\/wp-json\/wp\/v2\/comments?post=49"}],"version-history":[{"count":2,"href":"https:\/\/agora.xtec.cat\/iesllavaneres\/wp-json\/wp\/v2\/pages\/49\/revisions"}],"predecessor-version":[{"id":577,"href":"https:\/\/agora.xtec.cat\/iesllavaneres\/wp-json\/wp\/v2\/pages\/49\/revisions\/577"}],"up":[{"embeddable":true,"href":"https:\/\/agora.xtec.cat\/iesllavaneres\/wp-json\/wp\/v2\/pages\/19"}],"wp:attachment":[{"href":"https:\/\/agora.xtec.cat\/iesllavaneres\/wp-json\/wp\/v2\/media?parent=49"}],"curies":[{"name":"wp","href":"https:\/\/api.w.org\/{rel}","templated":true}]}}

<h4 class="entry-title"><span style="color: #33cccc;"><em style="font-family: inherit; font-size: 1em; font-weight: normal;"><strong>Absències, retards i exclusions de classe:</strong></em></span></h4>
<div class="entry-content">
<p>Hi ha un control informatitzat d’absències i retards.</p>
<p>Els tutors reben resums setmanals o quinzenals de les incidències, i les transmeten a les famílies si cal.</p>
<p>Es poden fer resums individuals d’incidències per a les entrevistes amb les famílies.</p>
<p>Les famílies poden consultar a través d’Internet les incidències i notes dels seus fills/es (cal donar consentiment i recollir nom d’usuari i contrasenya).</p>
<h4><span style="color: #33cccc;"><em><strong>Algunes normes:</strong></em></span></h4>
<ul>
<li>L<b>’acumulació de faltes injustificades de puntualitat i d’assistència</b> seran considerades com a conductes contràries a les normes de convivència del centre.</li>
<li>L’acumulació d’un mínim de <b>deu faltes d’assistència no justificades</b> implicarà un comunicat per escrit als pares i l’obligació d’assistir a <b>una hora fora de l’horari habitual de l’alumne, per realitzar tasques educadores</b>.</li>
<li>L’acumulació de <b>trenta faltes d’assistència no justificades</b> tindrà la consideració de <b>conducta greument perjudicial</b> per a la convivència en el centre, d’acord al que preveu l’article 36 g) i comportarà l’obertura d’<b>expedient disciplinari</b>.</li>
<li>L’acumulació de deu <b>retards</b> és una falta sancionable amb la realització de treball per al centre a l’hora d’esbarjo o el dimecres a la tarda.</li>
<li>Es considerarà <b>conducta greument perjudicial per a la convivència en el centre, qualificada com a falta</b>, el fet que un alumne <b>abandoni el recinte escolar sense autorització</b>. Es comunicarà la falta als pares i serà sancionada.</li>
<li><b>No és permès menjar ni beure </b>dintre de les aules o espais similars del centre a excepció dels dies que per inclemències del temps no es pugui sortir al pati a l’hora d’esbarjo. A l’hora de classe, queda expressament prohibit menjar xiclets, pipes, caramels i similars.</li>
<li>Es consideraran conductes contràries a les normes de convivència del centre les següents:
<ul>
<li>Els actes d’incorrecció o desconsideració amb els altres membres de la comunitat educativa</li>
<li>Els actes d’indisciplina i les injúries o les ofenses contra membres de la comunitat educativa.</li>
<li>El deteriorament, desperfectes, brutícia, desordre, causats intencionadament, de les dependències del centre, del material d’aquest o de la comunitat educativa.</li>
<li><b>Els timbres de telèfons mòbils, rellotges o altres aparells.</b></li>
<li>Les interrupcions d’alumnes que demanen poder recollir carpetes, llibres, o altres coses.</li>
<li>La <b>utilització d’aparells de música</b> a classe sense autorització específica per part del professor responsable.</li>
<li><b>La captació, utilització o difusió d’imatges de membres de la Comunitat Educativa.</b></li>
</ul>
</li>
</ul>
<p>&nbsp;</p>
<p>La Comissió de Convivència, nomenada cada curs pel Consell Escolar, estudia i sanciona les conductes contràries a les normes de convivència del centre.</p>
</div>
<p>&nbsp;</p>

<p>Absències, retards i exclusions de classe: Hi ha un control informatitzat d’absències i retards. Els tutors reben resums setmanals o quinzenals de les incidències, i les transmeten a les famílies si cal. Es poden fer resums individuals d’incidències per a les entrevistes amb les famílies. Les famílies poden consultar a través d’Internet les incidències i [&hellip;]</p>
