{"id":43,"date":"2014-09-17T16:45:07","date_gmt":"2014-09-17T16:45:07","guid":{"rendered":"http:\/\/agora.xtec.cat\/iesllavaneres\/?page_id=43"},"modified":"2025-11-27T09:28:13","modified_gmt":"2025-11-27T08:28:13","slug":"consell-escolar","status":"publish","type":"page","link":"https:\/\/agora.xtec.cat\/iesllavaneres\/linstitut\/consell-escolar\/","title":{"rendered":"Consell escolar"},"content":{"rendered":"\n<p>Membres del Consell Escolar:<\/p>\n\n\n\n<figure class=\"wp-block-table\"><table class=\"has-black-color has-text-color has-link-color has-fixed-layout\"><tbody><tr><td>Professorat per ra\u00f3 de c\u00e0rrec directiu<\/td><td>Saez Espasa, Gabriel<br><em>Director i president del Consell Escolar<\/em><br><br>Barea Ruiz, Estefan\u00eda<br><em>Cap d\u2019Estudis<\/em><br><p>Vesa Blanes, Laura<br><em>Secretaria<\/em><\/p><\/td><\/tr><tr><td>Representaci\u00f3 del professorat<\/td><td>Barrufet Rovira, Anna. 2023-27.<br>Blay Boqu\u00e9, Pep. 2025-29.<br>Luque Cuenca, Laura. 2023-27.<br>Mora Bertran, Montse. 2025-29.<br>Sartorio Cervera, Guillem. 2025-29.<br>Vendrell Xixons, C\u00e8lia. 2023-27.<br><br><\/td><\/tr><tr><td>Representaci\u00f3 de l\u2019alumnat<\/td><td>Giralt Plata, Marta. 2023-27.<br>Mateu Ca\u00f1ellas, Sergi. 2025-29.<br>Ruiz Guzm\u00e1n, Al\u00e8xia. 2025-29.<br><\/td><\/tr><tr><td>Representaci\u00f3 de pares d\u2019alumnes<\/td><td>Laso Moreno, Elisabet. 2025-29.<br>M\u00e9ndez Calvente, Maribel. 2023-27.<br>Ferrer Prat, Ignasi. Designaci\u00f3 AFA.<\/td><\/tr><tr><td>Representaci\u00f3 del personal d\u2019administraci\u00f3 i Serveis (PAS)<\/td><td>&nbsp;Llad\u00f3 Font, Teresa. 2025-29.<\/td><\/tr><tr><td>Representaci\u00f3 de l\u2019Ajuntament de Sant Andreu de Llavaneres<\/td><td>Arnau Vergel, Joan. Designaci\u00f3.<\/td><\/tr><\/tbody><\/table><\/figure>\n\n\n\n<p>Els anys de representaci\u00f3 de cada membre estan al costat en funci\u00f3 de substituci\u00f3, nova elecci\u00f3 o designaci\u00f3.<\/p>\n\n\n\n<p>Institut Llavaneres<br>27 de novembre de 2025<\/p>\n\n\n\n<p><a href=\"https:\/\/agora.xtec.cat\/iesllavaneres\/wp-content\/uploads\/usu2229\/2025\/10\/Acords.pdf\">Atribucions i funcionament Consell Escolar<\/a><\/p>\n\n\n\n<p><a href=\"https:\/\/agora.xtec.cat\/iesllavaneres\/wp-content\/uploads\/usu2229\/2025\/01\/Acords_-consell_escolar.pdf\">Acords Consell Escolar 2024\/25<\/a><\/p>\n","protected":false},"excerpt":{"rendered":"<p>Membres del Consell Escolar: Professorat per ra\u00f3 de c\u00e0rrec directiu Saez Espasa, GabrielDirector i president del Consell Escolar Barea Ruiz, Estefan\u00edaCap d\u2019Estudis Vesa Blanes, LauraSecretaria Representaci\u00f3 del professorat Barrufet Rovira, Anna. 2023-27.Blay Boqu\u00e9, Pep. 2025-29.Luque Cuenca, Laura. 2023-27.Mora Bertran, Montse. 2025-29.Sartorio Cervera, Guillem. 2025-29.Vendrell Xixons, C\u00e8lia. 2023-27. Representaci\u00f3 de l\u2019alumnat Giralt Plata, Marta. 2023-27.Mateu Ca\u00f1ellas, [&hellip;]<\/p>\n","protected":false},"author":1,"featured_media":0,"parent":19,"menu_order":40,"comment_status":"closed","ping_status":"closed","template":"","meta":{"_bbp_topic_count":0,"_bbp_reply_count":0,"_bbp_total_topic_count":0,"_bbp_total_reply_count":0,"_bbp_voice_count":0,"_bbp_anonymous_reply_count":0,"_bbp_topic_count_hidden":0,"_bbp_reply_count_hidden":0,"_bbp_forum_subforum_count":0,"site-sidebar-layout":"default","site-content-layout":"","ast-site-content-layout":"default","site-content-style":"default","site-sidebar-style":"default","ast-global-header-display":"","ast-banner-title-visibility":"","ast-main-header-display":"","ast-hfb-above-header-display":"","ast-hfb-below-header-display":"","ast-hfb-mobile-header-display":"","site-post-title":"","ast-breadcrumbs-content":"","ast-featured-img":"","footer-sml-layout":"","theme-transparent-header-meta":"","adv-header-id-meta":"","stick-header-meta":"","header-above-stick-meta":"","header-main-stick-meta":"","header-below-stick-meta":"","astra-migrate-meta-layouts":"set","ast-page-background-enabled":"default","ast-page-background-meta":{"desktop":{"background-color":"var(--ast-global-color-4)","background-image":"","background-repeat":"repeat","background-position":"center center","background-size":"auto","background-attachment":"scroll","background-type":"","background-media":"","overlay-type":"","overlay-color":"","overlay-opacity":"","overlay-gradient":""},"tablet":{"background-color":"","background-image":"","background-repeat":"repeat","background-position":"center center","background-size":"auto","background-attachment":"scroll","background-type":"","background-media":"","overlay-type":"","overlay-color":"","overlay-opacity":"","overlay-gradient":""},"mobile":{"background-color":"","background-image":"","background-repeat":"repeat","background-position":"center center","background-size":"auto","background-attachment":"scroll","background-type":"","background-media":"","overlay-type":"","overlay-color":"","overlay-opacity":"","overlay-gradient":""}},"ast-content-background-meta":{"desktop":{"background-color":"var(--ast-global-color-5)","background-image":"","background-repeat":"repeat","background-position":"center center","background-size":"auto","background-attachment":"scroll","background-type":"","background-media":"","overlay-type":"","overlay-color":"","overlay-opacity":"","overlay-gradient":""},"tablet":{"background-color":"var(--ast-global-color-5)","background-image":"","background-repeat":"repeat","background-position":"center center","background-size":"auto","background-attachment":"scroll","background-type":"","background-media":"","overlay-type":"","overlay-color":"","overlay-opacity":"","overlay-gradient":""},"mobile":{"background-color":"var(--ast-global-color-5)","background-image":"","background-repeat":"repeat","background-position":"center center","background-size":"auto","background-attachment":"scroll","background-type":"","background-media":"","overlay-type":"","overlay-color":"","overlay-opacity":"","overlay-gradient":""}},"footnotes":""},"class_list":["post-43","page","type-page","status-publish","hentry"],"post_mailing_queue_ids":[],"_links":{"self":[{"href":"https:\/\/agora.xtec.cat\/iesllavaneres\/wp-json\/wp\/v2\/pages\/43","targetHints":{"allow":["GET"]}}],"collection":[{"href":"https:\/\/agora.xtec.cat\/iesllavaneres\/wp-json\/wp\/v2\/pages"}],"about":[{"href":"https:\/\/agora.xtec.cat\/iesllavaneres\/wp-json\/wp\/v2\/types\/page"}],"author":[{"embeddable":true,"href":"https:\/\/agora.xtec.cat\/iesllavaneres\/wp-json\/wp\/v2\/users\/1"}],"replies":[{"embeddable":true,"href":"https:\/\/agora.xtec.cat\/iesllavaneres\/wp-json\/wp\/v2\/comments?post=43"}],"version-history":[{"count":6,"href":"https:\/\/agora.xtec.cat\/iesllavaneres\/wp-json\/wp\/v2\/pages\/43\/revisions"}],"predecessor-version":[{"id":5374,"href":"https:\/\/agora.xtec.cat\/iesllavaneres\/wp-json\/wp\/v2\/pages\/43\/revisions\/5374"}],"up":[{"embeddable":true,"href":"https:\/\/agora.xtec.cat\/iesllavaneres\/wp-json\/wp\/v2\/pages\/19"}],"wp:attachment":[{"href":"https:\/\/agora.xtec.cat\/iesllavaneres\/wp-json\/wp\/v2\/media?parent=43"}],"curies":[{"name":"wp","href":"https:\/\/api.w.org\/{rel}","templated":true}]}}

<p>Membres del Consell Escolar:</p>



<figure class="wp-block-table"><table class="has-black-color has-text-color has-link-color has-fixed-layout"><tbody><tr><td>Professorat per raó de càrrec directiu</td><td>Saez Espasa, Gabriel<br><em>Director i president del Consell Escolar</em><br><br>Barea Ruiz, Estefanía<br><em>Cap d’Estudis</em><br><p>Vesa Blanes, Laura<br><em>Secretaria</em></p></td></tr><tr><td>Representació del professorat</td><td>Barrufet Rovira, Anna. 2023-27.<br>Blay Boqué, Pep. 2025-29.<br>Luque Cuenca, Laura. 2023-27.<br>Mora Bertran, Montse. 2025-29.<br>Sartorio Cervera, Guillem. 2025-29.<br>Vendrell Xixons, Cèlia. 2023-27.<br><br></td></tr><tr><td>Representació de l’alumnat</td><td>Giralt Plata, Marta. 2023-27.<br>Mateu Cañellas, Sergi. 2025-29.<br>Ruiz Guzmán, Alèxia. 2025-29.<br></td></tr><tr><td>Representació de pares d’alumnes</td><td>Laso Moreno, Elisabet. 2025-29.<br>Méndez Calvente, Maribel. 2023-27.<br>Ferrer Prat, Ignasi. Designació AFA.</td></tr><tr><td>Representació del personal d’administració i Serveis (PAS)</td><td>&nbsp;Lladó Font, Teresa. 2025-29.</td></tr><tr><td>Representació de l’Ajuntament de Sant Andreu de Llavaneres</td><td>Arnau Vergel, Joan. Designació.</td></tr></tbody></table></figure>



<p>Els anys de representació de cada membre estan al costat en funció de substitució, nova elecció o designació.</p>



<p>Institut Llavaneres<br>27 de novembre de 2025</p>



<p><a href="https://agora.xtec.cat/iesllavaneres/wp-content/uploads/usu2229/2025/10/Acords.pdf">Atribucions i funcionament Consell Escolar</a></p>



<p><a href="https://agora.xtec.cat/iesllavaneres/wp-content/uploads/usu2229/2025/01/Acords_-consell_escolar.pdf">Acords Consell Escolar 2024/25</a></p>

<p>Membres del Consell Escolar: Professorat per raó de càrrec directiu Saez Espasa, GabrielDirector i president del Consell Escolar Barea Ruiz, EstefaníaCap d’Estudis Vesa Blanes, LauraSecretaria Representació del professorat Barrufet Rovira, Anna. 2023-27.Blay Boqué, Pep. 2025-29.Luque Cuenca, Laura. 2023-27.Mora Bertran, Montse. 2025-29.Sartorio Cervera, Guillem. 2025-29.Vendrell Xixons, Cèlia. 2023-27. Representació de l’alumnat Giralt Plata, Marta. 2023-27.Mateu Cañellas, [&hellip;]</p>
