{"id":1080,"date":"2021-11-24T22:48:55","date_gmt":"2021-11-24T21:48:55","guid":{"rendered":"https:\/\/agora.xtec.cat\/iesllavaneres\/?page_id=1080"},"modified":"2023-05-18T20:50:11","modified_gmt":"2023-05-18T18:50:11","slug":"com-ens-organitzem","status":"publish","type":"page","link":"https:\/\/agora.xtec.cat\/iesllavaneres\/afa\/com-ens-organitzem\/","title":{"rendered":"Com ens organitzem?"},"content":{"rendered":"<p>L\u2019\u00f2rgan de govern de l\u2019Associaci\u00f3 \u00e9s la <strong>Junta<\/strong>. Aquesta regeix, administra i representa l\u2019Associaci\u00f3 i est\u00e0 formada pel president\/a, el vicepresident\/a, el secretari\/a, el tresorer\/a i els vocals.<\/p>\n<p>L\u2019elecci\u00f3 dels membres de la Junta, que han de ser socis, es fa per votaci\u00f3 de <strong>l\u2019Assemblea General, <\/strong>que \u00e9s l\u2019\u00f2rgan sobir\u00e0 de l\u2019Associaci\u00f3. L\u2019Assemblea General de Socis es reuneix una vegada a l\u2019any.<\/p>\n<p>Estem organitzats en <strong>comissions <\/strong>o grups de treball, dedicats a una tasca concreta. Cada grup de treball t\u00e9 un vocal a la Junta:<\/p>\n<ul>\n<li><strong>Projecte: <\/strong>Reunions continuades amb la Direcci\u00f3 per con\u00e8ixer necessitats del projecte educatiu.<\/li>\n<li><strong>Comunicaci\u00f3: <\/strong>T\u00e9 el prop\u00f2sit de donar visibilitat i transpar\u00e8ncia a la gesti\u00f3 de l\u2019associaci\u00f3, i coordinar la comunicaci\u00f3 entre fam\u00edlies, AFA i Institut, buscant de forma especial la implicaci\u00f3 i participaci\u00f3 de tots i totes.<\/li>\n<li><strong>Social: <\/strong>S\u2019encarrega d\u2019organitzar i participar en aquelles activitats socials en les que hi participen els nostres fills i filles, com les festes de Graduaci\u00f3 de 4art d\u2019ESO i 2on Batxillerat.<\/li>\n<li><strong>Consells Escolars: <\/strong>Participa i representa a l\u2019AFA als Consells Escolars del centre i al Consell Escolar Municipal.<\/li>\n<li><strong>Solidaritat i cultura: <\/strong>S\u2019encarrega de refor\u00e7ar els valors que ajudin als nostres fills i filles a ser socialment responsables, a trav\u00e9s de Campanyes i actuacions solid\u00e0ries, tallers, xerrades, etc.<\/li>\n<\/ul>\n<p>Les Juntes Ordin\u00e0ries de l\u2019AFA\u00a0 es celebren habitualment en reunions trimestrals. S\u00f3n reunions obertes a totes les fam\u00edlies s\u00f2cies de l\u2019AFA de l\u2019Institut, i tothom pot col.laborar de forma puntual o recurrent.<\/p>\n<p>L\u2019AFA envia una convocat\u00f2ria a totes les fam\u00edlies que hagin cedit les seves dades de contacte a l\u2019AFA per a tal fi.<\/p>\n","protected":false},"excerpt":{"rendered":"<p>L\u2019\u00f2rgan de govern de l\u2019Associaci\u00f3 \u00e9s la Junta. Aquesta regeix, administra i representa l\u2019Associaci\u00f3 i est\u00e0 formada pel president\/a, el vicepresident\/a, el secretari\/a, el tresorer\/a i els vocals. L\u2019elecci\u00f3 dels membres de la Junta, que han de ser socis, es fa per votaci\u00f3 de l\u2019Assemblea General, que \u00e9s l\u2019\u00f2rgan sobir\u00e0 de l\u2019Associaci\u00f3. L\u2019Assemblea General de [&hellip;]<\/p>\n","protected":false},"author":1,"featured_media":0,"parent":1097,"menu_order":4,"comment_status":"closed","ping_status":"closed","template":"page-templates\/side-menu.php","meta":{"_bbp_topic_count":0,"_bbp_reply_count":0,"_bbp_total_topic_count":0,"_bbp_total_reply_count":0,"_bbp_voice_count":0,"_bbp_anonymous_reply_count":0,"_bbp_topic_count_hidden":0,"_bbp_reply_count_hidden":0,"_bbp_forum_subforum_count":0,"site-sidebar-layout":"default","site-content-layout":"","ast-site-content-layout":"","site-content-style":"default","site-sidebar-style":"default","ast-global-header-display":"","ast-banner-title-visibility":"","ast-main-header-display":"","ast-hfb-above-header-display":"","ast-hfb-below-header-display":"","ast-hfb-mobile-header-display":"","site-post-title":"","ast-breadcrumbs-content":"","ast-featured-img":"","footer-sml-layout":"","theme-transparent-header-meta":"","adv-header-id-meta":"","stick-header-meta":"","header-above-stick-meta":"","header-main-stick-meta":"","header-below-stick-meta":"","astra-migrate-meta-layouts":"default","ast-page-background-enabled":"default","ast-page-background-meta":{"desktop":{"background-color":"var(--ast-global-color-4)","background-image":"","background-repeat":"repeat","background-position":"center center","background-size":"auto","background-attachment":"scroll","background-type":"","background-media":"","overlay-type":"","overlay-color":"","overlay-opacity":"","overlay-gradient":""},"tablet":{"background-color":"","background-image":"","background-repeat":"repeat","background-position":"center center","background-size":"auto","background-attachment":"scroll","background-type":"","background-media":"","overlay-type":"","overlay-color":"","overlay-opacity":"","overlay-gradient":""},"mobile":{"background-color":"","background-image":"","background-repeat":"repeat","background-position":"center center","background-size":"auto","background-attachment":"scroll","background-type":"","background-media":"","overlay-type":"","overlay-color":"","overlay-opacity":"","overlay-gradient":""}},"ast-content-background-meta":{"desktop":{"background-color":"var(--ast-global-color-5)","background-image":"","background-repeat":"repeat","background-position":"center center","background-size":"auto","background-attachment":"scroll","background-type":"","background-media":"","overlay-type":"","overlay-color":"","overlay-opacity":"","overlay-gradient":""},"tablet":{"background-color":"var(--ast-global-color-5)","background-image":"","background-repeat":"repeat","background-position":"center center","background-size":"auto","background-attachment":"scroll","background-type":"","background-media":"","overlay-type":"","overlay-color":"","overlay-opacity":"","overlay-gradient":""},"mobile":{"background-color":"var(--ast-global-color-5)","background-image":"","background-repeat":"repeat","background-position":"center center","background-size":"auto","background-attachment":"scroll","background-type":"","background-media":"","overlay-type":"","overlay-color":"","overlay-opacity":"","overlay-gradient":""}},"footnotes":""},"class_list":["post-1080","page","type-page","status-publish","hentry"],"post_mailing_queue_ids":[],"_links":{"self":[{"href":"https:\/\/agora.xtec.cat\/iesllavaneres\/wp-json\/wp\/v2\/pages\/1080","targetHints":{"allow":["GET"]}}],"collection":[{"href":"https:\/\/agora.xtec.cat\/iesllavaneres\/wp-json\/wp\/v2\/pages"}],"about":[{"href":"https:\/\/agora.xtec.cat\/iesllavaneres\/wp-json\/wp\/v2\/types\/page"}],"author":[{"embeddable":true,"href":"https:\/\/agora.xtec.cat\/iesllavaneres\/wp-json\/wp\/v2\/users\/1"}],"replies":[{"embeddable":true,"href":"https:\/\/agora.xtec.cat\/iesllavaneres\/wp-json\/wp\/v2\/comments?post=1080"}],"version-history":[{"count":2,"href":"https:\/\/agora.xtec.cat\/iesllavaneres\/wp-json\/wp\/v2\/pages\/1080\/revisions"}],"predecessor-version":[{"id":2340,"href":"https:\/\/agora.xtec.cat\/iesllavaneres\/wp-json\/wp\/v2\/pages\/1080\/revisions\/2340"}],"up":[{"embeddable":true,"href":"https:\/\/agora.xtec.cat\/iesllavaneres\/wp-json\/wp\/v2\/pages\/1097"}],"wp:attachment":[{"href":"https:\/\/agora.xtec.cat\/iesllavaneres\/wp-json\/wp\/v2\/media?parent=1080"}],"curies":[{"name":"wp","href":"https:\/\/api.w.org\/{rel}","templated":true}]}}

<p>L’òrgan de govern de l’Associació és la <strong>Junta</strong>. Aquesta regeix, administra i representa l’Associació i està formada pel president/a, el vicepresident/a, el secretari/a, el tresorer/a i els vocals.</p>
<p>L’elecció dels membres de la Junta, que han de ser socis, es fa per votació de <strong>l’Assemblea General, </strong>que és l’òrgan sobirà de l’Associació. L’Assemblea General de Socis es reuneix una vegada a l’any.</p>
<p>Estem organitzats en <strong>comissions </strong>o grups de treball, dedicats a una tasca concreta. Cada grup de treball té un vocal a la Junta:</p>
<ul>
<li><strong>Projecte: </strong>Reunions continuades amb la Direcció per conèixer necessitats del projecte educatiu.</li>
<li><strong>Comunicació: </strong>Té el propòsit de donar visibilitat i transparència a la gestió de l’associació, i coordinar la comunicació entre famílies, AFA i Institut, buscant de forma especial la implicació i participació de tots i totes.</li>
<li><strong>Social: </strong>S’encarrega d’organitzar i participar en aquelles activitats socials en les que hi participen els nostres fills i filles, com les festes de Graduació de 4art d’ESO i 2on Batxillerat.</li>
<li><strong>Consells Escolars: </strong>Participa i representa a l’AFA als Consells Escolars del centre i al Consell Escolar Municipal.</li>
<li><strong>Solidaritat i cultura: </strong>S’encarrega de reforçar els valors que ajudin als nostres fills i filles a ser socialment responsables, a través de Campanyes i actuacions solidàries, tallers, xerrades, etc.</li>
</ul>
<p>Les Juntes Ordinàries de l’AFA  es celebren habitualment en reunions trimestrals. Són reunions obertes a totes les famílies sòcies de l’AFA de l’Institut, i tothom pot col.laborar de forma puntual o recurrent.</p>
<p>L’AFA envia una convocatòria a totes les famílies que hagin cedit les seves dades de contacte a l’AFA per a tal fi.</p>

<p>L’òrgan de govern de l’Associació és la Junta. Aquesta regeix, administra i representa l’Associació i està formada pel president/a, el vicepresident/a, el secretari/a, el tresorer/a i els vocals. L’elecció dels membres de la Junta, que han de ser socis, es fa per votació de l’Assemblea General, que és l’òrgan sobirà de l’Associació. L’Assemblea General de [&hellip;]</p>
