{"id":1078,"date":"2021-11-24T22:47:47","date_gmt":"2021-11-24T21:47:47","guid":{"rendered":"https:\/\/agora.xtec.cat\/iesllavaneres\/?page_id=1078"},"modified":"2024-03-18T12:48:57","modified_gmt":"2024-03-18T11:48:57","slug":"qui-som","status":"publish","type":"page","link":"https:\/\/agora.xtec.cat\/iesllavaneres\/afa\/qui-som\/","title":{"rendered":"Qui som?"},"content":{"rendered":"<h5>PRESIDENT\/A<\/h5>\n<ul>\n<li style=\"list-style-type: none;\">\n<ul style=\"list-style-type: disc;\">\n<li>Membre de la Junta Directiva.<\/li>\n<li>Dirigeix i representa legalment\u00a0 \u00a0l&#8217;associaci\u00f3, per delegaci\u00f3 de l&#8217;Assemblea General i de la Junta Directiva.<\/li>\n<li>Presideix i dirigeix els debats, tant de l&#8217;Assemblea General com de la Junta Directiva.<\/li>\n<li>Emet un vot de qualitat decisori en els casos d&#8217;empat.<\/li>\n<li>Estableix la convocat\u00f2ria de les reunions de l&#8217;Assemblea General i de la Junta Directiva.<\/li>\n<li>Visa les actes i els certificats confeccionats pel secretari\/a de l&#8217;associaci\u00f3.<\/li>\n<li>Proposa i participa en les activitats acordades a les Comissions de treball per tal de millorar el projecte educatiu.<\/li>\n<\/ul>\n<\/li>\n<\/ul>\n<h5><\/h5>\n<h5>VICEPRESIDENT\/A<\/h5>\n<ul>\n<li style=\"list-style-type: none;\">\n<ul style=\"list-style-type: disc;\">\n<li>Membre de la Junta Directiva.<\/li>\n<li>Substitueix, en cas d&#8217;abs\u00e8ncia o malaltia, al president\/a.<\/li>\n<li>Proposa i participa en les activitats acordades a les Comissions de treball per tal de millorar el projecte educatiu.<\/li>\n<\/ul>\n<\/li>\n<\/ul>\n<h5><\/h5>\n<h5>TRESORER\/A<\/h5>\n<ul>\n<li style=\"list-style-type: none;\">\n<ul style=\"list-style-type: disc;\">\n<li>Membre de la Junta Directiva.<\/li>\n<li>Custodia i controla els recursos econ\u00f2mics de l&#8217;associaci\u00f3.<\/li>\n<li>Elabora el pressupost, el balan\u00e7 i la liquidaci\u00f3 de comptes.<\/li>\n<li>Signa els rebuts de quotes i altres documents de tresoreria.<\/li>\n<li>Paga les factures aprovades per la Junta Directiva, les quals han de ser visades pr\u00e8viament pel president\/a.<\/li>\n<li>Ingressa el que sobra en dip\u00f2sits oberts en establiments de cr\u00e8dit o d&#8217;estalvi.<\/li>\n<li>Proposa i participa en les activitats acordades a les Comissions de treball per tal de millorar el projecte educatiu.<\/li>\n<\/ul>\n<\/li>\n<\/ul>\n<h5><\/h5>\n<h5>SECRETARI\/\u00c0RIA<\/h5>\n<ul>\n<li style=\"list-style-type: none;\">\n<ul style=\"list-style-type: disc;\">\n<li>Membre de la Junta Directiva.<\/li>\n<li>Custodia la documentaci\u00f3 de l&#8217;associaci\u00f3.<\/li>\n<li>Aixeca, redacta i signa les actes de les reunions de l&#8217;Assemblea General i la Junta Directiva.<\/li>\n<li>Redacta i autoritza els certificats.<\/li>\n<li>Gestiona el registre de socis i s\u00f2cies.<\/li>\n<li>Proposa i participa en les activitats acordades a les Comissions de treball per tal de millorar el projecte educatiu.<\/li>\n<\/ul>\n<\/li>\n<\/ul>\n<h5><\/h5>\n<h5>VOCALS<\/h5>\n<ul>\n<li style=\"list-style-type: none;\">\n<ul style=\"list-style-type: disc;\">\n<li>Membres de la Junta Directiva.<\/li>\n<li>Tenen veu i vot a les reunions de Junta.<\/li>\n<li>laboren activament en totes les activitats que es porten a terme des de l\u2019associaci\u00f3.<\/li>\n<li>Proposen i participen en les activitats acordades a les Comissions de treball per tal de millorar el projecte educatiu.<\/li>\n<\/ul>\n<\/li>\n<\/ul>\n<h5>SOCIS<\/h5>\n<p>Poden pert\u00e0nyer a l\u2019AFA tots els pares, mares, tutors o representants legals dels alumnes matriculats al Centre, sempre que ho sol.licitin i abonin la quota existent.<\/p>\n<p><strong>Quis drets i deures tinc com a soci?<\/strong><br \/>\nS\u00f3n drets dels socis i s\u00f2cies:<\/p>\n<ul>\n<li style=\"list-style-type: none;\">\n<ul>\n<li style=\"list-style-type: none;\">\n<ul style=\"list-style-type: disc;\">\n<li>Participar en les activitats de l&#8217;associaci\u00f3 intervenint en les assemblees generals, exposant queixes i suggeriments.<\/li>\n<li>Tenir veu i vot a les assemblees generals.<\/li>\n<li>Elegir i ser elegits membres de la Junta Directiva.<\/li>\n<li>Disposar d\u2019un exemplar dels estatuts vigents.<\/li>\n<li>Consultar els llibres de l&#8217;associaci\u00f3, atenent a les limitacions que marquen el Reglament General de Protecci\u00f3 de Dades UE 2016\/679 i la LOPD-GDD 3\/2018 sobre protecci\u00f3 de dades personals.<\/li>\n<li>Rebre informaci\u00f3 sobre el funcionament de l\u2019AFA.<\/li>\n<\/ul>\n<\/li>\n<\/ul>\n<\/li>\n<\/ul>\n<p>S\u00f3n deures dels socis i s\u00f2cies:<\/p>\n<ul>\n<li style=\"list-style-type: none;\">\n<ul>\n<li style=\"list-style-type: none;\">\n<ul style=\"list-style-type: disc;\">\n<li>Contribuir econ\u00f2micament a sostenir l&#8217;associaci\u00f3 i les seves activitats satisfent les quotes i les derrames acordades.<\/li>\n<li>Complir els acords reglamentaris adoptats per l&#8217;associaci\u00f3 a trav\u00e9s dels seus diferents \u00f2rgans de govern, a fi d&#8217;assolir de la millor manera possible els objectius de l&#8217;entitat.<\/li>\n<\/ul>\n<\/li>\n<\/ul>\n<\/li>\n<\/ul>\n<p>&nbsp;<\/p>\n<h5><strong>Junta Actual:<\/strong><\/h5>\n<ul>\n<li style=\"list-style-type: none;\">\n<ul>\n<li style=\"list-style-type: none;\">\n<ul style=\"list-style-type: disc;\">\n<li>Yolanda D\u00edaz \u2013 Presidenta<\/li>\n<li>Ignasi Ferrer &#8211; Vicepresident<\/li>\n<li>Gemma Mart\u00ed \u2013 Tresorera<\/li>\n<li>Maite Querol \u2013 Secret\u00e0ria<\/li>\n<li>Anna Mora &#8211; Vicesecret\u00e0ria<\/li>\n<li>Paqui del R\u00edo &#8211; Vocal<\/li>\n<\/ul>\n<\/li>\n<\/ul>\n<\/li>\n<\/ul>\n","protected":false},"excerpt":{"rendered":"<p>PRESIDENT\/A Membre de la Junta Directiva. Dirigeix i representa legalment\u00a0 \u00a0l&#8217;associaci\u00f3, per delegaci\u00f3 de l&#8217;Assemblea General i de la Junta Directiva. Presideix i dirigeix els debats, tant de l&#8217;Assemblea General com de la Junta Directiva. Emet un vot de qualitat decisori en els casos d&#8217;empat. Estableix la convocat\u00f2ria de les reunions de l&#8217;Assemblea General i [&hellip;]<\/p>\n","protected":false},"author":1,"featured_media":0,"parent":1097,"menu_order":3,"comment_status":"closed","ping_status":"closed","template":"page-templates\/side-menu.php","meta":{"_bbp_topic_count":0,"_bbp_reply_count":0,"_bbp_total_topic_count":0,"_bbp_total_reply_count":0,"_bbp_voice_count":0,"_bbp_anonymous_reply_count":0,"_bbp_topic_count_hidden":0,"_bbp_reply_count_hidden":0,"_bbp_forum_subforum_count":0,"site-sidebar-layout":"default","site-content-layout":"","ast-site-content-layout":"","site-content-style":"default","site-sidebar-style":"default","ast-global-header-display":"","ast-banner-title-visibility":"","ast-main-header-display":"","ast-hfb-above-header-display":"","ast-hfb-below-header-display":"","ast-hfb-mobile-header-display":"","site-post-title":"","ast-breadcrumbs-content":"","ast-featured-img":"","footer-sml-layout":"","theme-transparent-header-meta":"","adv-header-id-meta":"","stick-header-meta":"","header-above-stick-meta":"","header-main-stick-meta":"","header-below-stick-meta":"","astra-migrate-meta-layouts":"default","ast-page-background-enabled":"default","ast-page-background-meta":{"desktop":{"background-color":"var(--ast-global-color-4)","background-image":"","background-repeat":"repeat","background-position":"center center","background-size":"auto","background-attachment":"scroll","background-type":"","background-media":"","overlay-type":"","overlay-color":"","overlay-opacity":"","overlay-gradient":""},"tablet":{"background-color":"","background-image":"","background-repeat":"repeat","background-position":"center center","background-size":"auto","background-attachment":"scroll","background-type":"","background-media":"","overlay-type":"","overlay-color":"","overlay-opacity":"","overlay-gradient":""},"mobile":{"background-color":"","background-image":"","background-repeat":"repeat","background-position":"center center","background-size":"auto","background-attachment":"scroll","background-type":"","background-media":"","overlay-type":"","overlay-color":"","overlay-opacity":"","overlay-gradient":""}},"ast-content-background-meta":{"desktop":{"background-color":"var(--ast-global-color-5)","background-image":"","background-repeat":"repeat","background-position":"center center","background-size":"auto","background-attachment":"scroll","background-type":"","background-media":"","overlay-type":"","overlay-color":"","overlay-opacity":"","overlay-gradient":""},"tablet":{"background-color":"var(--ast-global-color-5)","background-image":"","background-repeat":"repeat","background-position":"center center","background-size":"auto","background-attachment":"scroll","background-type":"","background-media":"","overlay-type":"","overlay-color":"","overlay-opacity":"","overlay-gradient":""},"mobile":{"background-color":"var(--ast-global-color-5)","background-image":"","background-repeat":"repeat","background-position":"center center","background-size":"auto","background-attachment":"scroll","background-type":"","background-media":"","overlay-type":"","overlay-color":"","overlay-opacity":"","overlay-gradient":""}},"footnotes":""},"class_list":["post-1078","page","type-page","status-publish","hentry"],"post_mailing_queue_ids":[],"_links":{"self":[{"href":"https:\/\/agora.xtec.cat\/iesllavaneres\/wp-json\/wp\/v2\/pages\/1078","targetHints":{"allow":["GET"]}}],"collection":[{"href":"https:\/\/agora.xtec.cat\/iesllavaneres\/wp-json\/wp\/v2\/pages"}],"about":[{"href":"https:\/\/agora.xtec.cat\/iesllavaneres\/wp-json\/wp\/v2\/types\/page"}],"author":[{"embeddable":true,"href":"https:\/\/agora.xtec.cat\/iesllavaneres\/wp-json\/wp\/v2\/users\/1"}],"replies":[{"embeddable":true,"href":"https:\/\/agora.xtec.cat\/iesllavaneres\/wp-json\/wp\/v2\/comments?post=1078"}],"version-history":[{"count":4,"href":"https:\/\/agora.xtec.cat\/iesllavaneres\/wp-json\/wp\/v2\/pages\/1078\/revisions"}],"predecessor-version":[{"id":3359,"href":"https:\/\/agora.xtec.cat\/iesllavaneres\/wp-json\/wp\/v2\/pages\/1078\/revisions\/3359"}],"up":[{"embeddable":true,"href":"https:\/\/agora.xtec.cat\/iesllavaneres\/wp-json\/wp\/v2\/pages\/1097"}],"wp:attachment":[{"href":"https:\/\/agora.xtec.cat\/iesllavaneres\/wp-json\/wp\/v2\/media?parent=1078"}],"curies":[{"name":"wp","href":"https:\/\/api.w.org\/{rel}","templated":true}]}}

<h5>PRESIDENT/A</h5>
<ul>
<li style="list-style-type: none;">
<ul style="list-style-type: disc;">
<li>Membre de la Junta Directiva.</li>
<li>Dirigeix i representa legalment   l&#8217;associació, per delegació de l&#8217;Assemblea General i de la Junta Directiva.</li>
<li>Presideix i dirigeix els debats, tant de l&#8217;Assemblea General com de la Junta Directiva.</li>
<li>Emet un vot de qualitat decisori en els casos d&#8217;empat.</li>
<li>Estableix la convocatòria de les reunions de l&#8217;Assemblea General i de la Junta Directiva.</li>
<li>Visa les actes i els certificats confeccionats pel secretari/a de l&#8217;associació.</li>
<li>Proposa i participa en les activitats acordades a les Comissions de treball per tal de millorar el projecte educatiu.</li>
</ul>
</li>
</ul>
<h5></h5>
<h5>VICEPRESIDENT/A</h5>
<ul>
<li style="list-style-type: none;">
<ul style="list-style-type: disc;">
<li>Membre de la Junta Directiva.</li>
<li>Substitueix, en cas d&#8217;absència o malaltia, al president/a.</li>
<li>Proposa i participa en les activitats acordades a les Comissions de treball per tal de millorar el projecte educatiu.</li>
</ul>
</li>
</ul>
<h5></h5>
<h5>TRESORER/A</h5>
<ul>
<li style="list-style-type: none;">
<ul style="list-style-type: disc;">
<li>Membre de la Junta Directiva.</li>
<li>Custodia i controla els recursos econòmics de l&#8217;associació.</li>
<li>Elabora el pressupost, el balanç i la liquidació de comptes.</li>
<li>Signa els rebuts de quotes i altres documents de tresoreria.</li>
<li>Paga les factures aprovades per la Junta Directiva, les quals han de ser visades prèviament pel president/a.</li>
<li>Ingressa el que sobra en dipòsits oberts en establiments de crèdit o d&#8217;estalvi.</li>
<li>Proposa i participa en les activitats acordades a les Comissions de treball per tal de millorar el projecte educatiu.</li>
</ul>
</li>
</ul>
<h5></h5>
<h5>SECRETARI/ÀRIA</h5>
<ul>
<li style="list-style-type: none;">
<ul style="list-style-type: disc;">
<li>Membre de la Junta Directiva.</li>
<li>Custodia la documentació de l&#8217;associació.</li>
<li>Aixeca, redacta i signa les actes de les reunions de l&#8217;Assemblea General i la Junta Directiva.</li>
<li>Redacta i autoritza els certificats.</li>
<li>Gestiona el registre de socis i sòcies.</li>
<li>Proposa i participa en les activitats acordades a les Comissions de treball per tal de millorar el projecte educatiu.</li>
</ul>
</li>
</ul>
<h5></h5>
<h5>VOCALS</h5>
<ul>
<li style="list-style-type: none;">
<ul style="list-style-type: disc;">
<li>Membres de la Junta Directiva.</li>
<li>Tenen veu i vot a les reunions de Junta.</li>
<li>laboren activament en totes les activitats que es porten a terme des de l’associació.</li>
<li>Proposen i participen en les activitats acordades a les Comissions de treball per tal de millorar el projecte educatiu.</li>
</ul>
</li>
</ul>
<h5>SOCIS</h5>
<p>Poden pertànyer a l’AFA tots els pares, mares, tutors o representants legals dels alumnes matriculats al Centre, sempre que ho sol.licitin i abonin la quota existent.</p>
<p><strong>Quis drets i deures tinc com a soci?</strong><br />
Són drets dels socis i sòcies:</p>
<ul>
<li style="list-style-type: none;">
<ul>
<li style="list-style-type: none;">
<ul style="list-style-type: disc;">
<li>Participar en les activitats de l&#8217;associació intervenint en les assemblees generals, exposant queixes i suggeriments.</li>
<li>Tenir veu i vot a les assemblees generals.</li>
<li>Elegir i ser elegits membres de la Junta Directiva.</li>
<li>Disposar d’un exemplar dels estatuts vigents.</li>
<li>Consultar els llibres de l&#8217;associació, atenent a les limitacions que marquen el Reglament General de Protecció de Dades UE 2016/679 i la LOPD-GDD 3/2018 sobre protecció de dades personals.</li>
<li>Rebre informació sobre el funcionament de l’AFA.</li>
</ul>
</li>
</ul>
</li>
</ul>
<p>Són deures dels socis i sòcies:</p>
<ul>
<li style="list-style-type: none;">
<ul>
<li style="list-style-type: none;">
<ul style="list-style-type: disc;">
<li>Contribuir econòmicament a sostenir l&#8217;associació i les seves activitats satisfent les quotes i les derrames acordades.</li>
<li>Complir els acords reglamentaris adoptats per l&#8217;associació a través dels seus diferents òrgans de govern, a fi d&#8217;assolir de la millor manera possible els objectius de l&#8217;entitat.</li>
</ul>
</li>
</ul>
</li>
</ul>
<p>&nbsp;</p>
<h5><strong>Junta Actual:</strong></h5>
<ul>
<li style="list-style-type: none;">
<ul>
<li style="list-style-type: none;">
<ul style="list-style-type: disc;">
<li>Yolanda Díaz – Presidenta</li>
<li>Ignasi Ferrer &#8211; Vicepresident</li>
<li>Gemma Martí – Tresorera</li>
<li>Maite Querol – Secretària</li>
<li>Anna Mora &#8211; Vicesecretària</li>
<li>Paqui del Río &#8211; Vocal</li>
</ul>
</li>
</ul>
</li>
</ul>

<p>PRESIDENT/A Membre de la Junta Directiva. Dirigeix i representa legalment   l&#8217;associació, per delegació de l&#8217;Assemblea General i de la Junta Directiva. Presideix i dirigeix els debats, tant de l&#8217;Assemblea General com de la Junta Directiva. Emet un vot de qualitat decisori en els casos d&#8217;empat. Estableix la convocatòria de les reunions de l&#8217;Assemblea General i [&hellip;]</p>
