{"id":913,"date":"2019-12-12T11:45:37","date_gmt":"2019-12-12T10:45:37","guid":{"rendered":"https:\/\/agora.xtec.cat\/iesllagostera\/?page_id=913"},"modified":"2026-02-11T19:14:08","modified_gmt":"2026-02-11T18:14:08","slug":"diada-esportiva","status":"publish","type":"page","link":"https:\/\/agora.xtec.cat\/iesllagostera\/diades\/diada-esportiva\/","title":{"rendered":"JPO"},"content":{"rendered":"<table style=\"border-collapse: collapse; width: 100%;\">\n<tbody>\n<tr>\n<td style=\"width: 100%; background-color: #f2bd0c; text-align: center;\">\n<h3><strong>JORNADA DE PORTES OBERTES &#8211; INSTITUT DE LLAGOSTERA<\/strong><\/h3>\n<\/td>\n<\/tr>\n<tr>\n<td style=\"width: 100%;\">&nbsp;<\/p>\n<p><a href=\"https:\/\/agora.xtec.cat\/iesllagostera\/wp-content\/uploads\/usu1990\/2025\/02\/1f9334ca-6220-4fac-a626-e832325ff55f.jpg\"><img loading=\"lazy\" decoding=\"async\" class=\"wp-image-7770 aligncenter\" src=\"https:\/\/agora.xtec.cat\/iesllagostera\/wp-content\/uploads\/usu1990\/2025\/02\/1f9334ca-6220-4fac-a626-e832325ff55f-1024x514.jpg\" alt=\"\" width=\"594\" height=\"298\" srcset=\"https:\/\/agora.xtec.cat\/iesllagostera\/wp-content\/uploads\/usu1990\/2025\/02\/1f9334ca-6220-4fac-a626-e832325ff55f-1024x514.jpg 1024w, https:\/\/agora.xtec.cat\/iesllagostera\/wp-content\/uploads\/usu1990\/2025\/02\/1f9334ca-6220-4fac-a626-e832325ff55f-300x151.jpg 300w, https:\/\/agora.xtec.cat\/iesllagostera\/wp-content\/uploads\/usu1990\/2025\/02\/1f9334ca-6220-4fac-a626-e832325ff55f-768x386.jpg 768w, https:\/\/agora.xtec.cat\/iesllagostera\/wp-content\/uploads\/usu1990\/2025\/02\/1f9334ca-6220-4fac-a626-e832325ff55f.jpg 1261w\" sizes=\"auto, (max-width: 594px) 100vw, 594px\" \/><\/a><\/td>\n<\/tr>\n<\/tbody>\n<\/table>\n<p>&nbsp;<\/p>\n<h3>Jornada de Portes Obertes 2026 &#8211; <a href=\"https:\/\/photos.app.goo.gl\/y8QTQLnnb9K5ptBf8\" target=\"_blank\" rel=\"noopener\">Fotografies<\/a> &#8211; <a href=\"https:\/\/drive.google.com\/file\/d\/1LiS8FWNm84Y0egCgsGLZcZiEt-ydtotK\/view?usp=sharing\" target=\"_blank\" rel=\"noopener\">Xerrada informativa fam\u00edlies 6\u00e8 prim\u00e0ria<\/a><\/h3>\n<h3>Jornada de Portes Obertes 2025 &#8211; <a href=\"https:\/\/drive.google.com\/file\/d\/1ABl-lSuwCQMbHRuTob50ox1qo-JA2Wyg\/view?usp=sharing\" target=\"_blank\" rel=\"noopener\">Presentaci\u00f3<\/a> &#8211; <a href=\"https:\/\/photos.app.goo.gl\/37NhjcCboZnCESco7\" target=\"_blank\" rel=\"noopener\">Fotografies<\/a><\/h3>\n<h3><a href=\"https:\/\/agora.xtec.cat\/iesllagostera\/general\/jpo-institut-de-llagostera-2024\/\" target=\"_blank\" rel=\"noopener\">Jornada de Portes Obertes 2024<\/a><\/h3>\n<h3>Jornada de Portes Obertes 2023 &#8211; <a href=\"https:\/\/drive.google.com\/file\/d\/1ByycUPu0T0W1fT4iBo4FBjnZS5R4BCBx\/view\" target=\"_blank\" rel=\"noopener\">Programaci\u00f3<\/a> &#8211; <a href=\"https:\/\/photos.google.com\/share\/AF1QipOSjRimtjM84F2Cx8RMfypnPeAcPPNSiepXCo9u7Yw2ODGPo30jgzpbe9QPcn48Fw?key=WWxuV0ZRWEhXd0pscjVJQlQ0eWlMNmsxN0FtQ05B\" target=\"_blank\" rel=\"noopener\">V\u00eddeo<\/a> &#8211; <a href=\"https:\/\/photos.app.goo.gl\/FaitvFD8387YLMbP6\" target=\"_blank\" rel=\"noopener\">Fotografies<\/a> &#8211; <a href=\"https:\/\/drive.google.com\/file\/d\/12aMXle3OCrznuCYgpnr9uPqpvipYocre\/view?usp=sharing\" target=\"_blank\" rel=\"noopener\">Xerrada informativa 1r ESO<\/a> i <a href=\"https:\/\/drive.google.com\/file\/d\/1PEoGwq8_6flcVmT6AyS81_g9VGpUKgly\/view\" target=\"_blank\" rel=\"noopener\">4t ESO<\/a><\/h3>\n<h3><a href=\"https:\/\/www.youtube.com\/watch?v=Z6HNyfZO8AM&amp;t=1s\" target=\"_blank\" rel=\"noopener\">Jornada de Portes Obertes 2022 ( V\u00eddeo )<\/a><\/h3>\n<h3><a href=\"https:\/\/www.youtube.com\/watch?v=IRYy1Z3VVtE\" target=\"_blank\" rel=\"noopener noreferrer\">Jornada de Portes Obertes 2021 ( V\u00eddeo )<\/a><\/h3>\n<h3><a href=\"https:\/\/drive.google.com\/file\/d\/1TPvSOuLVDydewzUmo47S3NvAsYnK7Gwr\/view\" target=\"_blank\" rel=\"noopener noreferrer\">Comencem un nou cam\u00ed&#8230; Benvinguts a l&#8217;Institut de Llagostera!<\/a><\/h3>\n<p>&nbsp;<\/p>\n<h3><\/h3>\n<p>&nbsp;<\/p>\n<h3><\/h3>\n","protected":false},"excerpt":{"rendered":"<p>JORNADA DE PORTES OBERTES &#8211; INSTITUT DE LLAGOSTERA<\/p>\n<p>&nbsp;<br \/>\n<a href=\"https:\/\/agora.xtec.cat\/iesllagostera\/wp-content\/uploads\/usu1990\/2025\/02\/1f9334ca-6220-4fac-a626-e832325ff55f.jpg\"><\/a><\/p>\n<p>&nbsp;<br \/>\nJornada de Portes Obertes 2026 &#8211; <a href=\"https:\/\/photos.app.goo.gl\/y8QTQLnnb9K5ptBf8\" target=\"_blank\" rel=\"noopener\">Fotografies<\/a> &#8211; <a href=\"https:\/\/drive.google.com\/file\/d\/1LiS8FWNm84Y0egCgsGLZcZiEt-ydtotK\/view?usp=sharing\" target=\"_blank\" rel=\"noopener\">Xerrada informativa fam\u00edlies 6\u00e8 prim\u00e0ria<\/a><br \/>\nJornada de Portes Obertes 2025 &#8211; <a href=\"https:\/\/drive.google.com\/file\/d\/1ABl-lSuwCQMbHRuTob50ox1qo-JA2Wyg\/view?usp=sharing\" target=\"_blank\" rel=\"noopener\">Presentaci\u00f3<\/a> &#8211; <a href=\"https:\/\/photos.app.goo.gl\/37NhjcCboZnCESco7\" target=\"_blank\" rel=\"noopener\">Fotografies<\/a><br \/>\n<a href=\"https:\/\/agora.xtec.cat\/iesllagostera\/general\/jpo-institut-de-llagostera-2024\/\" target=\"_blank\" rel=\"noopener\">Jornada de&hellip;  <a href=\"https:\/\/agora.xtec.cat\/iesllagostera\/diades\/diada-esportiva\/\" title=\"Read JPO\">Llegeix m\u00e9s\u00bb<\/a><\/p>\n","protected":false},"author":1,"featured_media":0,"parent":904,"menu_order":20,"comment_status":"closed","ping_status":"closed","template":"page-templates\/side-menu.php","meta":{"_bbp_topic_count":0,"_bbp_reply_count":0,"_bbp_total_topic_count":0,"_bbp_total_reply_count":0,"_bbp_voice_count":0,"_bbp_anonymous_reply_count":0,"_bbp_topic_count_hidden":0,"_bbp_reply_count_hidden":0,"_bbp_forum_subforum_count":0,"footnotes":""},"class_list":["post-913","page","type-page","status-publish","hentry"],"post_mailing_queue_ids":[],"_links":{"self":[{"href":"https:\/\/agora.xtec.cat\/iesllagostera\/wp-json\/wp\/v2\/pages\/913","targetHints":{"allow":["GET"]}}],"collection":[{"href":"https:\/\/agora.xtec.cat\/iesllagostera\/wp-json\/wp\/v2\/pages"}],"about":[{"href":"https:\/\/agora.xtec.cat\/iesllagostera\/wp-json\/wp\/v2\/types\/page"}],"author":[{"embeddable":true,"href":"https:\/\/agora.xtec.cat\/iesllagostera\/wp-json\/wp\/v2\/users\/1"}],"replies":[{"embeddable":true,"href":"https:\/\/agora.xtec.cat\/iesllagostera\/wp-json\/wp\/v2\/comments?post=913"}],"version-history":[{"count":6,"href":"https:\/\/agora.xtec.cat\/iesllagostera\/wp-json\/wp\/v2\/pages\/913\/revisions"}],"predecessor-version":[{"id":9154,"href":"https:\/\/agora.xtec.cat\/iesllagostera\/wp-json\/wp\/v2\/pages\/913\/revisions\/9154"}],"up":[{"embeddable":true,"href":"https:\/\/agora.xtec.cat\/iesllagostera\/wp-json\/wp\/v2\/pages\/904"}],"wp:attachment":[{"href":"https:\/\/agora.xtec.cat\/iesllagostera\/wp-json\/wp\/v2\/media?parent=913"}],"curies":[{"name":"wp","href":"https:\/\/api.w.org\/{rel}","templated":true}]}}