{"id":1880,"date":"2020-09-24T11:58:20","date_gmt":"2020-09-24T09:58:20","guid":{"rendered":"https:\/\/agora.xtec.cat\/iesllagostera\/?page_id=1880"},"modified":"2020-09-29T10:44:21","modified_gmt":"2020-09-29T08:44:21","slug":"servei-impressio-de-treballs","status":"publish","type":"page","link":"https:\/\/agora.xtec.cat\/iesllagostera\/serveis\/servei-impressio-de-treballs\/","title":{"rendered":"Impressi\u00f3 treballs"},"content":{"rendered":"<p style=\"text-align: justify;\"><strong>SERVEI D&#8217;IMPRESSI\u00d3 DE TREBALLS: aquest servei permet als alumnes imprimir qualsevol treball. Nom\u00e9s cal enviar-lo, amb el nom de l&#8217;alumne i el curs, a l&#8217;adre\u00e7a <a href=\"mailto:administracio.impressions@insllagostera.cat\" target=\"_blank\" rel=\"noopener noreferrer\">administracio.impressions@insl<wbr \/>lagostera.cat<\/a><br \/>\n<\/strong><\/p>\n<p style=\"text-align: justify;\"><strong>El preu de cada full \u00e9s de 0,05\u20ac en blanc i negre i 0,10\u20ac en color.<\/strong><\/p>\n<p><strong>Si no es diu el contrari, la impressi\u00f3 es far\u00e0 a doble cara i en blanc i negre.<\/strong><\/p>\n<p><strong>Nom\u00e9s s&#8217;imprimeix el que arriba al correu, no s&#8217;imprimeixen documents d&#8217;un pen.<\/strong><\/p>\n<p style=\"text-align: justify;\"><strong>L&#8217;horari de recollida \u00e9s de dilluns a divendres, durant els dos patis ( de 10:00 a 10:20 i de 12:20 a 12:40 ), el mateix que el de les fotoc\u00f2pies.<\/strong><\/p>\n<p style=\"text-align: justify;\"><strong>\u00a0<\/strong><\/p>\n","protected":false},"excerpt":{"rendered":"<p>SERVEI D&#8217;IMPRESSI\u00d3 DE TREBALLS: aquest servei permet als alumnes imprimir qualsevol treball. Nom\u00e9s cal enviar-lo, amb el nom de l&#8217;alumne i el curs, a l&#8217;adre\u00e7a <a href=\"mailto:administracio.impressions@insllagostera.cat\" target=\"_blank\" rel=\"noopener noreferrer\">administracio.impressions@insllagostera.cat<\/a><\/p>\n<p>El preu de cada full \u00e9s de 0,05\u20ac en blanc i negre i 0,10\u20ac en color.<br \/>\nSi&hellip;  <a href=\"https:\/\/agora.xtec.cat\/iesllagostera\/serveis\/servei-impressio-de-treballs\/\" title=\"Read Impressi\u00f3 treballs\">Llegeix m\u00e9s\u00bb<\/a><\/p>\n","protected":false},"author":1,"featured_media":0,"parent":63,"menu_order":1,"comment_status":"closed","ping_status":"closed","template":"page-templates\/side-menu.php","meta":{"_bbp_topic_count":0,"_bbp_reply_count":0,"_bbp_total_topic_count":0,"_bbp_total_reply_count":0,"_bbp_voice_count":0,"_bbp_anonymous_reply_count":0,"_bbp_topic_count_hidden":0,"_bbp_reply_count_hidden":0,"_bbp_forum_subforum_count":0,"footnotes":""},"class_list":["post-1880","page","type-page","status-publish","hentry"],"post_mailing_queue_ids":[],"_links":{"self":[{"href":"https:\/\/agora.xtec.cat\/iesllagostera\/wp-json\/wp\/v2\/pages\/1880","targetHints":{"allow":["GET"]}}],"collection":[{"href":"https:\/\/agora.xtec.cat\/iesllagostera\/wp-json\/wp\/v2\/pages"}],"about":[{"href":"https:\/\/agora.xtec.cat\/iesllagostera\/wp-json\/wp\/v2\/types\/page"}],"author":[{"embeddable":true,"href":"https:\/\/agora.xtec.cat\/iesllagostera\/wp-json\/wp\/v2\/users\/1"}],"replies":[{"embeddable":true,"href":"https:\/\/agora.xtec.cat\/iesllagostera\/wp-json\/wp\/v2\/comments?post=1880"}],"version-history":[{"count":3,"href":"https:\/\/agora.xtec.cat\/iesllagostera\/wp-json\/wp\/v2\/pages\/1880\/revisions"}],"predecessor-version":[{"id":1943,"href":"https:\/\/agora.xtec.cat\/iesllagostera\/wp-json\/wp\/v2\/pages\/1880\/revisions\/1943"}],"up":[{"embeddable":true,"href":"https:\/\/agora.xtec.cat\/iesllagostera\/wp-json\/wp\/v2\/pages\/63"}],"wp:attachment":[{"href":"https:\/\/agora.xtec.cat\/iesllagostera\/wp-json\/wp\/v2\/media?parent=1880"}],"curies":[{"name":"wp","href":"https:\/\/api.w.org\/{rel}","templated":true}]}}