{"id":5958,"date":"2026-02-04T18:45:19","date_gmt":"2026-02-04T17:45:19","guid":{"rendered":"https:\/\/agora.xtec.cat\/ieslesmarines\/?page_id=5958"},"modified":"2026-02-04T18:45:20","modified_gmt":"2026-02-04T17:45:20","slug":"educar-en-el-lleure","status":"publish","type":"page","link":"https:\/\/agora.xtec.cat\/ieslesmarines\/educar-en-el-lleure\/","title":{"rendered":"Educar en el lleure"},"content":{"rendered":"\n<p>Al nostre centre donem una gran import\u00e0ncia a l\u2019activitat f\u00edsica i a la promoci\u00f3 d\u2019h\u00e0bits de vida saludables. Despr\u00e9s de moltes hores asseguts a l\u2019aula, creiem necessari oferir espais i oportunitats perqu\u00e8 l\u2019alumnat es mogui, sigui actiu i gaudeixi d\u2019un entorn que faciliti la pr\u00e0ctica esportiva.<\/p>\n\n\n\n<p>Aquest curs hem iniciat el projecte de patis actius, una iniciativa que vol transformar progressivament els temps d\u2019esbarjo. De moment, s\u2019ha obert el gimn\u00e0s perqu\u00e8 l\u2019alumnat pugui jugar a v\u00f2lei i s\u2019ha posat a disposici\u00f3 material esportiu per fomentar jocs com el b\u00e0squet o el futbol a la pista.<\/p>\n\n\n\n<p>Es tracta d\u2019un projecte nou que hem comen\u00e7at amb il\u00b7lusi\u00f3 el curs 2025-2026 i que anirem desenvolupant a poc a poc, amb la voluntat de crear lliguetes internes i dinamitzar encara m\u00e9s el pati. Des del Departament d\u2019Educaci\u00f3 F\u00edsica treballem amb el ferm comprom\u00eds de cuidar la salut i el benestar del nostre alumnat.<\/p>\n","protected":false},"excerpt":{"rendered":"<p>Al nostre centre donem una gran import\u00e0ncia a l\u2019activitat f\u00edsica i a la promoci\u00f3 d\u2019h\u00e0bits de vida saludables. Despr\u00e9s de moltes hores asseguts a l\u2019aula, creiem necessari oferir espais i oportunitats perqu\u00e8 l\u2019alumnat es mogui, sigui actiu i gaudeixi d\u2019un entorn que faciliti la pr\u00e0ctica esportiva. Aquest curs hem iniciat el projecte de patis actius, [&hellip;]<\/p>\n","protected":false},"author":1,"featured_media":0,"parent":0,"menu_order":0,"comment_status":"closed","ping_status":"close","template":"","meta":{"_bbp_topic_count":0,"_bbp_reply_count":0,"_bbp_total_topic_count":0,"_bbp_total_reply_count":0,"_bbp_voice_count":0,"_bbp_anonymous_reply_count":0,"_bbp_topic_count_hidden":0,"_bbp_reply_count_hidden":0,"_bbp_forum_subforum_count":0,"site-sidebar-layout":"default","site-content-layout":"","ast-site-content-layout":"default","site-content-style":"default","site-sidebar-style":"default","ast-global-header-display":"","ast-banner-title-visibility":"","ast-main-header-display":"","ast-hfb-above-header-display":"","ast-hfb-below-header-display":"","ast-hfb-mobile-header-display":"","site-post-title":"","ast-breadcrumbs-content":"","ast-featured-img":"","footer-sml-layout":"","theme-transparent-header-meta":"","adv-header-id-meta":"","stick-header-meta":"","header-above-stick-meta":"","header-main-stick-meta":"","header-below-stick-meta":"","astra-migrate-meta-layouts":"set","ast-page-background-enabled":"default","ast-page-background-meta":{"desktop":{"background-color":"var(--ast-global-color-4)","background-image":"","background-repeat":"repeat","background-position":"center center","background-size":"auto","background-attachment":"scroll","background-type":"","background-media":"","overlay-type":"","overlay-color":"","overlay-opacity":"","overlay-gradient":""},"tablet":{"background-color":"","background-image":"","background-repeat":"repeat","background-position":"center center","background-size":"auto","background-attachment":"scroll","background-type":"","background-media":"","overlay-type":"","overlay-color":"","overlay-opacity":"","overlay-gradient":""},"mobile":{"background-color":"","background-image":"","background-repeat":"repeat","background-position":"center center","background-size":"auto","background-attachment":"scroll","background-type":"","background-media":"","overlay-type":"","overlay-color":"","overlay-opacity":"","overlay-gradient":""}},"ast-content-background-meta":{"desktop":{"background-color":"var(--ast-global-color-5)","background-image":"","background-repeat":"repeat","background-position":"center center","background-size":"auto","background-attachment":"scroll","background-type":"","background-media":"","overlay-type":"","overlay-color":"","overlay-opacity":"","overlay-gradient":""},"tablet":{"background-color":"var(--ast-global-color-5)","background-image":"","background-repeat":"repeat","background-position":"center center","background-size":"auto","background-attachment":"scroll","background-type":"","background-media":"","overlay-type":"","overlay-color":"","overlay-opacity":"","overlay-gradient":""},"mobile":{"background-color":"var(--ast-global-color-5)","background-image":"","background-repeat":"repeat","background-position":"center center","background-size":"auto","background-attachment":"scroll","background-type":"","background-media":"","overlay-type":"","overlay-color":"","overlay-opacity":"","overlay-gradient":""}},"footnotes":""},"class_list":["post-5958","page","type-page","status-publish","hentry"],"post_mailing_queue_ids":[],"_links":{"self":[{"href":"https:\/\/agora.xtec.cat\/ieslesmarines\/wp-json\/wp\/v2\/pages\/5958","targetHints":{"allow":["GET"]}}],"collection":[{"href":"https:\/\/agora.xtec.cat\/ieslesmarines\/wp-json\/wp\/v2\/pages"}],"about":[{"href":"https:\/\/agora.xtec.cat\/ieslesmarines\/wp-json\/wp\/v2\/types\/page"}],"author":[{"embeddable":true,"href":"https:\/\/agora.xtec.cat\/ieslesmarines\/wp-json\/wp\/v2\/users\/1"}],"replies":[{"embeddable":true,"href":"https:\/\/agora.xtec.cat\/ieslesmarines\/wp-json\/wp\/v2\/comments?post=5958"}],"version-history":[{"count":1,"href":"https:\/\/agora.xtec.cat\/ieslesmarines\/wp-json\/wp\/v2\/pages\/5958\/revisions"}],"predecessor-version":[{"id":5959,"href":"https:\/\/agora.xtec.cat\/ieslesmarines\/wp-json\/wp\/v2\/pages\/5958\/revisions\/5959"}],"wp:attachment":[{"href":"https:\/\/agora.xtec.cat\/ieslesmarines\/wp-json\/wp\/v2\/media?parent=5958"}],"curies":[{"name":"wp","href":"https:\/\/api.w.org\/{rel}","templated":true}]}}