{"id":5903,"date":"2026-02-03T20:58:39","date_gmt":"2026-02-03T19:58:39","guid":{"rendered":"https:\/\/agora.xtec.cat\/ieslesmarines\/?page_id=5903"},"modified":"2026-02-03T20:58:39","modified_gmt":"2026-02-03T19:58:39","slug":"consell-escolar","status":"publish","type":"page","link":"https:\/\/agora.xtec.cat\/ieslesmarines\/consell-escolar\/","title":{"rendered":"Consell escolar"},"content":{"rendered":"\n<p>El Consell Escolar es regeix per l&#8217;article 148 de la llei 12\/2009, d\u2019Educaci\u00f3 (LEC); pels articles 27, 28, 45, 46 i 47 del decret 102\/2010 d\u2019Autonomia dels Centres Educatius; pels articles 13 fins al 20 de la Llei 26\/2010, del 3 d\u2019agost, de r\u00e8gim jur\u00eddic i de procediment de les administracions p\u00fabliques de Catalunya i la resta de legislaci\u00f3 vigent.<\/p>\n\n\n\n<p><br><strong>Quina \u00e9s la funci\u00f3 del consell escolar?<\/strong><\/p>\n\n\n\n<p><br>La funci\u00f3 principal del consell escolar \u00e9s participar en la presa de decisions en relaci\u00f3 amb aquells temes importants per al funcionament i organitzaci\u00f3 del centre: el Projecte Educatiu (PEC), la Programaci\u00f3 General Anual (PGA), la Mem\u00f2ria Anual (MA), la gesti\u00f3 econ\u00f2mica, la resoluci\u00f3 dels conflictes, les activitats complement\u00e0ries, l\u2019horari lectiu, etc.<\/p>\n\n\n\n<p><br><strong>Qui forma el consell escolar d\u2019un centre?<\/strong><\/p>\n\n\n\n<p><br>El Consell escolar est\u00e0 format per representants de tota la comunitat educativa: professorat, alumnat, fam\u00edlies, personal d\u2019administraci\u00f3 i serveis (PAS) i representant de l&#8217;ajuntament. \u00c9s molt important la participaci\u00f3 de les fam\u00edlies en la vida del centre i la presa de decisions. Orientacions per millorar la participaci\u00f3 de les fam\u00edlies en la vida escolar.<\/p>\n\n\n\n<p>El Consell Escolar de Les Marines est\u00e0 format pels seg\u00fcents membres:<\/p>\n\n\n\n<p class=\"has-text-align-center\"><strong>COMPOSICI\u00d3 DEL CONSELL ESCOLAR DESEMBRE 2025<\/strong><\/p>\n\n\n\n<p class=\"has-text-align-left\"><br>Representant de l&#8217;Ajuntament: <\/p>\n\n\n\n<p class=\"has-text-align-left\">Ramon Amador<br><br>Representants de l&#8217;alumnat:<\/p>\n\n\n\n<p>Ciro Bee Barrera<br>Sara Villalonga Moral<br>Alejandro Serrano Su\u00e1rez<br>Tatiana del Carmen Villegas Hern\u00e1ndez<br><\/p>\n\n\n\n<p>Representant de l&#8217;AMPA<br><\/p>\n\n\n\n<p>Eva Bou Tr\u00edas<\/p>\n\n\n\n<p>Representants de pares i mares<\/p>\n\n\n\n<p>M\u00f3nica Navarrete Dom\u00ednguez<br>Jimena Fern\u00e1ndez Rodr\u00edguez<br>Mar Ib\u00e1\u00f1ez Garc\u00eda<br>Beatriz Ben\u00edtez Juan<br>Representant del PAS<br>Nicol\u00e1s Garc\u00eda Al\u00e9s<br><\/p>\n\n\n\n<p>Representants del professorat<\/p>\n\n\n\n<p>Cristian Deler Roca<br>Joaqu\u00edn Sosa Gonz\u00e1lez<br>Claudia Vargas R\u00edos<br>Concepci\u00f3n Jim\u00e9nez Vecina<br>Lourdes Onna Juanes<br>Jordi Corbalan Font<br>S\u00f2nia Mart\u00ednez Foncea<br>Responsable de coeducaci\u00f3<br>Concepci\u00f3n Jim\u00e9nez Vecina<\/p>\n","protected":false},"excerpt":{"rendered":"<p>El Consell Escolar es regeix per l&#8217;article 148 de la llei 12\/2009, d\u2019Educaci\u00f3 (LEC); pels articles 27, 28, 45, 46 i 47 del decret 102\/2010 d\u2019Autonomia dels Centres Educatius; pels articles 13 fins al 20 de la Llei 26\/2010, del 3 d\u2019agost, de r\u00e8gim jur\u00eddic i de procediment de les administracions p\u00fabliques de Catalunya i [&hellip;]<\/p>\n","protected":false},"author":1,"featured_media":0,"parent":0,"menu_order":0,"comment_status":"closed","ping_status":"close","template":"","meta":{"_bbp_topic_count":0,"_bbp_reply_count":0,"_bbp_total_topic_count":0,"_bbp_total_reply_count":0,"_bbp_voice_count":0,"_bbp_anonymous_reply_count":0,"_bbp_topic_count_hidden":0,"_bbp_reply_count_hidden":0,"_bbp_forum_subforum_count":0,"site-sidebar-layout":"default","site-content-layout":"","ast-site-content-layout":"default","site-content-style":"default","site-sidebar-style":"default","ast-global-header-display":"","ast-banner-title-visibility":"","ast-main-header-display":"","ast-hfb-above-header-display":"","ast-hfb-below-header-display":"","ast-hfb-mobile-header-display":"","site-post-title":"","ast-breadcrumbs-content":"","ast-featured-img":"","footer-sml-layout":"","theme-transparent-header-meta":"","adv-header-id-meta":"","stick-header-meta":"","header-above-stick-meta":"","header-main-stick-meta":"","header-below-stick-meta":"","astra-migrate-meta-layouts":"set","ast-page-background-enabled":"default","ast-page-background-meta":{"desktop":{"background-color":"var(--ast-global-color-4)","background-image":"","background-repeat":"repeat","background-position":"center center","background-size":"auto","background-attachment":"scroll","background-type":"","background-media":"","overlay-type":"","overlay-color":"","overlay-opacity":"","overlay-gradient":""},"tablet":{"background-color":"","background-image":"","background-repeat":"repeat","background-position":"center center","background-size":"auto","background-attachment":"scroll","background-type":"","background-media":"","overlay-type":"","overlay-color":"","overlay-opacity":"","overlay-gradient":""},"mobile":{"background-color":"","background-image":"","background-repeat":"repeat","background-position":"center center","background-size":"auto","background-attachment":"scroll","background-type":"","background-media":"","overlay-type":"","overlay-color":"","overlay-opacity":"","overlay-gradient":""}},"ast-content-background-meta":{"desktop":{"background-color":"var(--ast-global-color-5)","background-image":"","background-repeat":"repeat","background-position":"center center","background-size":"auto","background-attachment":"scroll","background-type":"","background-media":"","overlay-type":"","overlay-color":"","overlay-opacity":"","overlay-gradient":""},"tablet":{"background-color":"var(--ast-global-color-5)","background-image":"","background-repeat":"repeat","background-position":"center center","background-size":"auto","background-attachment":"scroll","background-type":"","background-media":"","overlay-type":"","overlay-color":"","overlay-opacity":"","overlay-gradient":""},"mobile":{"background-color":"var(--ast-global-color-5)","background-image":"","background-repeat":"repeat","background-position":"center center","background-size":"auto","background-attachment":"scroll","background-type":"","background-media":"","overlay-type":"","overlay-color":"","overlay-opacity":"","overlay-gradient":""}},"footnotes":""},"class_list":["post-5903","page","type-page","status-publish","hentry"],"post_mailing_queue_ids":[],"_links":{"self":[{"href":"https:\/\/agora.xtec.cat\/ieslesmarines\/wp-json\/wp\/v2\/pages\/5903","targetHints":{"allow":["GET"]}}],"collection":[{"href":"https:\/\/agora.xtec.cat\/ieslesmarines\/wp-json\/wp\/v2\/pages"}],"about":[{"href":"https:\/\/agora.xtec.cat\/ieslesmarines\/wp-json\/wp\/v2\/types\/page"}],"author":[{"embeddable":true,"href":"https:\/\/agora.xtec.cat\/ieslesmarines\/wp-json\/wp\/v2\/users\/1"}],"replies":[{"embeddable":true,"href":"https:\/\/agora.xtec.cat\/ieslesmarines\/wp-json\/wp\/v2\/comments?post=5903"}],"version-history":[{"count":1,"href":"https:\/\/agora.xtec.cat\/ieslesmarines\/wp-json\/wp\/v2\/pages\/5903\/revisions"}],"predecessor-version":[{"id":5904,"href":"https:\/\/agora.xtec.cat\/ieslesmarines\/wp-json\/wp\/v2\/pages\/5903\/revisions\/5904"}],"wp:attachment":[{"href":"https:\/\/agora.xtec.cat\/ieslesmarines\/wp-json\/wp\/v2\/media?parent=5903"}],"curies":[{"name":"wp","href":"https:\/\/api.w.org\/{rel}","templated":true}]}}

<p>El Consell Escolar es regeix per l&#8217;article 148 de la llei 12/2009, d’Educació (LEC); pels articles 27, 28, 45, 46 i 47 del decret 102/2010 d’Autonomia dels Centres Educatius; pels articles 13 fins al 20 de la Llei 26/2010, del 3 d’agost, de règim jurídic i de procediment de les administracions públiques de Catalunya i la resta de legislació vigent.</p>



<p><br><strong>Quina és la funció del consell escolar?</strong></p>



<p><br>La funció principal del consell escolar és participar en la presa de decisions en relació amb aquells temes importants per al funcionament i organització del centre: el Projecte Educatiu (PEC), la Programació General Anual (PGA), la Memòria Anual (MA), la gestió econòmica, la resolució dels conflictes, les activitats complementàries, l’horari lectiu, etc.</p>



<p><br><strong>Qui forma el consell escolar d’un centre?</strong></p>



<p><br>El Consell escolar està format per representants de tota la comunitat educativa: professorat, alumnat, famílies, personal d’administració i serveis (PAS) i representant de l&#8217;ajuntament. És molt important la participació de les famílies en la vida del centre i la presa de decisions. Orientacions per millorar la participació de les famílies en la vida escolar.</p>



<p>El Consell Escolar de Les Marines està format pels següents membres:</p>



<p class="has-text-align-center"><strong>COMPOSICIÓ DEL CONSELL ESCOLAR DESEMBRE 2025</strong></p>



<p class="has-text-align-left"><br>Representant de l&#8217;Ajuntament: </p>



<p class="has-text-align-left">Ramon Amador<br><br>Representants de l&#8217;alumnat:</p>



<p>Ciro Bee Barrera<br>Sara Villalonga Moral<br>Alejandro Serrano Suárez<br>Tatiana del Carmen Villegas Hernández<br></p>



<p>Representant de l&#8217;AMPA<br></p>



<p>Eva Bou Trías</p>



<p>Representants de pares i mares</p>



<p>Mónica Navarrete Domínguez<br>Jimena Fernández Rodríguez<br>Mar Ibáñez García<br>Beatriz Benítez Juan<br>Representant del PAS<br>Nicolás García Alés<br></p>



<p>Representants del professorat</p>



<p>Cristian Deler Roca<br>Joaquín Sosa González<br>Claudia Vargas Ríos<br>Concepción Jiménez Vecina<br>Lourdes Onna Juanes<br>Jordi Corbalan Font<br>Sònia Martínez Foncea<br>Responsable de coeducació<br>Concepción Jiménez Vecina</p>

<p>El Consell Escolar es regeix per l&#8217;article 148 de la llei 12/2009, d’Educació (LEC); pels articles 27, 28, 45, 46 i 47 del decret 102/2010 d’Autonomia dels Centres Educatius; pels articles 13 fins al 20 de la Llei 26/2010, del 3 d’agost, de règim jurídic i de procediment de les administracions públiques de Catalunya i [&hellip;]</p>
