{"id":5528,"date":"2025-10-22T18:18:42","date_gmt":"2025-10-22T16:18:42","guid":{"rendered":"https:\/\/agora.xtec.cat\/ieslesmarines\/?page_id=5528"},"modified":"2025-10-22T18:18:42","modified_gmt":"2025-10-22T16:18:42","slug":"3er-deso-finalitza-el-projecte-mobils-qui-marca-la-teva-vida","status":"publish","type":"page","link":"https:\/\/agora.xtec.cat\/ieslesmarines\/3er-deso-finalitza-el-projecte-mobils-qui-marca-la-teva-vida\/","title":{"rendered":"3er d&#8217;ESO finalitza el projecte &#8220;M\u00f2bils: qui marca la teva vida?&#8221;"},"content":{"rendered":"<p>El passat divendres, 17 d&#8217;octubre, vam concloure el projecte de 3er d&#8217;ESO, &#8220;M\u00f2bils: qui marca la teva vida?&#8221;. L&#8217;alumnat de 3er d&#8217;ESO ha pogut valorar l&#8217;\u00fas que fan dels tel\u00e8fons m\u00f2bils, investigar quines s\u00f3n les aplicacions que m\u00e9s fan servir, plasmar la seva activitat en una gr\u00e0fica i redactar un diari on expressaven com se sentien sense el m\u00f2bil. A m\u00e9s, van formar part d&#8217;un experiment on van haver d&#8217;estar tres dies sense fer \u00fas del m\u00f2bil.<\/p>\n<p><img loading=\"lazy\" decoding=\"async\" class=\"size-full wp-image-5529 alignnone\" src=\"https:\/\/agora.xtec.cat\/ieslesmarines\/wp-content\/uploads\/usu619\/2025\/10\/mobils1_resized.jpg\" alt=\"\" width=\"1024\" height=\"463\" srcset=\"https:\/\/agora.xtec.cat\/ieslesmarines\/wp-content\/uploads\/usu619\/2025\/10\/mobils1_resized.jpg 1024w, https:\/\/agora.xtec.cat\/ieslesmarines\/wp-content\/uploads\/usu619\/2025\/10\/mobils1_resized-300x136.jpg 300w, https:\/\/agora.xtec.cat\/ieslesmarines\/wp-content\/uploads\/usu619\/2025\/10\/mobils1_resized-768x347.jpg 768w\" sizes=\"auto, (max-width: 1024px) 100vw, 1024px\" \/><\/p>\n<p>En finalitzar el projecte, van haver d&#8217;exposar els seus resultats a l&#8217;alumnat de 1er d&#8217;ESO, d&#8217;aquesta manera l&#8217;alumnat de 3er, m\u00e9s gran i experimentat, va poder advertir als m\u00e9s menuts del centre sobre els perills que poden tenir els m\u00f2bils si se&#8217;n fa un ab\u00fas.<\/p>\n<p>&nbsp;<\/p>\n","protected":false},"excerpt":{"rendered":"<p>El passat divendres, 17 d&#8217;octubre, vam concloure el projecte de 3er d&#8217;ESO, &#8220;M\u00f2bils: qui marca la teva vida?&#8221;. L&#8217;alumnat de 3er d&#8217;ESO ha pogut valorar l&#8217;\u00fas que fan dels tel\u00e8fons m\u00f2bils, investigar quines s\u00f3n les aplicacions que m\u00e9s fan servir, plasmar la seva activitat en una gr\u00e0fica i redactar un diari on expressaven com se [&hellip;]<\/p>\n","protected":false},"author":1,"featured_media":0,"parent":0,"menu_order":0,"comment_status":"closed","ping_status":"closed","template":"","meta":{"_bbp_topic_count":0,"_bbp_reply_count":0,"_bbp_total_topic_count":0,"_bbp_total_reply_count":0,"_bbp_voice_count":0,"_bbp_anonymous_reply_count":0,"_bbp_topic_count_hidden":0,"_bbp_reply_count_hidden":0,"_bbp_forum_subforum_count":0,"site-sidebar-layout":"default","site-content-layout":"","ast-site-content-layout":"","site-content-style":"default","site-sidebar-style":"default","ast-global-header-display":"","ast-banner-title-visibility":"","ast-main-header-display":"","ast-hfb-above-header-display":"","ast-hfb-below-header-display":"","ast-hfb-mobile-header-display":"","site-post-title":"","ast-breadcrumbs-content":"","ast-featured-img":"","footer-sml-layout":"","theme-transparent-header-meta":"","adv-header-id-meta":"","stick-header-meta":"","header-above-stick-meta":"","header-main-stick-meta":"","header-below-stick-meta":"","astra-migrate-meta-layouts":"default","ast-page-background-enabled":"default","ast-page-background-meta":{"desktop":{"background-color":"var(--ast-global-color-4)","background-image":"","background-repeat":"repeat","background-position":"center center","background-size":"auto","background-attachment":"scroll","background-type":"","background-media":"","overlay-type":"","overlay-color":"","overlay-opacity":"","overlay-gradient":""},"tablet":{"background-color":"","background-image":"","background-repeat":"repeat","background-position":"center center","background-size":"auto","background-attachment":"scroll","background-type":"","background-media":"","overlay-type":"","overlay-color":"","overlay-opacity":"","overlay-gradient":""},"mobile":{"background-color":"","background-image":"","background-repeat":"repeat","background-position":"center center","background-size":"auto","background-attachment":"scroll","background-type":"","background-media":"","overlay-type":"","overlay-color":"","overlay-opacity":"","overlay-gradient":""}},"ast-content-background-meta":{"desktop":{"background-color":"var(--ast-global-color-5)","background-image":"","background-repeat":"repeat","background-position":"center center","background-size":"auto","background-attachment":"scroll","background-type":"","background-media":"","overlay-type":"","overlay-color":"","overlay-opacity":"","overlay-gradient":""},"tablet":{"background-color":"var(--ast-global-color-5)","background-image":"","background-repeat":"repeat","background-position":"center center","background-size":"auto","background-attachment":"scroll","background-type":"","background-media":"","overlay-type":"","overlay-color":"","overlay-opacity":"","overlay-gradient":""},"mobile":{"background-color":"var(--ast-global-color-5)","background-image":"","background-repeat":"repeat","background-position":"center center","background-size":"auto","background-attachment":"scroll","background-type":"","background-media":"","overlay-type":"","overlay-color":"","overlay-opacity":"","overlay-gradient":""}},"footnotes":""},"class_list":["post-5528","page","type-page","status-publish","hentry"],"post_mailing_queue_ids":[],"_links":{"self":[{"href":"https:\/\/agora.xtec.cat\/ieslesmarines\/wp-json\/wp\/v2\/pages\/5528","targetHints":{"allow":["GET"]}}],"collection":[{"href":"https:\/\/agora.xtec.cat\/ieslesmarines\/wp-json\/wp\/v2\/pages"}],"about":[{"href":"https:\/\/agora.xtec.cat\/ieslesmarines\/wp-json\/wp\/v2\/types\/page"}],"author":[{"embeddable":true,"href":"https:\/\/agora.xtec.cat\/ieslesmarines\/wp-json\/wp\/v2\/users\/1"}],"replies":[{"embeddable":true,"href":"https:\/\/agora.xtec.cat\/ieslesmarines\/wp-json\/wp\/v2\/comments?post=5528"}],"version-history":[{"count":1,"href":"https:\/\/agora.xtec.cat\/ieslesmarines\/wp-json\/wp\/v2\/pages\/5528\/revisions"}],"predecessor-version":[{"id":5530,"href":"https:\/\/agora.xtec.cat\/ieslesmarines\/wp-json\/wp\/v2\/pages\/5528\/revisions\/5530"}],"wp:attachment":[{"href":"https:\/\/agora.xtec.cat\/ieslesmarines\/wp-json\/wp\/v2\/media?parent=5528"}],"curies":[{"name":"wp","href":"https:\/\/api.w.org\/{rel}","templated":true}]}}

3er d&#8217;ESO finalitza el projecte &#8220;Mòbils: qui marca la teva vida?&#8221;

<p>El passat divendres, 17 d&#8217;octubre, vam concloure el projecte de 3er d&#8217;ESO, &#8220;Mòbils: qui marca la teva vida?&#8221;. L&#8217;alumnat de 3er d&#8217;ESO ha pogut valorar l&#8217;ús que fan dels telèfons mòbils, investigar quines són les aplicacions que més fan servir, plasmar la seva activitat en una gràfica i redactar un diari on expressaven com se sentien sense el mòbil. A més, van formar part d&#8217;un experiment on van haver d&#8217;estar tres dies sense fer ús del mòbil.</p>
<p><img loading="lazy" decoding="async" class="size-full wp-image-5529 alignnone" src="https://agora.xtec.cat/ieslesmarines/wp-content/uploads/usu619/2025/10/mobils1_resized.jpg" alt="" width="1024" height="463" srcset="https://agora.xtec.cat/ieslesmarines/wp-content/uploads/usu619/2025/10/mobils1_resized.jpg 1024w, https://agora.xtec.cat/ieslesmarines/wp-content/uploads/usu619/2025/10/mobils1_resized-300x136.jpg 300w, https://agora.xtec.cat/ieslesmarines/wp-content/uploads/usu619/2025/10/mobils1_resized-768x347.jpg 768w" sizes="auto, (max-width: 1024px) 100vw, 1024px" /></p>
<p>En finalitzar el projecte, van haver d&#8217;exposar els seus resultats a l&#8217;alumnat de 1er d&#8217;ESO, d&#8217;aquesta manera l&#8217;alumnat de 3er, més gran i experimentat, va poder advertir als més menuts del centre sobre els perills que poden tenir els mòbils si se&#8217;n fa un abús.</p>
<p>&nbsp;</p>

<p>El passat divendres, 17 d&#8217;octubre, vam concloure el projecte de 3er d&#8217;ESO, &#8220;Mòbils: qui marca la teva vida?&#8221;. L&#8217;alumnat de 3er d&#8217;ESO ha pogut valorar l&#8217;ús que fan dels telèfons mòbils, investigar quines són les aplicacions que més fan servir, plasmar la seva activitat en una gràfica i redactar un diari on expressaven com se [&hellip;]</p>
