{"id":5459,"date":"2025-06-19T12:04:38","date_gmt":"2025-06-19T10:04:38","guid":{"rendered":"https:\/\/agora.xtec.cat\/ieslesmarines\/?page_id=5459"},"modified":"2025-06-23T13:14:01","modified_gmt":"2025-06-23T11:14:01","slug":"loco-festival-1r-deso","status":"publish","type":"page","link":"https:\/\/agora.xtec.cat\/ieslesmarines\/loco-festival-1r-deso\/","title":{"rendered":"Loco Festival &#8211; 1r d&#8217;ESO"},"content":{"rendered":"<p>Dimarts 17 de juny l&#8217;alumnat de 1r d&#8217;ESO va fer el tancament del projecte &#8216;A les teves sabates&#8217;, on els nois i noies es van posar a les sabates de les persones que viuen a camps de refugiats i van poder reflexionar sobre aquest assumpte de profunda crisi humanit\u00e0ria.<\/p>\n<p>Des d&#8217;aquest projecte ens hem volgut afegir a la campanya pel dret a l&#8217;educaci\u00f3 dels nois i noies que viuen als camps de refugiats que organitza ACNUR. \u00c9s<br \/>\nel projecte d&#8217;aprenentatge i servei\u00a0 el &#8216;Loco Festival&#8217;, al qual les Marines s\u2019hi ha adherit.<\/p>\n<div>\n<p>Dins del &#8216;Loco Festival&#8217; hem preparat un esmorzar solidari al pati de l&#8217;institut, amb les aportacions que han fet les fam\u00edlies de 1r d&#8217;ESO. Despr\u00e9s, amb el suport de l&#8217;Ajuntament i la regidoria de Pau i Solidaritat, hem estat a la Pla\u00e7a de l&#8217;esgl\u00e9sia fent sensibilitzaci\u00f3 en el municipi i recaptant diners per fer la nostra donaci\u00f3.<\/p>\n<p>La jornada va estar un \u00e8xit i estem molt contentes de la implicaci\u00f3 de tothom.<\/p>\n<p>Podeu veure m\u00e9s imatges, <a href=\"https:\/\/www.instagram.com\/p\/DLHbmjnoVkn\/?utm_source=ig_web_copy_link&amp;igsh=MzRlODBiNWFlZA==\">aqu\u00ed<\/a>.<\/p>\n<p><img loading=\"lazy\" decoding=\"async\" class=\"alignnone size-large wp-image-5461\" src=\"https:\/\/agora.xtec.cat\/ieslesmarines\/wp-content\/uploads\/usu619\/2025\/06\/IMG_20250617_102358-1024x768.jpg\" alt=\"\" width=\"1024\" height=\"768\" srcset=\"https:\/\/agora.xtec.cat\/ieslesmarines\/wp-content\/uploads\/usu619\/2025\/06\/IMG_20250617_102358-1024x768.jpg 1024w, https:\/\/agora.xtec.cat\/ieslesmarines\/wp-content\/uploads\/usu619\/2025\/06\/IMG_20250617_102358-300x225.jpg 300w, https:\/\/agora.xtec.cat\/ieslesmarines\/wp-content\/uploads\/usu619\/2025\/06\/IMG_20250617_102358-768x576.jpg 768w, https:\/\/agora.xtec.cat\/ieslesmarines\/wp-content\/uploads\/usu619\/2025\/06\/IMG_20250617_102358-1536x1152.jpg 1536w, https:\/\/agora.xtec.cat\/ieslesmarines\/wp-content\/uploads\/usu619\/2025\/06\/IMG_20250617_102358-2048x1536.jpg 2048w, https:\/\/agora.xtec.cat\/ieslesmarines\/wp-content\/uploads\/usu619\/2025\/06\/IMG_20250617_102358-200x150.jpg 200w\" sizes=\"auto, (max-width: 1024px) 100vw, 1024px\" \/><\/p>\n<\/div>\n","protected":false},"excerpt":{"rendered":"<p>Dimarts 17 de juny l&#8217;alumnat de 1r d&#8217;ESO va fer el tancament del projecte &#8216;A les teves sabates&#8217;, on els nois i noies es van posar a les sabates de les persones que viuen a camps de refugiats i van poder reflexionar sobre aquest assumpte de profunda crisi humanit\u00e0ria. Des d&#8217;aquest projecte ens hem volgut [&hellip;]<\/p>\n","protected":false},"author":1,"featured_media":0,"parent":0,"menu_order":0,"comment_status":"closed","ping_status":"closed","template":"","meta":{"_bbp_topic_count":0,"_bbp_reply_count":0,"_bbp_total_topic_count":0,"_bbp_total_reply_count":0,"_bbp_voice_count":0,"_bbp_anonymous_reply_count":0,"_bbp_topic_count_hidden":0,"_bbp_reply_count_hidden":0,"_bbp_forum_subforum_count":0,"site-sidebar-layout":"default","site-content-layout":"","ast-site-content-layout":"","site-content-style":"default","site-sidebar-style":"default","ast-global-header-display":"","ast-banner-title-visibility":"","ast-main-header-display":"","ast-hfb-above-header-display":"","ast-hfb-below-header-display":"","ast-hfb-mobile-header-display":"","site-post-title":"","ast-breadcrumbs-content":"","ast-featured-img":"","footer-sml-layout":"","theme-transparent-header-meta":"","adv-header-id-meta":"","stick-header-meta":"","header-above-stick-meta":"","header-main-stick-meta":"","header-below-stick-meta":"","astra-migrate-meta-layouts":"default","ast-page-background-enabled":"default","ast-page-background-meta":{"desktop":{"background-color":"var(--ast-global-color-4)","background-image":"","background-repeat":"repeat","background-position":"center center","background-size":"auto","background-attachment":"scroll","background-type":"","background-media":"","overlay-type":"","overlay-color":"","overlay-opacity":"","overlay-gradient":""},"tablet":{"background-color":"","background-image":"","background-repeat":"repeat","background-position":"center center","background-size":"auto","background-attachment":"scroll","background-type":"","background-media":"","overlay-type":"","overlay-color":"","overlay-opacity":"","overlay-gradient":""},"mobile":{"background-color":"","background-image":"","background-repeat":"repeat","background-position":"center center","background-size":"auto","background-attachment":"scroll","background-type":"","background-media":"","overlay-type":"","overlay-color":"","overlay-opacity":"","overlay-gradient":""}},"ast-content-background-meta":{"desktop":{"background-color":"var(--ast-global-color-5)","background-image":"","background-repeat":"repeat","background-position":"center center","background-size":"auto","background-attachment":"scroll","background-type":"","background-media":"","overlay-type":"","overlay-color":"","overlay-opacity":"","overlay-gradient":""},"tablet":{"background-color":"var(--ast-global-color-5)","background-image":"","background-repeat":"repeat","background-position":"center center","background-size":"auto","background-attachment":"scroll","background-type":"","background-media":"","overlay-type":"","overlay-color":"","overlay-opacity":"","overlay-gradient":""},"mobile":{"background-color":"var(--ast-global-color-5)","background-image":"","background-repeat":"repeat","background-position":"center center","background-size":"auto","background-attachment":"scroll","background-type":"","background-media":"","overlay-type":"","overlay-color":"","overlay-opacity":"","overlay-gradient":""}},"footnotes":""},"class_list":["post-5459","page","type-page","status-publish","hentry"],"post_mailing_queue_ids":[],"_links":{"self":[{"href":"https:\/\/agora.xtec.cat\/ieslesmarines\/wp-json\/wp\/v2\/pages\/5459","targetHints":{"allow":["GET"]}}],"collection":[{"href":"https:\/\/agora.xtec.cat\/ieslesmarines\/wp-json\/wp\/v2\/pages"}],"about":[{"href":"https:\/\/agora.xtec.cat\/ieslesmarines\/wp-json\/wp\/v2\/types\/page"}],"author":[{"embeddable":true,"href":"https:\/\/agora.xtec.cat\/ieslesmarines\/wp-json\/wp\/v2\/users\/1"}],"replies":[{"embeddable":true,"href":"https:\/\/agora.xtec.cat\/ieslesmarines\/wp-json\/wp\/v2\/comments?post=5459"}],"version-history":[{"count":3,"href":"https:\/\/agora.xtec.cat\/ieslesmarines\/wp-json\/wp\/v2\/pages\/5459\/revisions"}],"predecessor-version":[{"id":5466,"href":"https:\/\/agora.xtec.cat\/ieslesmarines\/wp-json\/wp\/v2\/pages\/5459\/revisions\/5466"}],"wp:attachment":[{"href":"https:\/\/agora.xtec.cat\/ieslesmarines\/wp-json\/wp\/v2\/media?parent=5459"}],"curies":[{"name":"wp","href":"https:\/\/api.w.org\/{rel}","templated":true}]}}

<p>Dimarts 17 de juny l&#8217;alumnat de 1r d&#8217;ESO va fer el tancament del projecte &#8216;A les teves sabates&#8217;, on els nois i noies es van posar a les sabates de les persones que viuen a camps de refugiats i van poder reflexionar sobre aquest assumpte de profunda crisi humanitària.</p>
<p>Des d&#8217;aquest projecte ens hem volgut afegir a la campanya pel dret a l&#8217;educació dels nois i noies que viuen als camps de refugiats que organitza ACNUR. És<br />
el projecte d&#8217;aprenentatge i servei  el &#8216;Loco Festival&#8217;, al qual les Marines s’hi ha adherit.</p>
<div>
<p>Dins del &#8216;Loco Festival&#8217; hem preparat un esmorzar solidari al pati de l&#8217;institut, amb les aportacions que han fet les famílies de 1r d&#8217;ESO. Després, amb el suport de l&#8217;Ajuntament i la regidoria de Pau i Solidaritat, hem estat a la Plaça de l&#8217;església fent sensibilització en el municipi i recaptant diners per fer la nostra donació.</p>
<p>La jornada va estar un èxit i estem molt contentes de la implicació de tothom.</p>
<p>Podeu veure més imatges, <a href="https://www.instagram.com/p/DLHbmjnoVkn/?utm_source=ig_web_copy_link&amp;igsh=MzRlODBiNWFlZA==">aquí</a>.</p>
<p><img loading="lazy" decoding="async" class="alignnone size-large wp-image-5461" src="https://agora.xtec.cat/ieslesmarines/wp-content/uploads/usu619/2025/06/IMG_20250617_102358-1024x768.jpg" alt="" width="1024" height="768" srcset="https://agora.xtec.cat/ieslesmarines/wp-content/uploads/usu619/2025/06/IMG_20250617_102358-1024x768.jpg 1024w, https://agora.xtec.cat/ieslesmarines/wp-content/uploads/usu619/2025/06/IMG_20250617_102358-300x225.jpg 300w, https://agora.xtec.cat/ieslesmarines/wp-content/uploads/usu619/2025/06/IMG_20250617_102358-768x576.jpg 768w, https://agora.xtec.cat/ieslesmarines/wp-content/uploads/usu619/2025/06/IMG_20250617_102358-1536x1152.jpg 1536w, https://agora.xtec.cat/ieslesmarines/wp-content/uploads/usu619/2025/06/IMG_20250617_102358-2048x1536.jpg 2048w, https://agora.xtec.cat/ieslesmarines/wp-content/uploads/usu619/2025/06/IMG_20250617_102358-200x150.jpg 200w" sizes="auto, (max-width: 1024px) 100vw, 1024px" /></p>
</div>

<p>Dimarts 17 de juny l&#8217;alumnat de 1r d&#8217;ESO va fer el tancament del projecte &#8216;A les teves sabates&#8217;, on els nois i noies es van posar a les sabates de les persones que viuen a camps de refugiats i van poder reflexionar sobre aquest assumpte de profunda crisi humanitària. Des d&#8217;aquest projecte ens hem volgut [&hellip;]</p>
