{"id":5434,"date":"2025-06-17T20:51:01","date_gmt":"2025-06-17T18:51:01","guid":{"rendered":"https:\/\/agora.xtec.cat\/ieslesmarines\/?page_id=5434"},"modified":"2025-06-17T20:51:01","modified_gmt":"2025-06-17T18:51:01","slug":"colonies-3r-deso-dia-1","status":"publish","type":"page","link":"https:\/\/agora.xtec.cat\/ieslesmarines\/colonies-3r-deso-dia-1\/","title":{"rendered":"Col\u00f2nies 3r d&#8217;ESO &#8211; Dia 1"},"content":{"rendered":"<p>Avui hem comen\u00e7at les col\u00f2nies l\u2019alumnat de 3r d\u2019ESO.<\/p>\n<p>El primer que hem fet \u00e9s un trosset de Cam\u00ed de Ronda, de Sant Feliu de Gu\u00edxols fins a Sant Pol de Mar. Ha estat una horeta de caminada i, com que feia for\u00e7a calor, ens hem aturat a fer un banyet en una cala id\u00edl\u00b7lica, hem vist diferents tipus de peixos, entre ells una morena i una estrella de mar. \ud83c\udf0a<\/p>\n<p>Despr\u00e9s de dinar hem anat a l\u2019Estartit, a l\u2019hotel, i ens hem refrescat novament a la piscina. Ara ens estem dutxant i arreglant per anar a fer un tomb pel poble. \u2600\ufe0f<\/p>\n<p>Podeu veure m\u00e9s imatges, <a href=\"https:\/\/www.instagram.com\/p\/DLAt3mIorsC\/?utm_source=ig_web_copy_link&amp;igsh=dzI1d3FyejNpb3B4\">aqu\u00ed<\/a>.<\/p>\n<p><img loading=\"lazy\" decoding=\"async\" class=\"alignnone size-large wp-image-5435\" src=\"https:\/\/agora.xtec.cat\/ieslesmarines\/wp-content\/uploads\/usu619\/2025\/06\/unnamed-1024x576.jpg\" alt=\"\" width=\"1024\" height=\"576\" srcset=\"https:\/\/agora.xtec.cat\/ieslesmarines\/wp-content\/uploads\/usu619\/2025\/06\/unnamed-1024x576.jpg 1024w, https:\/\/agora.xtec.cat\/ieslesmarines\/wp-content\/uploads\/usu619\/2025\/06\/unnamed-300x169.jpg 300w, https:\/\/agora.xtec.cat\/ieslesmarines\/wp-content\/uploads\/usu619\/2025\/06\/unnamed-768x432.jpg 768w, https:\/\/agora.xtec.cat\/ieslesmarines\/wp-content\/uploads\/usu619\/2025\/06\/unnamed-1536x864.jpg 1536w, https:\/\/agora.xtec.cat\/ieslesmarines\/wp-content\/uploads\/usu619\/2025\/06\/unnamed.jpg 1600w\" sizes=\"auto, (max-width: 1024px) 100vw, 1024px\" \/><\/p>\n","protected":false},"excerpt":{"rendered":"<p>Avui hem comen\u00e7at les col\u00f2nies l\u2019alumnat de 3r d\u2019ESO. El primer que hem fet \u00e9s un trosset de Cam\u00ed de Ronda, de Sant Feliu de Gu\u00edxols fins a Sant Pol de Mar. Ha estat una horeta de caminada i, com que feia for\u00e7a calor, ens hem aturat a fer un banyet en una cala id\u00edl\u00b7lica, [&hellip;]<\/p>\n","protected":false},"author":1,"featured_media":0,"parent":0,"menu_order":0,"comment_status":"closed","ping_status":"closed","template":"","meta":{"_bbp_topic_count":0,"_bbp_reply_count":0,"_bbp_total_topic_count":0,"_bbp_total_reply_count":0,"_bbp_voice_count":0,"_bbp_anonymous_reply_count":0,"_bbp_topic_count_hidden":0,"_bbp_reply_count_hidden":0,"_bbp_forum_subforum_count":0,"site-sidebar-layout":"default","site-content-layout":"","ast-site-content-layout":"","site-content-style":"default","site-sidebar-style":"default","ast-global-header-display":"","ast-banner-title-visibility":"","ast-main-header-display":"","ast-hfb-above-header-display":"","ast-hfb-below-header-display":"","ast-hfb-mobile-header-display":"","site-post-title":"","ast-breadcrumbs-content":"","ast-featured-img":"","footer-sml-layout":"","theme-transparent-header-meta":"","adv-header-id-meta":"","stick-header-meta":"","header-above-stick-meta":"","header-main-stick-meta":"","header-below-stick-meta":"","astra-migrate-meta-layouts":"default","ast-page-background-enabled":"default","ast-page-background-meta":{"desktop":{"background-color":"var(--ast-global-color-4)","background-image":"","background-repeat":"repeat","background-position":"center center","background-size":"auto","background-attachment":"scroll","background-type":"","background-media":"","overlay-type":"","overlay-color":"","overlay-opacity":"","overlay-gradient":""},"tablet":{"background-color":"","background-image":"","background-repeat":"repeat","background-position":"center center","background-size":"auto","background-attachment":"scroll","background-type":"","background-media":"","overlay-type":"","overlay-color":"","overlay-opacity":"","overlay-gradient":""},"mobile":{"background-color":"","background-image":"","background-repeat":"repeat","background-position":"center center","background-size":"auto","background-attachment":"scroll","background-type":"","background-media":"","overlay-type":"","overlay-color":"","overlay-opacity":"","overlay-gradient":""}},"ast-content-background-meta":{"desktop":{"background-color":"var(--ast-global-color-5)","background-image":"","background-repeat":"repeat","background-position":"center center","background-size":"auto","background-attachment":"scroll","background-type":"","background-media":"","overlay-type":"","overlay-color":"","overlay-opacity":"","overlay-gradient":""},"tablet":{"background-color":"var(--ast-global-color-5)","background-image":"","background-repeat":"repeat","background-position":"center center","background-size":"auto","background-attachment":"scroll","background-type":"","background-media":"","overlay-type":"","overlay-color":"","overlay-opacity":"","overlay-gradient":""},"mobile":{"background-color":"var(--ast-global-color-5)","background-image":"","background-repeat":"repeat","background-position":"center center","background-size":"auto","background-attachment":"scroll","background-type":"","background-media":"","overlay-type":"","overlay-color":"","overlay-opacity":"","overlay-gradient":""}},"footnotes":""},"class_list":["post-5434","page","type-page","status-publish","hentry"],"post_mailing_queue_ids":[],"_links":{"self":[{"href":"https:\/\/agora.xtec.cat\/ieslesmarines\/wp-json\/wp\/v2\/pages\/5434","targetHints":{"allow":["GET"]}}],"collection":[{"href":"https:\/\/agora.xtec.cat\/ieslesmarines\/wp-json\/wp\/v2\/pages"}],"about":[{"href":"https:\/\/agora.xtec.cat\/ieslesmarines\/wp-json\/wp\/v2\/types\/page"}],"author":[{"embeddable":true,"href":"https:\/\/agora.xtec.cat\/ieslesmarines\/wp-json\/wp\/v2\/users\/1"}],"replies":[{"embeddable":true,"href":"https:\/\/agora.xtec.cat\/ieslesmarines\/wp-json\/wp\/v2\/comments?post=5434"}],"version-history":[{"count":1,"href":"https:\/\/agora.xtec.cat\/ieslesmarines\/wp-json\/wp\/v2\/pages\/5434\/revisions"}],"predecessor-version":[{"id":5437,"href":"https:\/\/agora.xtec.cat\/ieslesmarines\/wp-json\/wp\/v2\/pages\/5434\/revisions\/5437"}],"wp:attachment":[{"href":"https:\/\/agora.xtec.cat\/ieslesmarines\/wp-json\/wp\/v2\/media?parent=5434"}],"curies":[{"name":"wp","href":"https:\/\/api.w.org\/{rel}","templated":true}]}}

Colònies 3r d&#8217;ESO &#8211; Dia 1

<p>Avui hem començat les colònies l’alumnat de 3r d’ESO.</p>
<p>El primer que hem fet és un trosset de Camí de Ronda, de Sant Feliu de Guíxols fins a Sant Pol de Mar. Ha estat una horeta de caminada i, com que feia força calor, ens hem aturat a fer un banyet en una cala idíl·lica, hem vist diferents tipus de peixos, entre ells una morena i una estrella de mar. 🌊</p>
<p>Després de dinar hem anat a l’Estartit, a l’hotel, i ens hem refrescat novament a la piscina. Ara ens estem dutxant i arreglant per anar a fer un tomb pel poble. ☀️</p>
<p>Podeu veure més imatges, <a href="https://www.instagram.com/p/DLAt3mIorsC/?utm_source=ig_web_copy_link&amp;igsh=dzI1d3FyejNpb3B4">aquí</a>.</p>
<p><img loading="lazy" decoding="async" class="alignnone size-large wp-image-5435" src="https://agora.xtec.cat/ieslesmarines/wp-content/uploads/usu619/2025/06/unnamed-1024x576.jpg" alt="" width="1024" height="576" srcset="https://agora.xtec.cat/ieslesmarines/wp-content/uploads/usu619/2025/06/unnamed-1024x576.jpg 1024w, https://agora.xtec.cat/ieslesmarines/wp-content/uploads/usu619/2025/06/unnamed-300x169.jpg 300w, https://agora.xtec.cat/ieslesmarines/wp-content/uploads/usu619/2025/06/unnamed-768x432.jpg 768w, https://agora.xtec.cat/ieslesmarines/wp-content/uploads/usu619/2025/06/unnamed-1536x864.jpg 1536w, https://agora.xtec.cat/ieslesmarines/wp-content/uploads/usu619/2025/06/unnamed.jpg 1600w" sizes="auto, (max-width: 1024px) 100vw, 1024px" /></p>

<p>Avui hem començat les colònies l’alumnat de 3r d’ESO. El primer que hem fet és un trosset de Camí de Ronda, de Sant Feliu de Guíxols fins a Sant Pol de Mar. Ha estat una horeta de caminada i, com que feia força calor, ens hem aturat a fer un banyet en una cala idíl·lica, [&hellip;]</p>
