{"id":5419,"date":"2025-06-16T13:40:03","date_gmt":"2025-06-16T11:40:03","guid":{"rendered":"https:\/\/agora.xtec.cat\/ieslesmarines\/?page_id=5419"},"modified":"2025-06-16T13:45:05","modified_gmt":"2025-06-16T11:45:05","slug":"jornada-medi-ambient","status":"publish","type":"page","link":"https:\/\/agora.xtec.cat\/ieslesmarines\/jornada-medi-ambient\/","title":{"rendered":"Jornada Medi Ambient"},"content":{"rendered":"<div>\n<p>El 5 de juny, Dia del Medi Ambient, l&#8217;institut\u00a0 Les Marines va aprofitar per commemorar aquest dia.<\/p>\n<p>Com ja ha fet des de fa quatre anys,\u00a0l&#8217;alumnat de 4t d&#8217;ESO va preparar una jornada-gimcana mediambiental per a l&#8217;alumnat de 1r d&#8217;ESO a les nostres platges. Durant la gimcana es va fer un rep\u00e0s d&#8217;esp\u00e8cies emblem\u00e0tiques de les nostres platges, es va conscienciar de la responsabilitat de tenir cura dels espais dunars i es va fer neteja d&#8217;un tros de platja.<\/p>\n<p><img loading=\"lazy\" decoding=\"async\" class=\"wp-image-5422 aligncenter\" src=\"https:\/\/agora.xtec.cat\/ieslesmarines\/wp-content\/uploads\/usu619\/2025\/06\/cdab7bc8-e6c9-4121-9cf0-f5ea5d028674-1024x576.jpg\" alt=\"\" width=\"600\" height=\"338\" srcset=\"https:\/\/agora.xtec.cat\/ieslesmarines\/wp-content\/uploads\/usu619\/2025\/06\/cdab7bc8-e6c9-4121-9cf0-f5ea5d028674-1024x576.jpg 1024w, https:\/\/agora.xtec.cat\/ieslesmarines\/wp-content\/uploads\/usu619\/2025\/06\/cdab7bc8-e6c9-4121-9cf0-f5ea5d028674-300x169.jpg 300w, https:\/\/agora.xtec.cat\/ieslesmarines\/wp-content\/uploads\/usu619\/2025\/06\/cdab7bc8-e6c9-4121-9cf0-f5ea5d028674-768x432.jpg 768w, https:\/\/agora.xtec.cat\/ieslesmarines\/wp-content\/uploads\/usu619\/2025\/06\/cdab7bc8-e6c9-4121-9cf0-f5ea5d028674-1536x864.jpg 1536w, https:\/\/agora.xtec.cat\/ieslesmarines\/wp-content\/uploads\/usu619\/2025\/06\/cdab7bc8-e6c9-4121-9cf0-f5ea5d028674.jpg 2048w\" sizes=\"auto, (max-width: 600px) 100vw, 600px\" \/><\/p>\n<p>La fundaci\u00f3 CRAM va ajudar a dinamitzar alguna de les din\u00e0miques i el nostre ajuntament (amb col\u00b7laboraci\u00f3 de l&#8217;AMB) ens va proporcionar material de neteja, jocs i l&#8217;Aula Platja.<\/p>\n<p>Gr\u00e0cies a aquestes din\u00e0miques, tant l&#8217;alumnat com el professorat surt\u00a0 molt satisfet i recuperem l&#8217;amor per la natura i el nostre comprom\u00eds amb la conservaci\u00f3 dels espais propers.<\/p>\n<\/div>\n","protected":false},"excerpt":{"rendered":"<p>El 5 de juny, Dia del Medi Ambient, l&#8217;institut\u00a0 Les Marines va aprofitar per commemorar aquest dia. Com ja ha fet des de fa quatre anys,\u00a0l&#8217;alumnat de 4t d&#8217;ESO va preparar una jornada-gimcana mediambiental per a l&#8217;alumnat de 1r d&#8217;ESO a les nostres platges. Durant la gimcana es va fer un rep\u00e0s d&#8217;esp\u00e8cies emblem\u00e0tiques de [&hellip;]<\/p>\n","protected":false},"author":1,"featured_media":0,"parent":0,"menu_order":0,"comment_status":"closed","ping_status":"closed","template":"","meta":{"_bbp_topic_count":0,"_bbp_reply_count":0,"_bbp_total_topic_count":0,"_bbp_total_reply_count":0,"_bbp_voice_count":0,"_bbp_anonymous_reply_count":0,"_bbp_topic_count_hidden":0,"_bbp_reply_count_hidden":0,"_bbp_forum_subforum_count":0,"site-sidebar-layout":"default","site-content-layout":"","ast-site-content-layout":"","site-content-style":"default","site-sidebar-style":"default","ast-global-header-display":"","ast-banner-title-visibility":"","ast-main-header-display":"","ast-hfb-above-header-display":"","ast-hfb-below-header-display":"","ast-hfb-mobile-header-display":"","site-post-title":"","ast-breadcrumbs-content":"","ast-featured-img":"","footer-sml-layout":"","theme-transparent-header-meta":"","adv-header-id-meta":"","stick-header-meta":"","header-above-stick-meta":"","header-main-stick-meta":"","header-below-stick-meta":"","astra-migrate-meta-layouts":"default","ast-page-background-enabled":"default","ast-page-background-meta":{"desktop":{"background-color":"var(--ast-global-color-4)","background-image":"","background-repeat":"repeat","background-position":"center center","background-size":"auto","background-attachment":"scroll","background-type":"","background-media":"","overlay-type":"","overlay-color":"","overlay-opacity":"","overlay-gradient":""},"tablet":{"background-color":"","background-image":"","background-repeat":"repeat","background-position":"center center","background-size":"auto","background-attachment":"scroll","background-type":"","background-media":"","overlay-type":"","overlay-color":"","overlay-opacity":"","overlay-gradient":""},"mobile":{"background-color":"","background-image":"","background-repeat":"repeat","background-position":"center center","background-size":"auto","background-attachment":"scroll","background-type":"","background-media":"","overlay-type":"","overlay-color":"","overlay-opacity":"","overlay-gradient":""}},"ast-content-background-meta":{"desktop":{"background-color":"var(--ast-global-color-5)","background-image":"","background-repeat":"repeat","background-position":"center center","background-size":"auto","background-attachment":"scroll","background-type":"","background-media":"","overlay-type":"","overlay-color":"","overlay-opacity":"","overlay-gradient":""},"tablet":{"background-color":"var(--ast-global-color-5)","background-image":"","background-repeat":"repeat","background-position":"center center","background-size":"auto","background-attachment":"scroll","background-type":"","background-media":"","overlay-type":"","overlay-color":"","overlay-opacity":"","overlay-gradient":""},"mobile":{"background-color":"var(--ast-global-color-5)","background-image":"","background-repeat":"repeat","background-position":"center center","background-size":"auto","background-attachment":"scroll","background-type":"","background-media":"","overlay-type":"","overlay-color":"","overlay-opacity":"","overlay-gradient":""}},"footnotes":""},"class_list":["post-5419","page","type-page","status-publish","hentry"],"post_mailing_queue_ids":[],"_links":{"self":[{"href":"https:\/\/agora.xtec.cat\/ieslesmarines\/wp-json\/wp\/v2\/pages\/5419","targetHints":{"allow":["GET"]}}],"collection":[{"href":"https:\/\/agora.xtec.cat\/ieslesmarines\/wp-json\/wp\/v2\/pages"}],"about":[{"href":"https:\/\/agora.xtec.cat\/ieslesmarines\/wp-json\/wp\/v2\/types\/page"}],"author":[{"embeddable":true,"href":"https:\/\/agora.xtec.cat\/ieslesmarines\/wp-json\/wp\/v2\/users\/1"}],"replies":[{"embeddable":true,"href":"https:\/\/agora.xtec.cat\/ieslesmarines\/wp-json\/wp\/v2\/comments?post=5419"}],"version-history":[{"count":2,"href":"https:\/\/agora.xtec.cat\/ieslesmarines\/wp-json\/wp\/v2\/pages\/5419\/revisions"}],"predecessor-version":[{"id":5427,"href":"https:\/\/agora.xtec.cat\/ieslesmarines\/wp-json\/wp\/v2\/pages\/5419\/revisions\/5427"}],"wp:attachment":[{"href":"https:\/\/agora.xtec.cat\/ieslesmarines\/wp-json\/wp\/v2\/media?parent=5419"}],"curies":[{"name":"wp","href":"https:\/\/api.w.org\/{rel}","templated":true}]}}

<div>
<p>El 5 de juny, Dia del Medi Ambient, l&#8217;institut  Les Marines va aprofitar per commemorar aquest dia.</p>
<p>Com ja ha fet des de fa quatre anys, l&#8217;alumnat de 4t d&#8217;ESO va preparar una jornada-gimcana mediambiental per a l&#8217;alumnat de 1r d&#8217;ESO a les nostres platges. Durant la gimcana es va fer un repàs d&#8217;espècies emblemàtiques de les nostres platges, es va conscienciar de la responsabilitat de tenir cura dels espais dunars i es va fer neteja d&#8217;un tros de platja.</p>
<p><img loading="lazy" decoding="async" class="wp-image-5422 aligncenter" src="https://agora.xtec.cat/ieslesmarines/wp-content/uploads/usu619/2025/06/cdab7bc8-e6c9-4121-9cf0-f5ea5d028674-1024x576.jpg" alt="" width="600" height="338" srcset="https://agora.xtec.cat/ieslesmarines/wp-content/uploads/usu619/2025/06/cdab7bc8-e6c9-4121-9cf0-f5ea5d028674-1024x576.jpg 1024w, https://agora.xtec.cat/ieslesmarines/wp-content/uploads/usu619/2025/06/cdab7bc8-e6c9-4121-9cf0-f5ea5d028674-300x169.jpg 300w, https://agora.xtec.cat/ieslesmarines/wp-content/uploads/usu619/2025/06/cdab7bc8-e6c9-4121-9cf0-f5ea5d028674-768x432.jpg 768w, https://agora.xtec.cat/ieslesmarines/wp-content/uploads/usu619/2025/06/cdab7bc8-e6c9-4121-9cf0-f5ea5d028674-1536x864.jpg 1536w, https://agora.xtec.cat/ieslesmarines/wp-content/uploads/usu619/2025/06/cdab7bc8-e6c9-4121-9cf0-f5ea5d028674.jpg 2048w" sizes="auto, (max-width: 600px) 100vw, 600px" /></p>
<p>La fundació CRAM va ajudar a dinamitzar alguna de les dinàmiques i el nostre ajuntament (amb col·laboració de l&#8217;AMB) ens va proporcionar material de neteja, jocs i l&#8217;Aula Platja.</p>
<p>Gràcies a aquestes dinàmiques, tant l&#8217;alumnat com el professorat surt  molt satisfet i recuperem l&#8217;amor per la natura i el nostre compromís amb la conservació dels espais propers.</p>
</div>

<p>El 5 de juny, Dia del Medi Ambient, l&#8217;institut  Les Marines va aprofitar per commemorar aquest dia. Com ja ha fet des de fa quatre anys, l&#8217;alumnat de 4t d&#8217;ESO va preparar una jornada-gimcana mediambiental per a l&#8217;alumnat de 1r d&#8217;ESO a les nostres platges. Durant la gimcana es va fer un repàs d&#8217;espècies emblemàtiques de [&hellip;]</p>
