{"id":5364,"date":"2025-05-27T14:46:03","date_gmt":"2025-05-27T12:46:03","guid":{"rendered":"https:\/\/agora.xtec.cat\/ieslesmarines\/?page_id=5364"},"modified":"2025-05-27T14:46:03","modified_gmt":"2025-05-27T12:46:03","slug":"gala-de-lliurament-de-premis-iii-concurs-de-booktrailers-4t-deso","status":"publish","type":"page","link":"https:\/\/agora.xtec.cat\/ieslesmarines\/gala-de-lliurament-de-premis-iii-concurs-de-booktrailers-4t-deso\/","title":{"rendered":"Gala de lliurament de premis III Concurs de Booktrailers 4t d&#8217;ESO"},"content":{"rendered":"<p><span style=\"font-weight: 400;\">El dimecres 14 de maig vam celebrar la gala del lliurament de premis del III Concurs de Booktrailers de 4t d\u2019ESO i l\u2019exhibici\u00f3 dels curts creats per l\u2019alumnat de <\/span><b>creaci\u00f3 liter\u00e0ria<\/b><span style=\"font-weight: 400;\"> de 1r de batxillerat, que es van presentar al concurs <\/span><b>Reimagina\u2019t<\/b><span style=\"font-weight: 400;\">, una convocat\u00f2ria que vol promoure els videos lliures de sexisme.\u00a0<\/span><\/p>\n<p><span style=\"font-weight: 400;\">Primer de tot, volem agrair al <\/span><b>Carles Alcoy<\/b><span style=\"font-weight: 400;\"> la formaci\u00f3 de les quatre sessions que ens ha impartit a les classes de castell\u00e0.\u00a0<\/span><\/p>\n<p><span style=\"font-weight: 400;\">Al <\/span><b>professorat<\/b><span style=\"font-weight: 400;\"> i als <\/span><b>membres del jurat d\u2019experts<\/b><span style=\"font-weight: 400;\"> que han visualitzat els v\u00eddeos finalistes i els han analitzat per escollir-ne els millors de cada categoria.\u00a0<\/span><\/p>\n<p><span style=\"font-weight: 400;\">A la <\/span><b>Montse Gonz\u00e1lez<\/b><span style=\"font-weight: 400;\"> i la <\/span><b>Sonia Sendra<\/b><span style=\"font-weight: 400;\"> per aconseguir la majoria dels obsequis per als grups guanyadors.\u00a0<\/span><\/p>\n<p><span style=\"font-weight: 400;\">Al<\/span><b> Nico Acosta<\/b><span style=\"font-weight: 400;\">, de 4t D, per realitzar el muntatge i l\u2019edici\u00f3 del v\u00eddeo dels booktrailers finalistes i dels curts.<\/span><\/p>\n<p><span style=\"font-weight: 400;\">A la <\/span><b>Heidi Andreo<\/b><span style=\"font-weight: 400;\"> per dissenyar i imprimir els trofeus als millors booktrailers.<\/span><\/p>\n<p><span style=\"font-weight: 400;\">I al Gremi de Comerciants de Castelldefels per tots els obsequis que han ofert als grups premiats.\u00a0<\/span><\/p>\n<p><img loading=\"lazy\" decoding=\"async\" class=\"wp-image-5367 aligncenter\" src=\"https:\/\/agora.xtec.cat\/ieslesmarines\/wp-content\/uploads\/usu619\/2025\/05\/1-1024x768.jpg\" alt=\"\" width=\"600\" height=\"450\" srcset=\"https:\/\/agora.xtec.cat\/ieslesmarines\/wp-content\/uploads\/usu619\/2025\/05\/1-1024x768.jpg 1024w, https:\/\/agora.xtec.cat\/ieslesmarines\/wp-content\/uploads\/usu619\/2025\/05\/1-300x225.jpg 300w, https:\/\/agora.xtec.cat\/ieslesmarines\/wp-content\/uploads\/usu619\/2025\/05\/1-768x576.jpg 768w, https:\/\/agora.xtec.cat\/ieslesmarines\/wp-content\/uploads\/usu619\/2025\/05\/1-1536x1152.jpg 1536w, https:\/\/agora.xtec.cat\/ieslesmarines\/wp-content\/uploads\/usu619\/2025\/05\/1-2048x1536.jpg 2048w, https:\/\/agora.xtec.cat\/ieslesmarines\/wp-content\/uploads\/usu619\/2025\/05\/1-200x150.jpg 200w\" sizes=\"auto, (max-width: 600px) 100vw, 600px\" \/><\/p>\n<p><span style=\"font-weight: 400;\">Els establiments patrocinadors del concurs han estat:\u00a0<\/span><\/p>\n<p><b>Biblioteca Ram\u00f3n Fern\u00e1ndez Jurado\u00a0<\/b><\/p>\n<p><span style=\"font-weight: 400;\">Associaci\u00f3 de Fam\u00edlies d\u2019Alumnes de l\u2019Institut Les Marines (<\/span><b>AFA<\/b><span style=\"font-weight: 400;\">) Perruqueria <\/span><b>Lydia\u00a0<\/b><\/p>\n<p><span style=\"font-weight: 400;\">Perruqueria <\/span><b>Pels P\u00e8ls\u00a0<\/b><\/p>\n<p><span style=\"font-weight: 400;\">Pizzeria <\/span><b>Verde Luna\u00a0<\/b><\/p>\n<p><b>Gelateria Carles\u00a0<\/b><\/p>\n<p><span style=\"font-weight: 400;\">Llibreria <\/span><b>Canillo\u00a0<\/b><\/p>\n<p><span style=\"font-weight: 400;\">Asador <\/span><b>Lem\u00a0<\/b><\/p>\n<p><span style=\"font-weight: 400;\">Editorial <\/span><b>Barcanova\u00a0<\/b><\/p>\n<p><span style=\"font-weight: 400;\">Gimn\u00e0s <\/span><b>Ubuntu<\/b><\/p>\n<p><span style=\"font-weight: 400;\">Gimn\u00e0s <\/span><b>Ynfels<\/b><\/p>\n<p><b>Paranoia studi\u00a0<\/b><\/p>\n<p><b>9dental<\/b><span style=\"font-weight: 400;\"> cl\u00ednica dental de Castelldefels<\/span><\/p>\n<p><b>Farm\u00e0cia ortop\u00e8dia David Jim\u00e9nez Valdivia<\/b><\/p>\n<p><b>Eva Porras\u00a0<\/b><\/p>\n<p><b>Escola de M\u00fasica Els Pins<\/b><\/p>\n<p><b>JSCLINIC Odontologia i Dermoest\u00e8tica Avan\u00e7ada<\/b><\/p>\n<p><b>Institut Les Marines<\/b><\/p>\n<p><span style=\"font-weight: 400;\">Els premis del concurs han estat decidits per tres jurats: el jurat popular, el jurat de professores i el jurat d\u2019experts.\u00a0<\/span><\/p>\n<p><span style=\"font-weight: 400;\">El <\/span><span style=\"font-weight: 400;\">JURAT POPULAR<\/span><span style=\"font-weight: 400;\"> ha estat constitu\u00eft per l\u2019alumnat de 3r i 4t d\u2019ESO. Aquests han estat els grups guanyadors del jurat popular:\u00a0<\/span><\/p>\n<p><span style=\"font-weight: 400;\">PREMIS DEL <\/span><b>JURAT POPULAR\u00a0<\/b><\/p>\n<ol>\n<li><span style=\"font-weight: 400;\"> Premi al <\/span><b>Millor <\/b><b><i>Booktrailer\u00a0<\/i><\/b><\/li>\n<\/ol>\n<p><b><i>El se\u00f1or de los anillos\u00a0<\/i><\/b><\/p>\n<p><span style=\"font-weight: 400;\">Mariona Comas, Paul Mar\u00eda, Sandra Barber\u00e1n i Val\u00e8re Regnier<\/span><\/p>\n<p><span style=\"font-weight: 400;\">OBSEQUI: 4 entrades per a l\u2019obra <\/span><b><i>El sentido de la vida<\/i><\/b> <span style=\"font-weight: 400;\">de Monty Python de <\/span><b>Paranoia Studi <\/b><span style=\"font-weight: 400;\">(sobre)<\/span><\/p>\n<ol start=\"2\">\n<li><span style=\"font-weight: 400;\"> Premi al <\/span><b><i>Booktrailer <\/i><\/b><b>M\u00e9s Creatiu<\/b><span style=\"font-weight: 400;\">:\u00a0<\/span><\/li>\n<\/ol>\n<p><b><i>El se\u00f1or de los anillos<\/i><\/b><\/p>\n<p><span style=\"font-weight: 400;\">Mariona Comas, Paul Mar\u00eda, Sandra Barber\u00e1n i Val\u00e8re Regnier<\/span><\/p>\n<p><span style=\"font-weight: 400;\">OBSEQUI: 4 consumicions a la <\/span><b>gelateria Carles <\/b><span style=\"font-weight: 400;\">(sobre)<\/span><span style=\"font-weight: 400;\"> i un taller de DJ Batucada amb Estevao Marques a l\u2019<\/span><b>Escola de M\u00fasica Els Pins<\/b><span style=\"font-weight: 400;\">\u00a0<\/span><\/p>\n<p><span style=\"font-weight: 400;\">El <\/span><span style=\"font-weight: 400;\">JURAT DE PROFESSORES<\/span><span style=\"font-weight: 400;\"> ha estat constitu\u00eft per docents de l\u2019institut que de manera desinteressada ha visualitzat els 15 booktrailers finalistes, els ha analitzat segons les categories i ha escollit els que ha considerat els millors. Aquest ha estat els seu veredicte.<\/span><\/p>\n<p><span style=\"font-weight: 400;\">PREMIS DEL <\/span><b>JURAT DE PROFESSORES<\/b><\/p>\n<p><span style=\"font-weight: 400;\">Premis a la Millor <\/span><b>Banda Sonora\u00a0<\/b><\/p>\n<ol start=\"3\">\n<li><span style=\"font-weight: 400;\"> 1r <\/span><b>Premi a la Millor Banda Sonora\u00a0<\/b><\/li>\n<\/ol>\n<p><b><i>Los siete maridos de Evelyn Hugo<\/i><\/b><\/p>\n<p><span style=\"font-weight: 400;\">Marina Casado, Irene Navarro, Gisela Espinoza i Fatou Kasse<\/span><\/p>\n<p><span style=\"font-weight: 400;\">OBSEQUI: <\/span><span style=\"font-weight: 400;\">Una classe de prova per al gimn\u00e0s <\/span><b>Ubuntu <\/b><span style=\"font-weight: 400;\">(sobre)<\/span><\/p>\n<ol start=\"4\">\n<li><span style=\"font-weight: 400;\"> 2n <\/span><b>Premi a la Millor Banda Sonora\u00a0<\/b><\/li>\n<\/ol>\n<p><b><i>El ni\u00f1o con el pijama de rayas<\/i><\/b><\/p>\n<p><span style=\"font-weight: 400;\">Dieynaba Diallo y Kelly Parra<\/span><\/p>\n<p><span style=\"font-weight: 400;\">OBSEQUI: Un lot de productes de la <\/span><b>Farm\u00e0cia<\/b> <b>David Jim\u00e9nez Valdivia i <\/b><span style=\"font-weight: 400;\">productes de la <\/span><b>perruqueria<\/b> <b>Lydia<\/b><\/p>\n<p><span style=\"font-weight: 400;\">Premi al Millor <\/span><b>Muntatge Audiovisual\u00a0<\/b><\/p>\n<ol start=\"5\">\n<li><b>Premi al Millor Muntatge Audiovisual\u00a0<\/b><\/li>\n<\/ol>\n<p><b><i>El extra\u00f1o caso del doctor Jekyll y el se\u00f1or Hyde<\/i><\/b><\/p>\n<p><span style=\"font-weight: 400;\">Akram Yettou, Jacob Popovici i Biel Jal\u00f3<\/span><\/p>\n<p><span style=\"font-weight: 400;\">OBSEQUI: Tres vals de rentat i pentinat a la perruqueria <\/span><b>Lydia<\/b> <b>\u00a0<\/b><\/p>\n<p><span style=\"font-weight: 400;\">Premis al Millor <\/span><b>Gui\u00f3 Original\u00a0<\/b><\/p>\n<ol start=\"6\">\n<li><b>1r Premi al Millor Gui\u00f3 Original\u00a0<\/b><\/li>\n<\/ol>\n<p><b><i>Los siete maridos de Evelyn Hugo<\/i><\/b><b><i>\u00a0<\/i><\/b><\/p>\n<p><span style=\"font-weight: 400;\">Marina Casado, Irene Navarro, Gisela Espinoza i Fatou Kasse<\/span><\/p>\n<p><span style=\"font-weight: 400;\">OBSEQUI: <\/span><span style=\"font-weight: 400;\">Productes de les <\/span><b>perruqueria Pels p\u00e8ls\u00a0<\/b><\/p>\n<ol start=\"7\">\n<li><span style=\"font-weight: 400;\">7<\/span><span style=\"font-weight: 400;\">. <\/span><b>2n Premi al Millor Gui\u00f3 Original\u00a0<\/b><\/li>\n<\/ol>\n<p><b><i>Matilda<\/i><\/b><\/p>\n<p><span style=\"font-weight: 400;\">Eneida Gonz\u00e1lez, Franyelis Subia, Itziar Nickstat i Sophia Dos Santos<\/span><\/p>\n<p><span style=\"font-weight: 400;\">OBSEQUI: <\/span><span style=\"font-weight: 400;\">Productes de les <\/span><b>perruqueria Lydia<\/b><\/p>\n<p><span style=\"font-weight: 400;\">Premi a la Millor <\/span><b>Pe\u00e7a Creativa\u00a0<\/b><\/p>\n<ol start=\"8\">\n<li><b>Premi a la Millor Pe\u00e7a creativa<\/b><\/li>\n<\/ol>\n<p><b><i>El se\u00f1or de los anillos<\/i><\/b><\/p>\n<p><span style=\"font-weight: 400;\">Mariona Comas, Paul Mar\u00eda, Sandra Barber\u00e1n i Val\u00e8re Regnier<\/span><\/p>\n<p><span style=\"font-weight: 400;\">OBSEQUI: Llibres de l\u2019editorial <\/span><b>Barcanova<\/b><\/p>\n<p><span style=\"font-weight: 400;\">Premis a la Millor <\/span><b>Actriu <\/b><span style=\"font-weight: 400;\">i al Millor <\/span><b>Actor\u00a0<\/b><\/p>\n<ol start=\"9\">\n<li><b>1r Premi a Millor Actriu\u00a0<\/b><\/li>\n<\/ol>\n<p><b>Marina Casado<\/b> <span style=\"font-weight: 400;\">per <\/span><b><i>Los siete maridos de Evelyn Hugo<\/i><\/b><\/p>\n<p><span style=\"font-weight: 400;\">OBSEQUI: <\/span><span style=\"font-weight: 400;\">1 val de 50 \u20ac a la <\/span><b>perruqueria Lydia<\/b> <span style=\"font-weight: 400;\">(sobre)<\/span><\/p>\n<ol start=\"10\">\n<li><b>2n Premi a la Millor Actriu\u00a0<\/b><\/li>\n<\/ol>\n<p><b>Gemma Morata<\/b> <span style=\"font-weight: 400;\">per <\/span><b><i>Asesinato para principiantes\u00a0<\/i><\/b><\/p>\n<p><span style=\"font-weight: 400;\">OBSEQUI: <\/span><span style=\"font-weight: 400;\">1 val de 50 \u20ac a la <\/span><b>perruqueria Lydia<\/b> <span style=\"font-weight: 400;\">(sobre)<\/span><\/p>\n<ol start=\"11\">\n<li><span style=\"font-weight: 400;\"> 1r <\/span><b>Premi al Millor Actor\u00a0<\/b><\/li>\n<\/ol>\n<p><b>Mart\u00ed Benaiges<\/b> <span style=\"font-weight: 400;\">per <\/span><b><i>Te espero en el fin del mundo\u00a0<\/i><\/b><\/p>\n<p><span style=\"font-weight: 400;\">OBSEQUI: <\/span><span style=\"font-weight: 400;\">Lot de productes de la <\/span><b>perruqueria<\/b> <b>Pels P\u00e8ls<\/b><span style=\"font-weight: 400;\">, un val de rentat i pentinat de la perruqueria <\/span><b>Lydia<\/b><span style=\"font-weight: 400;\">, un estoig i un clauer fets per l\u2019<\/span><b>Eva Porras<\/b><\/p>\n<ol start=\"12\">\n<li><b><\/b><span style=\"font-weight: 400;\"> 2n <\/span><b>Premi al Millor Actor\u00a0<\/b><\/li>\n<\/ol>\n<p><b>Bruno Gonz\u00e1lez<\/b> <span style=\"font-weight: 400;\">per <\/span><b><i>El nombre del viento\u00a0<\/i><\/b><\/p>\n<p><span style=\"font-weight: 400;\">OBSEQUI: Llibre i obsequis de la llibreria <\/span><b>Canillo <\/b><span style=\"font-weight: 400;\">i una classe de prova al gimn\u00e0s<\/span><b> Ubuntu<\/b><\/p>\n<p><span style=\"font-weight: 400;\">Premis al <\/span><b>Millor Booktrailer\u00a0<\/b><\/p>\n<ol start=\"13\">\n<li><span style=\"font-weight: 400;\"> 1r <\/span><b>Premi al Millor Booktrailer\u00a0<\/b><\/li>\n<\/ol>\n<p><b><i>El extra\u00f1o caso del doctor Jekyll y el se\u00f1or Hyde<\/i><\/b><\/p>\n<p><span style=\"font-weight: 400;\">Akram Yettou, Jacob Popovici i Biel Jal\u00f3<\/span><\/p>\n<p><span style=\"font-weight: 400;\">OBSEQUI: <\/span><span style=\"font-weight: 400;\">Llibres de la <\/span><b>Biblioteca Ram\u00f3n Fern\u00e1ndez Jurado<\/b><\/p>\n<ol start=\"14\">\n<li><span style=\"font-weight: 400;\"> 2n <\/span><b>Premi al Millor Booktrailer\u00a0<\/b><\/li>\n<\/ol>\n<p><b><i>Matilda<\/i><\/b><\/p>\n<p><span style=\"font-weight: 400;\">Eneida Gonz\u00e1lez, Franyelis Subia, Itziar Nickstat i Sophia Dos Santos<\/span><\/p>\n<p><span style=\"font-weight: 400;\">OBSEQUI: Llibres i <\/span><span style=\"font-weight: 400;\">obsequis de la llibreria <\/span><b>Canillo<\/b><span style=\"font-weight: 400;\"> i de l\u2019editorial <\/span><b>Barcanova<\/b><\/p>\n<ol start=\"23\">\n<li><b><\/b> <span style=\"font-weight: 400;\">3r <\/span><b>Premi al Millor Booktrailer\u00a0<\/b><\/li>\n<\/ol>\n<p><b><i>\u00a0Wonder. La lecci\u00f3n de August<\/i><\/b><\/p>\n<p><span style=\"font-weight: 400;\">Huda Shaat, Danna Huertas i I\u00f1aki Royo<\/span><\/p>\n<p><span style=\"font-weight: 400;\">OBSEQUI: Val de revisi\u00f3 dental completa i higiene dental a <\/span><b>JSCLINIC<\/b><\/p>\n<p><span style=\"font-weight: 400;\">El <\/span><span style=\"font-weight: 400;\">JURAT D&#8217;EXPERTS<\/span><span style=\"font-weight: 400;\"> ha estat constitu\u00eft per les seg\u00fcents persones, relacionades amb el m\u00f3n de la cultura, la literatura i l\u2019educaci\u00f3:\u00a0<\/span><\/p>\n<ul>\n<li style=\"font-weight: 400;\" aria-level=\"1\"><b>Fernando Lorza <\/b><span style=\"font-weight: 400;\">(professor, mestre i locutor de R\u00e0dio Castelldefels)<\/span><b>\u00a0<\/b><\/li>\n<li style=\"font-weight: 400;\" aria-level=\"1\"><b>Jessica Rodr\u00edguez <\/b><span style=\"font-weight: 400;\">(representant de l\u2019editorial Barcanova)\u00a0<\/span><\/li>\n<li style=\"font-weight: 400;\" aria-level=\"1\"><b>Carles Alcoy <\/b><span style=\"font-weight: 400;\">(tallerista del projecte de booktrailers, fil\u00f2leg i narrador. Ha treballat en \u00e0mbits de dinamitzaci\u00f3 econ\u00f2mica, gesti\u00f3 cultural i arts esc\u00e8niques.)\u00a0<\/span><\/li>\n<li style=\"font-weight: 400;\" aria-level=\"1\"><b>Mar Mayoral<\/b><span style=\"font-weight: 400;\"> (cap d\u2019estudis de l\u2019Institut Les Marines)<\/span><\/li>\n<li style=\"font-weight: 400;\" aria-level=\"1\"><b>N\u00faria Membrado <\/b><span style=\"font-weight: 400;\">(propiet\u00e0ria de la llibreria Canillo)<\/span><\/li>\n<\/ul>\n<p><span style=\"font-weight: 400;\">Els premis atorgats pel jurat d\u2019experts s\u00f3n els seg\u00fcents:\u00a0<\/span><\/p>\n<p><span style=\"font-weight: 400;\">PREMIS DEL <\/span><b>JURAT D\u2019EXPERTS<\/b><\/p>\n<ol start=\"15\">\n<li><b>Premi al Millor Gui\u00f3\u00a0<\/b><\/li>\n<\/ol>\n<p><b><i>Coraline<\/i><\/b><\/p>\n<p><span style=\"font-weight: 400;\">Marina Cebreros, Viki Luna, Jan Alarc\u00f3n, Unai Pastor i Noa Conesa<\/span><\/p>\n<p><span style=\"font-weight: 400;\">OBSEQUI: <\/span><span style=\"font-weight: 400;\">Neteja bucal de la cl\u00ednica 9dental<\/span><\/p>\n<ol start=\"16\">\n<li><span style=\"font-weight: 400;\"> 1r <\/span><b>Premi a la Millor Producci\u00f3\u00a0<\/b><\/li>\n<\/ol>\n<p><b><i>Te espero en el fin del mundo<\/i><\/b><b><i>\u00a0<\/i><\/b><\/p>\n<p><span style=\"font-weight: 400;\">Mart\u00ed Benaiges, Lennon Rodr\u00edguez, Abril G\u00f3mez i Isabel Borges<\/span><\/p>\n<p><span style=\"font-weight: 400;\">OBSEQUI: Estoigs fets per l\u2019<\/span><b>Eva Porras<\/b><span style=\"font-weight: 400;\"> (mare de l\u2019AFA)<\/span><\/p>\n<ol start=\"17\">\n<li><span style=\"font-weight: 400;\"> 2n <\/span><b>Premi a la Millor Producci\u00f3\u00a0<\/b><\/li>\n<\/ol>\n<p><b><i>Asesinato para principiantes<\/i><\/b><b><i>\u00a0<\/i><\/b><\/p>\n<p><span style=\"font-weight: 400;\">Greta Segura, Gabriel Iuga, Gemma Morata i Emma Berm\u00fadez<\/span><\/p>\n<p><span style=\"font-weight: 400;\">OBSEQUI: Clauers fets per l\u2019<\/span><b>Eva Porras<\/b><span style=\"font-weight: 400;\"> (mare de l\u2019AFA)<\/span><\/p>\n<ol start=\"18\">\n<li><b>1r Premi a la Millor Postproducci\u00f3\u00a0<\/b><\/li>\n<\/ol>\n<p><b><i>El ni\u00f1o con la pijama de rayas<\/i><\/b><\/p>\n<p><span style=\"font-weight: 400;\">Dieynaba Diallo y Kelly Parra<\/span><\/p>\n<p><span style=\"font-weight: 400;\">OBSEQUI: <\/span><span style=\"font-weight: 400;\">Productes de l\u2019editorial <\/span><b>Barcanova<\/b><span style=\"font-weight: 400;\"> i de la llibreria <\/span><b>Canillo<\/b><\/p>\n<ol start=\"19\">\n<li><b>2n Premi a la Millor Postproducci\u00f3\u00a0<\/b><\/li>\n<\/ol>\n<p><b><i>El nombre del viento<\/i><\/b><\/p>\n<p><span style=\"font-weight: 400;\">Bruno Gonz\u00e1lez, Joan Sol\u00e9, Pol Jim\u00e9nez, Lucas P\u00e9rez i Laia Bened\u00e9<\/span><\/p>\n<p><span style=\"font-weight: 400;\">OBSEQUI: <\/span><span style=\"font-weight: 400;\">5 consumicions a la gelateria <\/span><b>Carles<\/b><span style=\"font-weight: 400;\"> (sobre)<\/span><\/p>\n<ol start=\"20\">\n<li><b>Premi al Booktrailer M\u00e9s Creatiu\u00a0<\/b><\/li>\n<\/ol>\n<p><b><i>Coraline<\/i><\/b><b><i>\u00a0<\/i><\/b><\/p>\n<p><span style=\"font-weight: 400;\">Marina Cebreros, Viki Luna, Jan Alarc\u00f3n, Unai Pastor i Noa Conesa<\/span><\/p>\n<p><span style=\"font-weight: 400;\">OBSEQUI: Trofeu fet per la impressora 3D de l\u2019institut i una classe de prova per al gimn\u00e0s <\/span><b>Ynfels<\/b><\/p>\n<ol start=\"21\">\n<li><b>1r Premi al Millor Booktrailer\u00a0<\/b><\/li>\n<\/ol>\n<p><b><i>Coraline<\/i><\/b><b><i>\u00a0<\/i><\/b><\/p>\n<p><span style=\"font-weight: 400;\">Marina Cebreros, Viki Luna, Jan Alarc\u00f3n, Unai Pastor i Noa Conesa<\/span><\/p>\n<p><span style=\"font-weight: 400;\">OBSEQUI: Sopar a l<\/span><b>\u2019Asador Lem <\/b><span style=\"font-weight: 400;\">amb pizza, refresc i partida de billar.\u00a0<\/span><\/p>\n<ol start=\"22\">\n<li><b>2n Premi al Millor Booktrailer\u00a0<\/b><\/li>\n<\/ol>\n<p><b><i>El se\u00f1or de los anillos<\/i><\/b><b><i>\u00a0<\/i><\/b><\/p>\n<p><span style=\"font-weight: 400;\">Mariona Comas, Paul Mar\u00eda, Sandra Barber\u00e1n i Val\u00e8re Regnier<\/span><\/p>\n<p><span style=\"font-weight: 400;\">OBSEQUI: Trofeu fet per la <\/span><b>impressora 3D de l\u2019institut i <\/b><span style=\"font-weight: 400;\">sopar a la <\/span><b>pizzeria Verde Luna\u00a0<\/b><\/p>\n<p><span style=\"font-weight: 400;\">Felicitats als guanyadors i guanyadores del concurs!<\/span><\/p>\n","protected":false},"excerpt":{"rendered":"<p>El dimecres 14 de maig vam celebrar la gala del lliurament de premis del III Concurs de Booktrailers de 4t d\u2019ESO i l\u2019exhibici\u00f3 dels curts creats per l\u2019alumnat de creaci\u00f3 liter\u00e0ria de 1r de batxillerat, que es van presentar al concurs Reimagina\u2019t, una convocat\u00f2ria que vol promoure els videos lliures de sexisme.\u00a0 Primer de tot, [&hellip;]<\/p>\n","protected":false},"author":1,"featured_media":0,"parent":0,"menu_order":0,"comment_status":"closed","ping_status":"closed","template":"","meta":{"_bbp_topic_count":0,"_bbp_reply_count":0,"_bbp_total_topic_count":0,"_bbp_total_reply_count":0,"_bbp_voice_count":0,"_bbp_anonymous_reply_count":0,"_bbp_topic_count_hidden":0,"_bbp_reply_count_hidden":0,"_bbp_forum_subforum_count":0,"site-sidebar-layout":"default","site-content-layout":"","ast-site-content-layout":"","site-content-style":"default","site-sidebar-style":"default","ast-global-header-display":"","ast-banner-title-visibility":"","ast-main-header-display":"","ast-hfb-above-header-display":"","ast-hfb-below-header-display":"","ast-hfb-mobile-header-display":"","site-post-title":"","ast-breadcrumbs-content":"","ast-featured-img":"","footer-sml-layout":"","theme-transparent-header-meta":"","adv-header-id-meta":"","stick-header-meta":"","header-above-stick-meta":"","header-main-stick-meta":"","header-below-stick-meta":"","astra-migrate-meta-layouts":"default","ast-page-background-enabled":"default","ast-page-background-meta":{"desktop":{"background-color":"var(--ast-global-color-4)","background-image":"","background-repeat":"repeat","background-position":"center center","background-size":"auto","background-attachment":"scroll","background-type":"","background-media":"","overlay-type":"","overlay-color":"","overlay-opacity":"","overlay-gradient":""},"tablet":{"background-color":"","background-image":"","background-repeat":"repeat","background-position":"center center","background-size":"auto","background-attachment":"scroll","background-type":"","background-media":"","overlay-type":"","overlay-color":"","overlay-opacity":"","overlay-gradient":""},"mobile":{"background-color":"","background-image":"","background-repeat":"repeat","background-position":"center center","background-size":"auto","background-attachment":"scroll","background-type":"","background-media":"","overlay-type":"","overlay-color":"","overlay-opacity":"","overlay-gradient":""}},"ast-content-background-meta":{"desktop":{"background-color":"var(--ast-global-color-5)","background-image":"","background-repeat":"repeat","background-position":"center center","background-size":"auto","background-attachment":"scroll","background-type":"","background-media":"","overlay-type":"","overlay-color":"","overlay-opacity":"","overlay-gradient":""},"tablet":{"background-color":"var(--ast-global-color-5)","background-image":"","background-repeat":"repeat","background-position":"center center","background-size":"auto","background-attachment":"scroll","background-type":"","background-media":"","overlay-type":"","overlay-color":"","overlay-opacity":"","overlay-gradient":""},"mobile":{"background-color":"var(--ast-global-color-5)","background-image":"","background-repeat":"repeat","background-position":"center center","background-size":"auto","background-attachment":"scroll","background-type":"","background-media":"","overlay-type":"","overlay-color":"","overlay-opacity":"","overlay-gradient":""}},"footnotes":""},"class_list":["post-5364","page","type-page","status-publish","hentry"],"post_mailing_queue_ids":[],"_links":{"self":[{"href":"https:\/\/agora.xtec.cat\/ieslesmarines\/wp-json\/wp\/v2\/pages\/5364","targetHints":{"allow":["GET"]}}],"collection":[{"href":"https:\/\/agora.xtec.cat\/ieslesmarines\/wp-json\/wp\/v2\/pages"}],"about":[{"href":"https:\/\/agora.xtec.cat\/ieslesmarines\/wp-json\/wp\/v2\/types\/page"}],"author":[{"embeddable":true,"href":"https:\/\/agora.xtec.cat\/ieslesmarines\/wp-json\/wp\/v2\/users\/1"}],"replies":[{"embeddable":true,"href":"https:\/\/agora.xtec.cat\/ieslesmarines\/wp-json\/wp\/v2\/comments?post=5364"}],"version-history":[{"count":1,"href":"https:\/\/agora.xtec.cat\/ieslesmarines\/wp-json\/wp\/v2\/pages\/5364\/revisions"}],"predecessor-version":[{"id":5369,"href":"https:\/\/agora.xtec.cat\/ieslesmarines\/wp-json\/wp\/v2\/pages\/5364\/revisions\/5369"}],"wp:attachment":[{"href":"https:\/\/agora.xtec.cat\/ieslesmarines\/wp-json\/wp\/v2\/media?parent=5364"}],"curies":[{"name":"wp","href":"https:\/\/api.w.org\/{rel}","templated":true}]}}