{"id":5194,"date":"2025-04-01T11:17:11","date_gmt":"2025-04-01T09:17:11","guid":{"rendered":"https:\/\/agora.xtec.cat\/ieslesmarines\/?page_id=5194"},"modified":"2025-04-01T11:17:11","modified_gmt":"2025-04-01T09:17:11","slug":"1r-de-batxillerat-gaudeix-duna-jornada-descalada","status":"publish","type":"page","link":"https:\/\/agora.xtec.cat\/ieslesmarines\/1r-de-batxillerat-gaudeix-duna-jornada-descalada\/","title":{"rendered":"1r de Batxillerat gaudeix d&#8217;una jornada d&#8217;escalada"},"content":{"rendered":"<p>L\u2019alumnat de 1rBatx va gaudir aquest dijous, 27 de mar\u00e7, d\u2019una jornada a la natura fent escalada al Garraf amb els t\u00e8cnics d\u2019Okaeri i els monitors del Grau Mitj\u00e0 de GUIAMN de Corbera.<\/p>\n<p>Va fer un dia espl\u00e8ndid i van treballar per estacions: trekking, via ferrata, tirolina, r\u00e0pel i 5 vies de diferent dificultat!<\/p>\n<p>Els alumnes van gaudit del medi natural i d\u2019un dia diferent participant activament!<img loading=\"lazy\" decoding=\"async\" class=\"an1\" draggable=\"false\" src=\"https:\/\/fonts.gstatic.com\/s\/e\/notoemoji\/16.0\/1f9d7_200d_2642_fe0f\/72.png\" alt=\"\ud83e\uddd7\u200d\u2642\ufe0f\" width=\"19\" height=\"19\" data-emoji=\"\ud83e\uddd7\u200d\u2642\ufe0f\" aria-label=\"\ud83e\uddd7\u200d\u2642\ufe0f\" \/><img loading=\"lazy\" decoding=\"async\" class=\"an1\" draggable=\"false\" src=\"https:\/\/fonts.gstatic.com\/s\/e\/notoemoji\/16.0\/1f9d7_200d_2640_fe0f\/72.png\" alt=\"\ud83e\uddd7\u200d\u2640\ufe0f\" width=\"17\" height=\"17\" data-emoji=\"\ud83e\uddd7\u200d\u2640\ufe0f\" aria-label=\"\ud83e\uddd7\u200d\u2640\ufe0f\" \/><\/p>\n<p><img loading=\"lazy\" decoding=\"async\" class=\"wp-image-5195 aligncenter\" src=\"https:\/\/agora.xtec.cat\/ieslesmarines\/wp-content\/uploads\/usu619\/2025\/04\/7d885547-2401-4fa8-9250-51b51c33cbd0-768x1024.jpeg\" alt=\"\" width=\"600\" height=\"800\" srcset=\"https:\/\/agora.xtec.cat\/ieslesmarines\/wp-content\/uploads\/usu619\/2025\/04\/7d885547-2401-4fa8-9250-51b51c33cbd0-768x1024.jpeg 768w, https:\/\/agora.xtec.cat\/ieslesmarines\/wp-content\/uploads\/usu619\/2025\/04\/7d885547-2401-4fa8-9250-51b51c33cbd0-225x300.jpeg 225w, https:\/\/agora.xtec.cat\/ieslesmarines\/wp-content\/uploads\/usu619\/2025\/04\/7d885547-2401-4fa8-9250-51b51c33cbd0-1152x1536.jpeg 1152w, https:\/\/agora.xtec.cat\/ieslesmarines\/wp-content\/uploads\/usu619\/2025\/04\/7d885547-2401-4fa8-9250-51b51c33cbd0.jpeg 1536w\" sizes=\"auto, (max-width: 600px) 100vw, 600px\" \/><\/p>\n","protected":false},"excerpt":{"rendered":"<p>L\u2019alumnat de 1rBatx va gaudir aquest dijous, 27 de mar\u00e7, d\u2019una jornada a la natura fent escalada al Garraf amb els t\u00e8cnics d\u2019Okaeri i els monitors del Grau Mitj\u00e0 de GUIAMN de Corbera. Va fer un dia espl\u00e8ndid i van treballar per estacions: trekking, via ferrata, tirolina, r\u00e0pel i 5 vies de diferent dificultat! Els [&hellip;]<\/p>\n","protected":false},"author":1,"featured_media":0,"parent":0,"menu_order":0,"comment_status":"closed","ping_status":"closed","template":"","meta":{"_bbp_topic_count":0,"_bbp_reply_count":0,"_bbp_total_topic_count":0,"_bbp_total_reply_count":0,"_bbp_voice_count":0,"_bbp_anonymous_reply_count":0,"_bbp_topic_count_hidden":0,"_bbp_reply_count_hidden":0,"_bbp_forum_subforum_count":0,"site-sidebar-layout":"default","site-content-layout":"","ast-site-content-layout":"","site-content-style":"default","site-sidebar-style":"default","ast-global-header-display":"","ast-banner-title-visibility":"","ast-main-header-display":"","ast-hfb-above-header-display":"","ast-hfb-below-header-display":"","ast-hfb-mobile-header-display":"","site-post-title":"","ast-breadcrumbs-content":"","ast-featured-img":"","footer-sml-layout":"","theme-transparent-header-meta":"","adv-header-id-meta":"","stick-header-meta":"","header-above-stick-meta":"","header-main-stick-meta":"","header-below-stick-meta":"","astra-migrate-meta-layouts":"default","ast-page-background-enabled":"default","ast-page-background-meta":{"desktop":{"background-color":"var(--ast-global-color-4)","background-image":"","background-repeat":"repeat","background-position":"center center","background-size":"auto","background-attachment":"scroll","background-type":"","background-media":"","overlay-type":"","overlay-color":"","overlay-opacity":"","overlay-gradient":""},"tablet":{"background-color":"","background-image":"","background-repeat":"repeat","background-position":"center center","background-size":"auto","background-attachment":"scroll","background-type":"","background-media":"","overlay-type":"","overlay-color":"","overlay-opacity":"","overlay-gradient":""},"mobile":{"background-color":"","background-image":"","background-repeat":"repeat","background-position":"center center","background-size":"auto","background-attachment":"scroll","background-type":"","background-media":"","overlay-type":"","overlay-color":"","overlay-opacity":"","overlay-gradient":""}},"ast-content-background-meta":{"desktop":{"background-color":"var(--ast-global-color-5)","background-image":"","background-repeat":"repeat","background-position":"center center","background-size":"auto","background-attachment":"scroll","background-type":"","background-media":"","overlay-type":"","overlay-color":"","overlay-opacity":"","overlay-gradient":""},"tablet":{"background-color":"var(--ast-global-color-5)","background-image":"","background-repeat":"repeat","background-position":"center center","background-size":"auto","background-attachment":"scroll","background-type":"","background-media":"","overlay-type":"","overlay-color":"","overlay-opacity":"","overlay-gradient":""},"mobile":{"background-color":"var(--ast-global-color-5)","background-image":"","background-repeat":"repeat","background-position":"center center","background-size":"auto","background-attachment":"scroll","background-type":"","background-media":"","overlay-type":"","overlay-color":"","overlay-opacity":"","overlay-gradient":""}},"footnotes":""},"class_list":["post-5194","page","type-page","status-publish","hentry"],"post_mailing_queue_ids":[],"_links":{"self":[{"href":"https:\/\/agora.xtec.cat\/ieslesmarines\/wp-json\/wp\/v2\/pages\/5194","targetHints":{"allow":["GET"]}}],"collection":[{"href":"https:\/\/agora.xtec.cat\/ieslesmarines\/wp-json\/wp\/v2\/pages"}],"about":[{"href":"https:\/\/agora.xtec.cat\/ieslesmarines\/wp-json\/wp\/v2\/types\/page"}],"author":[{"embeddable":true,"href":"https:\/\/agora.xtec.cat\/ieslesmarines\/wp-json\/wp\/v2\/users\/1"}],"replies":[{"embeddable":true,"href":"https:\/\/agora.xtec.cat\/ieslesmarines\/wp-json\/wp\/v2\/comments?post=5194"}],"version-history":[{"count":1,"href":"https:\/\/agora.xtec.cat\/ieslesmarines\/wp-json\/wp\/v2\/pages\/5194\/revisions"}],"predecessor-version":[{"id":5197,"href":"https:\/\/agora.xtec.cat\/ieslesmarines\/wp-json\/wp\/v2\/pages\/5194\/revisions\/5197"}],"wp:attachment":[{"href":"https:\/\/agora.xtec.cat\/ieslesmarines\/wp-json\/wp\/v2\/media?parent=5194"}],"curies":[{"name":"wp","href":"https:\/\/api.w.org\/{rel}","templated":true}]}}