{"id":5178,"date":"2025-03-31T09:57:20","date_gmt":"2025-03-31T07:57:20","guid":{"rendered":"https:\/\/agora.xtec.cat\/ieslesmarines\/?page_id=5178"},"modified":"2025-03-31T09:57:20","modified_gmt":"2025-03-31T07:57:20","slug":"servei-comunitari-a-la-fundacio-uszheimer-4t-deso","status":"publish","type":"page","link":"https:\/\/agora.xtec.cat\/ieslesmarines\/servei-comunitari-a-la-fundacio-uszheimer-4t-deso\/","title":{"rendered":"Servei Comunitari a la Fundaci\u00f3 Uszheimer &#8211; 4t d&#8217;ESO"},"content":{"rendered":"<p><span style=\"font-weight: 400;\">Durant el mes de mar\u00e7 d\u2019aquest any, l\u2019alumnat de 4t d\u2019ESO de les Marines va tenir el plaer de poder fer un <a href=\"https:\/\/docs.google.com\/presentation\/d\/1surhMHFYAILTZF3r7WqCaMcV4PQBTSAf\/edit?usp=drive_link&amp;ouid=100193046924773479825&amp;rtpof=true&amp;sd=true\">servei comunitari a la fundaci\u00f3 Uszheimer de Castelldefels<\/a>.<\/span><\/p>\n<p><span style=\"font-weight: 400;\">En el transcurs d\u2019aquest voluntariat, els nois i noies van quedar sorpreses de quanta empatia eren capa\u00e7os de sentir cap a la gent\u00a0 gran. Empatia, ganes d\u2019escoltar i riquesa emocional, entre altres sentiments positius, \u00e9s el que va generar aquesta trobada intergeneracional. L\u2019alumnat va actuar d\u2019una manera que va provocar felicitacions\u00a0 per\u00a0 part de l\u2019entitat. El vessant hum\u00e0 m\u00e9s positiu va madurar en aquestes trobades i l\u2019entitat amb els seus usuaris i personal treballador ens\u00a0 va\u00a0 aportar un lloc on cr\u00e9ixer amb\u00a0 mirada de RESPECTE, CONSIDERACI\u00d3, ADMIRACI\u00d3 I AMOR.<\/span><\/p>\n<p><span style=\"font-weight: 400;\">Aquest voluntariat \u00e9s tot un \u00e8xit en el nostre centre. Portem ja\u00a0 diversos anys fent-lo i quan\u00a0 l\u2019alumnat l\u2019acaba, una de les anotacions que fan sempre \u00e9s\u00a0 que se\u2019ls ha fet molt curt.<\/span><\/p>\n<p><span style=\"font-weight: 400;\"><img loading=\"lazy\" decoding=\"async\" class=\"wp-image-5179 aligncenter\" src=\"https:\/\/agora.xtec.cat\/ieslesmarines\/wp-content\/uploads\/usu619\/2025\/03\/IMG_1022-649x1024.jpg\" alt=\"\" width=\"500\" height=\"789\" srcset=\"https:\/\/agora.xtec.cat\/ieslesmarines\/wp-content\/uploads\/usu619\/2025\/03\/IMG_1022-649x1024.jpg 649w, https:\/\/agora.xtec.cat\/ieslesmarines\/wp-content\/uploads\/usu619\/2025\/03\/IMG_1022-190x300.jpg 190w, https:\/\/agora.xtec.cat\/ieslesmarines\/wp-content\/uploads\/usu619\/2025\/03\/IMG_1022-768x1212.jpg 768w, https:\/\/agora.xtec.cat\/ieslesmarines\/wp-content\/uploads\/usu619\/2025\/03\/IMG_1022-974x1536.jpg 974w, https:\/\/agora.xtec.cat\/ieslesmarines\/wp-content\/uploads\/usu619\/2025\/03\/IMG_1022-1298x2048.jpg 1298w, https:\/\/agora.xtec.cat\/ieslesmarines\/wp-content\/uploads\/usu619\/2025\/03\/IMG_1022-scaled.jpg 1623w\" sizes=\"auto, (max-width: 500px) 100vw, 500px\" \/><\/span><\/p>\n<p><span style=\"font-weight: 400;\">Compartim part de les seves reflexions\u00a0 amb\u00a0 la Caixa de Mem\u00f2ria que van crear pels seus \u201cmestres\u201d grans.<\/span><\/p>\n<p><i><span style=\"font-weight: 400;\">\u201cEstimat xxx,<\/span><\/i><\/p>\n<p><i><span style=\"font-weight: 400;\">Han estat nom\u00e9s tres visites, per\u00f2 en aquest temps he apr\u00e8s molt. M&#8217;ha agradat compartir aquests moments amb tu, escoltar-te i con\u00e8ixer-te una mica. Encara que ha estat poc temps, m&#8217;emporto un bonic record.<\/span><\/i><\/p>\n<p><i><span style=\"font-weight: 400;\">Estar amb tu m&#8217;ha fet reflexionar sobre el valuosa que \u00e9s la companyia i com els petits gestos poden alegrar el dia a alg\u00fa. Poder ser aqu\u00ed amb tu m&#8217;ha fet sentir b\u00e9, encara que fora per una estona.<\/span><\/i><\/p>\n<p><i><span style=\"font-weight: 400;\">Et desitjo el millor i espero que segueixis envoltat d&#8217;afecte i bons moments.\u201d<\/span><\/i><\/p>\n<p><i><span style=\"font-weight: 400;\">\u201cM<\/span><\/i><i><span style=\"font-weight: 400;\">uchas gracias por sonre\u00edrnos y tratarnos amablemente, siempre con un toque de humor y contagiarnos tu alegr\u00eda. Tambi\u00e9n me gustar\u00eda agradecerte por ense\u00f1arnos que no hay que hacer caso a lo que dicen los dem\u00e1s de nosotros, a continuar pensando en positivo pase lo que pase y por hacernos disfrutar de cada d\u00eda que hemos pasado con vosotros.\u201d<\/span><\/i><\/p>\n<p><i><span style=\"font-weight: 400;\">\u201c&#8230;me hace ser mejor persona con la gente mayor. Estoy muy agradecido de todo lo que ha pasado en este servici\u00f3 comunitario, un fuerte abrazo y besos para xxx\u201d<\/span><\/i><\/p>\n<p><i><span style=\"font-weight: 400;\">\u201c<\/span><\/i><span style=\"font-weight: 400;\">Me<\/span><i><span style=\"font-weight: 400;\">\u00a0 ha gustado mucho hablar con ellos y escuchar sus historias,\u00a0 ha hecho que me acuerde de mis abuelos, porque tambi\u00e9n me cuentan cosas de antes, de cuando eran j\u00f3venes. Cuando sea mayor, me gustar\u00eda que me trataran con mucha amabilidad, escuch\u00e1ndome y haci\u00e9ndome sentir importante y es lo que yo he intentado que sientan con mi compa\u00f1\u00eda. Con este servicio he aprendido que la gente mayor tiene muchas cosas que ense\u00f1arnos, c\u00f3mo disfrutar de los peque\u00f1os momentos y valorar el tiempo compartido con la familia y amigos.\u00a0 He sentido mucha ternura al\u00a0 verlos tan contentos cuando pas\u00e1bamos tiempo juntos. Me gusta pensar que les he hecho felices el tiempo que he pasado con ellos y se han sentido c\u00f3modos conmigo.<\/span><\/i><\/p>\n<p><i><span style=\"font-weight: 400;\">En conclusi\u00f3n, el servicio me ha encantado y no dudar\u00eda en repetirlo si tuviera ocasi\u00f3n.\u201d<\/span><\/i><\/p>\n<p><i><span style=\"font-weight: 400;\">\u201cEscog\u00ed este servicio comunitario pensando que podr\u00eda ayudar a la gente mayor y hacerles compa\u00f1\u00eda, pero yo me llev\u00e9 muchas m\u00e1s cosas. Me he sentido muy bien todos los d\u00edas que hemos venido y he estado a gusto con todos vosotros. Me gustar\u00eda que de mayor me trataran y me cuidaran tan bien como os cuidan en el centro de d\u00eda. Gracias a las educadoras sociales y psic\u00f3logas que nos han ayudado a integrarnos mejor y nos han acompa\u00f1ado. Carmen, gracias por explicarnos y compartir con nosotros tus recuerdos y vivencias. Admiro mucho que contin\u00faes aprendiendo nuevas cosas, como escribir y no rendirte. Por \u00faltimo, quiero agradecer a todos los abuelos y abuelas que han hecho posible que hayamos podido hacer esta actividad.\u201d<\/span><\/i><\/p>\n<p><i><span style=\"font-weight: 400;\">\u201dHe pogut experimentar tota mena d\u2019emocions, per\u00f2 sobretot m\u2019ha ensenyat a valorar els moments, les petites coses de la vida i a gaudir del present.\u00a0<\/span><\/i><\/p>\n<p><i><span style=\"font-weight: 400;\">A m\u00e9s m\u2019ha fet pensar sobre com hem d\u2019aprofitar el temps amb les persones que estimem. A vegades donem per fet que sempre estaran, per\u00f2 el temps passa molt de pressa i no sabem el que passar\u00e0.<\/span><\/i><\/p>\n<p><i><span style=\"font-weight: 400;\">D\u2019altra banda, m\u2019ha fet entendre que el m\u00e9s important no \u00e9s el que recordem sin\u00f3 les emocions que compartim i com fer sentir als altres mentre estem a prop.<\/span><\/i><\/p>\n<p><i><span style=\"font-weight: 400;\">xxx, volia agrair-te especialment a tu pel temps que hem compartit i per al que m\u2019has ensenyat. Admiro molt tot el que has viscut i com has afrontat la vida. Moltes gr\u00e0cies per haver compartit aix\u00f2 amb mi.\u201d<\/span><\/i><\/p>\n<p><i><span style=\"font-weight: 400;\">\u201c&#8230;la veritat no s\u00e9 com comen\u00e7ar aquest escrit, comen\u00e7ar\u00e9 parlant sobre com em vaig sentir el primer dia que vaig arribar a Uszheimer per primera vegada, em vaig sentir bastant nervi\u00f3s ja la vegada emocionat, em recordo que, en l&#8217;entrevista t&#8217;agradava que et f\u00e9ssim preguntes, em va impactar bastant quan vas dir que vas estar a Alemanya durant 14 anys, o que encara recordes parlar alemany. Al meu entendre vaig gaudir de les teves bromes i les vibres d&#8217;alegria que desprenies o almenys aquesta sensaci\u00f3 vaig tenir\u2026\u201d<\/span><\/i><\/p>\n<p><i><span style=\"font-weight: 400;\">\u201cQuiero empezar dando las gracias a todas las personas que han hecho posible este encuentro con las personas del centro de d\u00eda, ya que gracias a ellas he tenido la oportunidad de conocer a xxx. Con ella he podido descubrir c\u00f3mo era la vida hace 50 a\u00f1os, en Sevilla, trabajando en el campo, y por eso, quiero agradecerle que haya compartido sus momentos vividos conmigo. Tambi\u00e9n me ha ense\u00f1ado c\u00f3mo es la vida en un centro de d\u00eda, creo que es una suerte que existan sitios as\u00ed, para ayudar a la gente mayor que lo necesita. Creo que estas sesiones en el centro de d\u00eda me han ayudado a reflexionar sobre c\u00f3mo ha cambiado el estilo de vida en los \u00faltimos a\u00f1os y me ha dado otro punto de vista de la vida. Me ha ayudado a entender que hay que dar las gracias por todo lo que tenemos.\u00a0<\/span><\/i><\/p>\n<p><i><span style=\"font-weight: 400;\">Gracias por darnos la oportunidad de conoceros y de compartir con nosotros vuestros recuerdos.\u201d<\/span><\/i><\/p>\n","protected":false},"excerpt":{"rendered":"<p>Durant el mes de mar\u00e7 d\u2019aquest any, l\u2019alumnat de 4t d\u2019ESO de les Marines va tenir el plaer de poder fer un servei comunitari a la fundaci\u00f3 Uszheimer de Castelldefels. En el transcurs d\u2019aquest voluntariat, els nois i noies van quedar sorpreses de quanta empatia eren capa\u00e7os de sentir cap a la gent\u00a0 gran. Empatia, [&hellip;]<\/p>\n","protected":false},"author":1,"featured_media":0,"parent":0,"menu_order":0,"comment_status":"closed","ping_status":"closed","template":"","meta":{"_bbp_topic_count":0,"_bbp_reply_count":0,"_bbp_total_topic_count":0,"_bbp_total_reply_count":0,"_bbp_voice_count":0,"_bbp_anonymous_reply_count":0,"_bbp_topic_count_hidden":0,"_bbp_reply_count_hidden":0,"_bbp_forum_subforum_count":0,"site-sidebar-layout":"default","site-content-layout":"","ast-site-content-layout":"","site-content-style":"default","site-sidebar-style":"default","ast-global-header-display":"","ast-banner-title-visibility":"","ast-main-header-display":"","ast-hfb-above-header-display":"","ast-hfb-below-header-display":"","ast-hfb-mobile-header-display":"","site-post-title":"","ast-breadcrumbs-content":"","ast-featured-img":"","footer-sml-layout":"","theme-transparent-header-meta":"","adv-header-id-meta":"","stick-header-meta":"","header-above-stick-meta":"","header-main-stick-meta":"","header-below-stick-meta":"","astra-migrate-meta-layouts":"default","ast-page-background-enabled":"default","ast-page-background-meta":{"desktop":{"background-color":"var(--ast-global-color-4)","background-image":"","background-repeat":"repeat","background-position":"center center","background-size":"auto","background-attachment":"scroll","background-type":"","background-media":"","overlay-type":"","overlay-color":"","overlay-opacity":"","overlay-gradient":""},"tablet":{"background-color":"","background-image":"","background-repeat":"repeat","background-position":"center center","background-size":"auto","background-attachment":"scroll","background-type":"","background-media":"","overlay-type":"","overlay-color":"","overlay-opacity":"","overlay-gradient":""},"mobile":{"background-color":"","background-image":"","background-repeat":"repeat","background-position":"center center","background-size":"auto","background-attachment":"scroll","background-type":"","background-media":"","overlay-type":"","overlay-color":"","overlay-opacity":"","overlay-gradient":""}},"ast-content-background-meta":{"desktop":{"background-color":"var(--ast-global-color-5)","background-image":"","background-repeat":"repeat","background-position":"center center","background-size":"auto","background-attachment":"scroll","background-type":"","background-media":"","overlay-type":"","overlay-color":"","overlay-opacity":"","overlay-gradient":""},"tablet":{"background-color":"var(--ast-global-color-5)","background-image":"","background-repeat":"repeat","background-position":"center center","background-size":"auto","background-attachment":"scroll","background-type":"","background-media":"","overlay-type":"","overlay-color":"","overlay-opacity":"","overlay-gradient":""},"mobile":{"background-color":"var(--ast-global-color-5)","background-image":"","background-repeat":"repeat","background-position":"center center","background-size":"auto","background-attachment":"scroll","background-type":"","background-media":"","overlay-type":"","overlay-color":"","overlay-opacity":"","overlay-gradient":""}},"footnotes":""},"class_list":["post-5178","page","type-page","status-publish","hentry"],"post_mailing_queue_ids":[],"_links":{"self":[{"href":"https:\/\/agora.xtec.cat\/ieslesmarines\/wp-json\/wp\/v2\/pages\/5178","targetHints":{"allow":["GET"]}}],"collection":[{"href":"https:\/\/agora.xtec.cat\/ieslesmarines\/wp-json\/wp\/v2\/pages"}],"about":[{"href":"https:\/\/agora.xtec.cat\/ieslesmarines\/wp-json\/wp\/v2\/types\/page"}],"author":[{"embeddable":true,"href":"https:\/\/agora.xtec.cat\/ieslesmarines\/wp-json\/wp\/v2\/users\/1"}],"replies":[{"embeddable":true,"href":"https:\/\/agora.xtec.cat\/ieslesmarines\/wp-json\/wp\/v2\/comments?post=5178"}],"version-history":[{"count":1,"href":"https:\/\/agora.xtec.cat\/ieslesmarines\/wp-json\/wp\/v2\/pages\/5178\/revisions"}],"predecessor-version":[{"id":5181,"href":"https:\/\/agora.xtec.cat\/ieslesmarines\/wp-json\/wp\/v2\/pages\/5178\/revisions\/5181"}],"wp:attachment":[{"href":"https:\/\/agora.xtec.cat\/ieslesmarines\/wp-json\/wp\/v2\/media?parent=5178"}],"curies":[{"name":"wp","href":"https:\/\/api.w.org\/{rel}","templated":true}]}}

Servei Comunitari a la Fundació Uszheimer &#8211; 4t d&#8217;ESO

<p><span style="font-weight: 400;">Durant el mes de març d’aquest any, l’alumnat de 4t d’ESO de les Marines va tenir el plaer de poder fer un <a href="https://docs.google.com/presentation/d/1surhMHFYAILTZF3r7WqCaMcV4PQBTSAf/edit?usp=drive_link&amp;ouid=100193046924773479825&amp;rtpof=true&amp;sd=true">servei comunitari a la fundació Uszheimer de Castelldefels</a>.</span></p>
<p><span style="font-weight: 400;">En el transcurs d’aquest voluntariat, els nois i noies van quedar sorpreses de quanta empatia eren capaços de sentir cap a la gent  gran. Empatia, ganes d’escoltar i riquesa emocional, entre altres sentiments positius, és el que va generar aquesta trobada intergeneracional. L’alumnat va actuar d’una manera que va provocar felicitacions  per  part de l’entitat. El vessant humà més positiu va madurar en aquestes trobades i l’entitat amb els seus usuaris i personal treballador ens  va  aportar un lloc on créixer amb  mirada de RESPECTE, CONSIDERACIÓ, ADMIRACIÓ I AMOR.</span></p>
<p><span style="font-weight: 400;">Aquest voluntariat és tot un èxit en el nostre centre. Portem ja  diversos anys fent-lo i quan  l’alumnat l’acaba, una de les anotacions que fan sempre és  que se’ls ha fet molt curt.</span></p>
<p><span style="font-weight: 400;"><img loading="lazy" decoding="async" class="wp-image-5179 aligncenter" src="https://agora.xtec.cat/ieslesmarines/wp-content/uploads/usu619/2025/03/IMG_1022-649x1024.jpg" alt="" width="500" height="789" srcset="https://agora.xtec.cat/ieslesmarines/wp-content/uploads/usu619/2025/03/IMG_1022-649x1024.jpg 649w, https://agora.xtec.cat/ieslesmarines/wp-content/uploads/usu619/2025/03/IMG_1022-190x300.jpg 190w, https://agora.xtec.cat/ieslesmarines/wp-content/uploads/usu619/2025/03/IMG_1022-768x1212.jpg 768w, https://agora.xtec.cat/ieslesmarines/wp-content/uploads/usu619/2025/03/IMG_1022-974x1536.jpg 974w, https://agora.xtec.cat/ieslesmarines/wp-content/uploads/usu619/2025/03/IMG_1022-1298x2048.jpg 1298w, https://agora.xtec.cat/ieslesmarines/wp-content/uploads/usu619/2025/03/IMG_1022-scaled.jpg 1623w" sizes="auto, (max-width: 500px) 100vw, 500px" /></span></p>
<p><span style="font-weight: 400;">Compartim part de les seves reflexions  amb  la Caixa de Memòria que van crear pels seus “mestres” grans.</span></p>
<p><i><span style="font-weight: 400;">“Estimat xxx,</span></i></p>
<p><i><span style="font-weight: 400;">Han estat només tres visites, però en aquest temps he après molt. M&#8217;ha agradat compartir aquests moments amb tu, escoltar-te i conèixer-te una mica. Encara que ha estat poc temps, m&#8217;emporto un bonic record.</span></i></p>
<p><i><span style="font-weight: 400;">Estar amb tu m&#8217;ha fet reflexionar sobre el valuosa que és la companyia i com els petits gestos poden alegrar el dia a algú. Poder ser aquí amb tu m&#8217;ha fet sentir bé, encara que fora per una estona.</span></i></p>
<p><i><span style="font-weight: 400;">Et desitjo el millor i espero que segueixis envoltat d&#8217;afecte i bons moments.”</span></i></p>
<p><i><span style="font-weight: 400;">“M</span></i><i><span style="font-weight: 400;">uchas gracias por sonreírnos y tratarnos amablemente, siempre con un toque de humor y contagiarnos tu alegría. También me gustaría agradecerte por enseñarnos que no hay que hacer caso a lo que dicen los demás de nosotros, a continuar pensando en positivo pase lo que pase y por hacernos disfrutar de cada día que hemos pasado con vosotros.”</span></i></p>
<p><i><span style="font-weight: 400;">“&#8230;me hace ser mejor persona con la gente mayor. Estoy muy agradecido de todo lo que ha pasado en este servició comunitario, un fuerte abrazo y besos para xxx”</span></i></p>
<p><i><span style="font-weight: 400;">“</span></i><span style="font-weight: 400;">Me</span><i><span style="font-weight: 400;">  ha gustado mucho hablar con ellos y escuchar sus historias,  ha hecho que me acuerde de mis abuelos, porque también me cuentan cosas de antes, de cuando eran jóvenes. Cuando sea mayor, me gustaría que me trataran con mucha amabilidad, escuchándome y haciéndome sentir importante y es lo que yo he intentado que sientan con mi compañía. Con este servicio he aprendido que la gente mayor tiene muchas cosas que enseñarnos, cómo disfrutar de los pequeños momentos y valorar el tiempo compartido con la familia y amigos.  He sentido mucha ternura al  verlos tan contentos cuando pasábamos tiempo juntos. Me gusta pensar que les he hecho felices el tiempo que he pasado con ellos y se han sentido cómodos conmigo.</span></i></p>
<p><i><span style="font-weight: 400;">En conclusión, el servicio me ha encantado y no dudaría en repetirlo si tuviera ocasión.”</span></i></p>
<p><i><span style="font-weight: 400;">“Escogí este servicio comunitario pensando que podría ayudar a la gente mayor y hacerles compañía, pero yo me llevé muchas más cosas. Me he sentido muy bien todos los días que hemos venido y he estado a gusto con todos vosotros. Me gustaría que de mayor me trataran y me cuidaran tan bien como os cuidan en el centro de día. Gracias a las educadoras sociales y psicólogas que nos han ayudado a integrarnos mejor y nos han acompañado. Carmen, gracias por explicarnos y compartir con nosotros tus recuerdos y vivencias. Admiro mucho que continúes aprendiendo nuevas cosas, como escribir y no rendirte. Por último, quiero agradecer a todos los abuelos y abuelas que han hecho posible que hayamos podido hacer esta actividad.”</span></i></p>
<p><i><span style="font-weight: 400;">”He pogut experimentar tota mena d’emocions, però sobretot m’ha ensenyat a valorar els moments, les petites coses de la vida i a gaudir del present. </span></i></p>
<p><i><span style="font-weight: 400;">A més m’ha fet pensar sobre com hem d’aprofitar el temps amb les persones que estimem. A vegades donem per fet que sempre estaran, però el temps passa molt de pressa i no sabem el que passarà.</span></i></p>
<p><i><span style="font-weight: 400;">D’altra banda, m’ha fet entendre que el més important no és el que recordem sinó les emocions que compartim i com fer sentir als altres mentre estem a prop.</span></i></p>
<p><i><span style="font-weight: 400;">xxx, volia agrair-te especialment a tu pel temps que hem compartit i per al que m’has ensenyat. Admiro molt tot el que has viscut i com has afrontat la vida. Moltes gràcies per haver compartit això amb mi.”</span></i></p>
<p><i><span style="font-weight: 400;">“&#8230;la veritat no sé com començar aquest escrit, començaré parlant sobre com em vaig sentir el primer dia que vaig arribar a Uszheimer per primera vegada, em vaig sentir bastant nerviós ja la vegada emocionat, em recordo que, en l&#8217;entrevista t&#8217;agradava que et féssim preguntes, em va impactar bastant quan vas dir que vas estar a Alemanya durant 14 anys, o que encara recordes parlar alemany. Al meu entendre vaig gaudir de les teves bromes i les vibres d&#8217;alegria que desprenies o almenys aquesta sensació vaig tenir…”</span></i></p>
<p><i><span style="font-weight: 400;">“Quiero empezar dando las gracias a todas las personas que han hecho posible este encuentro con las personas del centro de día, ya que gracias a ellas he tenido la oportunidad de conocer a xxx. Con ella he podido descubrir cómo era la vida hace 50 años, en Sevilla, trabajando en el campo, y por eso, quiero agradecerle que haya compartido sus momentos vividos conmigo. También me ha enseñado cómo es la vida en un centro de día, creo que es una suerte que existan sitios así, para ayudar a la gente mayor que lo necesita. Creo que estas sesiones en el centro de día me han ayudado a reflexionar sobre cómo ha cambiado el estilo de vida en los últimos años y me ha dado otro punto de vista de la vida. Me ha ayudado a entender que hay que dar las gracias por todo lo que tenemos. </span></i></p>
<p><i><span style="font-weight: 400;">Gracias por darnos la oportunidad de conoceros y de compartir con nosotros vuestros recuerdos.”</span></i></p>

<p>Durant el mes de març d’aquest any, l’alumnat de 4t d’ESO de les Marines va tenir el plaer de poder fer un servei comunitari a la fundació Uszheimer de Castelldefels. En el transcurs d’aquest voluntariat, els nois i noies van quedar sorpreses de quanta empatia eren capaços de sentir cap a la gent  gran. Empatia, [&hellip;]</p>
