{"id":5104,"date":"2025-03-07T19:46:42","date_gmt":"2025-03-07T18:46:42","guid":{"rendered":"https:\/\/agora.xtec.cat\/ieslesmarines\/?page_id=5104"},"modified":"2025-03-07T19:55:40","modified_gmt":"2025-03-07T18:55:40","slug":"el-feminisme-suma-jornada-commemorativa-8m","status":"publish","type":"page","link":"https:\/\/agora.xtec.cat\/ieslesmarines\/el-feminisme-suma-jornada-commemorativa-8m\/","title":{"rendered":"&#8216;El feminisme suma&#8217; &#8211; Jornada commemorativa 8M"},"content":{"rendered":"<p>Un any m\u00e9s, l&#8217;institut Les Marines commemora el 8 de mar\u00e7, dia internacional de la Dona.<\/p>\n<p>Com cada any, la Comissi\u00f3 de Coeducaci\u00f3 s&#8217;encarrega d&#8217;organitzar un seguit d&#8217;activitats per garantir la igualtat al centre i, avui m\u00e9s especialment, per donar visibilitat a la lluita feminista i la import\u00e0ncia de ser conscient que totes i tots ens mereixem el mateix respecte i els mateixos drets. Que tots i totes sumem i anem units de la m\u00e0. Que no \u00e9s una lluita de noies contra nois, sin\u00f3 que es tracta de caminar de la m\u00e0 per garantir que tothom t\u00e9 les mateixes oportunitats. D&#8217;aqu\u00ed el lema, &#8216;El feminisme suma&#8217;.<\/p>\n<p>Com a centre integrador i acollidor, commemorem el 8 de mar\u00e7 per recordar a tothom que els drets no estan garantits ni s&#8217;han aconseguit sols. Recordem totes aquelles dones que han mort i moren al nostre pa\u00eds i a tants altres per desigualtat de g\u00e8nere, viol\u00e8ncia o lluitant pels seus drets, entre d&#8217;altres.<\/p>\n<p style=\"text-align: center;\"><img loading=\"lazy\" decoding=\"async\" class=\"alignnone wp-image-5107\" src=\"https:\/\/agora.xtec.cat\/ieslesmarines\/wp-content\/uploads\/usu619\/2025\/03\/IMG_7453-768x1024.jpg\" alt=\"\" width=\"500\" height=\"667\" srcset=\"https:\/\/agora.xtec.cat\/ieslesmarines\/wp-content\/uploads\/usu619\/2025\/03\/IMG_7453-768x1024.jpg 768w, https:\/\/agora.xtec.cat\/ieslesmarines\/wp-content\/uploads\/usu619\/2025\/03\/IMG_7453-225x300.jpg 225w, https:\/\/agora.xtec.cat\/ieslesmarines\/wp-content\/uploads\/usu619\/2025\/03\/IMG_7453-1152x1536.jpg 1152w, https:\/\/agora.xtec.cat\/ieslesmarines\/wp-content\/uploads\/usu619\/2025\/03\/IMG_7453-1536x2048.jpg 1536w, https:\/\/agora.xtec.cat\/ieslesmarines\/wp-content\/uploads\/usu619\/2025\/03\/IMG_7453-scaled.jpg 1920w\" sizes=\"auto, (max-width: 500px) 100vw, 500px\" \/><\/p>\n<p>L&#8217;activitat d&#8217;enguany ha consistit a realitzar un mural visual en qu\u00e8 l&#8217;alumnat ha preparat diferents frases igualit\u00e0ries en papers de colors a l&#8217;hora de tutoria i, avui, 7 de mar\u00e7, dos representats de cada classe les han col\u00b7locat a aquest mur en qu\u00e8 hi havia siluetes que representaven els diferents tipus de dona. Aquest mural romandr\u00e0 al vest\u00edbul del centre durant la propera setmana.<\/p>\n<p>Com sempre, una jornada molt emocionant. Perqu\u00e8, entre totes, ho podem\u00a0tot!<\/p>\n<p>Podeu veure m\u00e9s imatges i un petit v\u00eddeo, <a href=\"https:\/\/www.instagram.com\/p\/DG6K4kkOIYR\/?utm_source=ig_web_copy_link&amp;igsh=MzRlODBiNWFlZA==\">aqu\u00ed<\/a>.<\/p>\n","protected":false},"excerpt":{"rendered":"<p>Un any m\u00e9s, l&#8217;institut Les Marines commemora el 8 de mar\u00e7, dia internacional de la Dona. Com cada any, la Comissi\u00f3 de Coeducaci\u00f3 s&#8217;encarrega d&#8217;organitzar un seguit d&#8217;activitats per garantir la igualtat al centre i, avui m\u00e9s especialment, per donar visibilitat a la lluita feminista i la import\u00e0ncia de ser conscient que totes i tots [&hellip;]<\/p>\n","protected":false},"author":1,"featured_media":0,"parent":0,"menu_order":0,"comment_status":"closed","ping_status":"closed","template":"","meta":{"_bbp_topic_count":0,"_bbp_reply_count":0,"_bbp_total_topic_count":0,"_bbp_total_reply_count":0,"_bbp_voice_count":0,"_bbp_anonymous_reply_count":0,"_bbp_topic_count_hidden":0,"_bbp_reply_count_hidden":0,"_bbp_forum_subforum_count":0,"site-sidebar-layout":"default","site-content-layout":"","ast-site-content-layout":"","site-content-style":"default","site-sidebar-style":"default","ast-global-header-display":"","ast-banner-title-visibility":"","ast-main-header-display":"","ast-hfb-above-header-display":"","ast-hfb-below-header-display":"","ast-hfb-mobile-header-display":"","site-post-title":"","ast-breadcrumbs-content":"","ast-featured-img":"","footer-sml-layout":"","theme-transparent-header-meta":"","adv-header-id-meta":"","stick-header-meta":"","header-above-stick-meta":"","header-main-stick-meta":"","header-below-stick-meta":"","astra-migrate-meta-layouts":"default","ast-page-background-enabled":"default","ast-page-background-meta":{"desktop":{"background-color":"var(--ast-global-color-4)","background-image":"","background-repeat":"repeat","background-position":"center center","background-size":"auto","background-attachment":"scroll","background-type":"","background-media":"","overlay-type":"","overlay-color":"","overlay-opacity":"","overlay-gradient":""},"tablet":{"background-color":"","background-image":"","background-repeat":"repeat","background-position":"center center","background-size":"auto","background-attachment":"scroll","background-type":"","background-media":"","overlay-type":"","overlay-color":"","overlay-opacity":"","overlay-gradient":""},"mobile":{"background-color":"","background-image":"","background-repeat":"repeat","background-position":"center center","background-size":"auto","background-attachment":"scroll","background-type":"","background-media":"","overlay-type":"","overlay-color":"","overlay-opacity":"","overlay-gradient":""}},"ast-content-background-meta":{"desktop":{"background-color":"var(--ast-global-color-5)","background-image":"","background-repeat":"repeat","background-position":"center center","background-size":"auto","background-attachment":"scroll","background-type":"","background-media":"","overlay-type":"","overlay-color":"","overlay-opacity":"","overlay-gradient":""},"tablet":{"background-color":"var(--ast-global-color-5)","background-image":"","background-repeat":"repeat","background-position":"center center","background-size":"auto","background-attachment":"scroll","background-type":"","background-media":"","overlay-type":"","overlay-color":"","overlay-opacity":"","overlay-gradient":""},"mobile":{"background-color":"var(--ast-global-color-5)","background-image":"","background-repeat":"repeat","background-position":"center center","background-size":"auto","background-attachment":"scroll","background-type":"","background-media":"","overlay-type":"","overlay-color":"","overlay-opacity":"","overlay-gradient":""}},"footnotes":""},"class_list":["post-5104","page","type-page","status-publish","hentry"],"post_mailing_queue_ids":[],"_links":{"self":[{"href":"https:\/\/agora.xtec.cat\/ieslesmarines\/wp-json\/wp\/v2\/pages\/5104","targetHints":{"allow":["GET"]}}],"collection":[{"href":"https:\/\/agora.xtec.cat\/ieslesmarines\/wp-json\/wp\/v2\/pages"}],"about":[{"href":"https:\/\/agora.xtec.cat\/ieslesmarines\/wp-json\/wp\/v2\/types\/page"}],"author":[{"embeddable":true,"href":"https:\/\/agora.xtec.cat\/ieslesmarines\/wp-json\/wp\/v2\/users\/1"}],"replies":[{"embeddable":true,"href":"https:\/\/agora.xtec.cat\/ieslesmarines\/wp-json\/wp\/v2\/comments?post=5104"}],"version-history":[{"count":3,"href":"https:\/\/agora.xtec.cat\/ieslesmarines\/wp-json\/wp\/v2\/pages\/5104\/revisions"}],"predecessor-version":[{"id":5111,"href":"https:\/\/agora.xtec.cat\/ieslesmarines\/wp-json\/wp\/v2\/pages\/5104\/revisions\/5111"}],"wp:attachment":[{"href":"https:\/\/agora.xtec.cat\/ieslesmarines\/wp-json\/wp\/v2\/media?parent=5104"}],"curies":[{"name":"wp","href":"https:\/\/api.w.org\/{rel}","templated":true}]}}

<p>Un any més, l&#8217;institut Les Marines commemora el 8 de març, dia internacional de la Dona.</p>
<p>Com cada any, la Comissió de Coeducació s&#8217;encarrega d&#8217;organitzar un seguit d&#8217;activitats per garantir la igualtat al centre i, avui més especialment, per donar visibilitat a la lluita feminista i la importància de ser conscient que totes i tots ens mereixem el mateix respecte i els mateixos drets. Que tots i totes sumem i anem units de la mà. Que no és una lluita de noies contra nois, sinó que es tracta de caminar de la mà per garantir que tothom té les mateixes oportunitats. D&#8217;aquí el lema, &#8216;El feminisme suma&#8217;.</p>
<p>Com a centre integrador i acollidor, commemorem el 8 de març per recordar a tothom que els drets no estan garantits ni s&#8217;han aconseguit sols. Recordem totes aquelles dones que han mort i moren al nostre país i a tants altres per desigualtat de gènere, violència o lluitant pels seus drets, entre d&#8217;altres.</p>
<p style="text-align: center;"><img loading="lazy" decoding="async" class="alignnone wp-image-5107" src="https://agora.xtec.cat/ieslesmarines/wp-content/uploads/usu619/2025/03/IMG_7453-768x1024.jpg" alt="" width="500" height="667" srcset="https://agora.xtec.cat/ieslesmarines/wp-content/uploads/usu619/2025/03/IMG_7453-768x1024.jpg 768w, https://agora.xtec.cat/ieslesmarines/wp-content/uploads/usu619/2025/03/IMG_7453-225x300.jpg 225w, https://agora.xtec.cat/ieslesmarines/wp-content/uploads/usu619/2025/03/IMG_7453-1152x1536.jpg 1152w, https://agora.xtec.cat/ieslesmarines/wp-content/uploads/usu619/2025/03/IMG_7453-1536x2048.jpg 1536w, https://agora.xtec.cat/ieslesmarines/wp-content/uploads/usu619/2025/03/IMG_7453-scaled.jpg 1920w" sizes="auto, (max-width: 500px) 100vw, 500px" /></p>
<p>L&#8217;activitat d&#8217;enguany ha consistit a realitzar un mural visual en què l&#8217;alumnat ha preparat diferents frases igualitàries en papers de colors a l&#8217;hora de tutoria i, avui, 7 de març, dos representats de cada classe les han col·locat a aquest mur en què hi havia siluetes que representaven els diferents tipus de dona. Aquest mural romandrà al vestíbul del centre durant la propera setmana.</p>
<p>Com sempre, una jornada molt emocionant. Perquè, entre totes, ho podem tot!</p>
<p>Podeu veure més imatges i un petit vídeo, <a href="https://www.instagram.com/p/DG6K4kkOIYR/?utm_source=ig_web_copy_link&amp;igsh=MzRlODBiNWFlZA==">aquí</a>.</p>

<p>Un any més, l&#8217;institut Les Marines commemora el 8 de març, dia internacional de la Dona. Com cada any, la Comissió de Coeducació s&#8217;encarrega d&#8217;organitzar un seguit d&#8217;activitats per garantir la igualtat al centre i, avui més especialment, per donar visibilitat a la lluita feminista i la importància de ser conscient que totes i tots [&hellip;]</p>
