{"id":5078,"date":"2025-03-06T14:31:56","date_gmt":"2025-03-06T13:31:56","guid":{"rendered":"https:\/\/agora.xtec.cat\/ieslesmarines\/?page_id=5078"},"modified":"2025-03-06T14:36:18","modified_gmt":"2025-03-06T13:36:18","slug":"codewars-2025","status":"publish","type":"page","link":"https:\/\/agora.xtec.cat\/ieslesmarines\/codewars-2025\/","title":{"rendered":"Codewars 2025"},"content":{"rendered":"<p><img loading=\"lazy\" decoding=\"async\" class=\"alignnone size-medium wp-image-5079\" src=\"https:\/\/agora.xtec.cat\/ieslesmarines\/wp-content\/uploads\/usu619\/2025\/03\/codewars-300x99.png\" alt=\"\" width=\"300\" height=\"99\" srcset=\"https:\/\/agora.xtec.cat\/ieslesmarines\/wp-content\/uploads\/usu619\/2025\/03\/codewars-300x99.png 300w, https:\/\/agora.xtec.cat\/ieslesmarines\/wp-content\/uploads\/usu619\/2025\/03\/codewars.png 407w\" sizes=\"auto, (max-width: 300px) 100vw, 300px\" \/><\/p>\n<p><span style=\"font-weight: 400;\">El passat dissabte 1 de mar\u00e7, la seu de Hewlett-Packard (HP) a Sant Cugat del Vall\u00e8s va ser l&#8217;epicentre de la programaci\u00f3 amb la celebraci\u00f3 de la desena edici\u00f3 de CodeWars, una competici\u00f3 de programaci\u00f3 destinada a estudiants de secund\u00e0ria i batxillerat.<\/span><\/p>\n<p><span style=\"font-weight: 400;\">L&#8217;esdeveniment, que s&#8217;ha convertit en un referent en el sector tecnol\u00f2gic, va reunir desenes de joves amb l&#8217;objectiu de resoldre una s\u00e8rie de desafiaments algor\u00edtmics en un temps limitat, entre ells, 6 alumnes de 1r de Batxillerat del nostre institut. Durant la jornada, els participants van posar a prova les seves habilitats en diversos llenguatges de programaci\u00f3 mentre gaudien d&#8217;un ambient de col\u00b7laboraci\u00f3 i aprenentatge.<\/span><\/p>\n<p style=\"text-align: center;\"><img loading=\"lazy\" decoding=\"async\" class=\"alignnone wp-image-5082\" src=\"https:\/\/agora.xtec.cat\/ieslesmarines\/wp-content\/uploads\/usu619\/2025\/03\/eb5d37b6-3456-4f39-ad88-40f455bff897.jpeg\" alt=\"\" width=\"800\" height=\"600\" srcset=\"https:\/\/agora.xtec.cat\/ieslesmarines\/wp-content\/uploads\/usu619\/2025\/03\/eb5d37b6-3456-4f39-ad88-40f455bff897.jpeg 1600w, https:\/\/agora.xtec.cat\/ieslesmarines\/wp-content\/uploads\/usu619\/2025\/03\/eb5d37b6-3456-4f39-ad88-40f455bff897-300x225.jpeg 300w, https:\/\/agora.xtec.cat\/ieslesmarines\/wp-content\/uploads\/usu619\/2025\/03\/eb5d37b6-3456-4f39-ad88-40f455bff897-1024x768.jpeg 1024w, https:\/\/agora.xtec.cat\/ieslesmarines\/wp-content\/uploads\/usu619\/2025\/03\/eb5d37b6-3456-4f39-ad88-40f455bff897-768x576.jpeg 768w, https:\/\/agora.xtec.cat\/ieslesmarines\/wp-content\/uploads\/usu619\/2025\/03\/eb5d37b6-3456-4f39-ad88-40f455bff897-1536x1152.jpeg 1536w, https:\/\/agora.xtec.cat\/ieslesmarines\/wp-content\/uploads\/usu619\/2025\/03\/eb5d37b6-3456-4f39-ad88-40f455bff897-200x150.jpeg 200w\" sizes=\"auto, (max-width: 800px) 100vw, 800px\" \/><\/p>\n<p><span style=\"font-weight: 400;\">A m\u00e9s de la competici\u00f3, els alumnes van poder con\u00e8ixer m\u00e9s sobre les oportunitats professionals en el sector i participar en activitats interactives organitzades per l&#8217;empresa, en les que van gaudir molt, com la presentaci\u00f3 de diverses universitats catalanes, un dinar entre tots els participants, un sorteig de diversos dispositius de l\u2019empresa i una visita guiada per les instal\u00b7lacions, permetent als alumnes con\u00e8ixer el funcionament de les impressores, entre d\u2019altres.\u00a0<\/span><\/p>\n<p><span style=\"font-weight: 400;\">Aquest esdeveniment va ser tot un \u00e8xit, els alumnes van adquirir molta informaci\u00f3 sobre tot aquest m\u00f3n, alhora que van gaudir d\u2019un dissabte diferent i d\u2019una oportunitat \u00fanica.\u00a0<\/span><\/p>\n","protected":false},"excerpt":{"rendered":"<p>El passat dissabte 1 de mar\u00e7, la seu de Hewlett-Packard (HP) a Sant Cugat del Vall\u00e8s va ser l&#8217;epicentre de la programaci\u00f3 amb la celebraci\u00f3 de la desena edici\u00f3 de CodeWars, una competici\u00f3 de programaci\u00f3 destinada a estudiants de secund\u00e0ria i batxillerat. L&#8217;esdeveniment, que s&#8217;ha convertit en un referent en el sector tecnol\u00f2gic, va reunir [&hellip;]<\/p>\n","protected":false},"author":1,"featured_media":0,"parent":0,"menu_order":0,"comment_status":"closed","ping_status":"closed","template":"","meta":{"_bbp_topic_count":0,"_bbp_reply_count":0,"_bbp_total_topic_count":0,"_bbp_total_reply_count":0,"_bbp_voice_count":0,"_bbp_anonymous_reply_count":0,"_bbp_topic_count_hidden":0,"_bbp_reply_count_hidden":0,"_bbp_forum_subforum_count":0,"site-sidebar-layout":"default","site-content-layout":"","ast-site-content-layout":"","site-content-style":"default","site-sidebar-style":"default","ast-global-header-display":"","ast-banner-title-visibility":"","ast-main-header-display":"","ast-hfb-above-header-display":"","ast-hfb-below-header-display":"","ast-hfb-mobile-header-display":"","site-post-title":"","ast-breadcrumbs-content":"","ast-featured-img":"","footer-sml-layout":"","theme-transparent-header-meta":"","adv-header-id-meta":"","stick-header-meta":"","header-above-stick-meta":"","header-main-stick-meta":"","header-below-stick-meta":"","astra-migrate-meta-layouts":"default","ast-page-background-enabled":"default","ast-page-background-meta":{"desktop":{"background-color":"var(--ast-global-color-4)","background-image":"","background-repeat":"repeat","background-position":"center center","background-size":"auto","background-attachment":"scroll","background-type":"","background-media":"","overlay-type":"","overlay-color":"","overlay-opacity":"","overlay-gradient":""},"tablet":{"background-color":"","background-image":"","background-repeat":"repeat","background-position":"center center","background-size":"auto","background-attachment":"scroll","background-type":"","background-media":"","overlay-type":"","overlay-color":"","overlay-opacity":"","overlay-gradient":""},"mobile":{"background-color":"","background-image":"","background-repeat":"repeat","background-position":"center center","background-size":"auto","background-attachment":"scroll","background-type":"","background-media":"","overlay-type":"","overlay-color":"","overlay-opacity":"","overlay-gradient":""}},"ast-content-background-meta":{"desktop":{"background-color":"var(--ast-global-color-5)","background-image":"","background-repeat":"repeat","background-position":"center center","background-size":"auto","background-attachment":"scroll","background-type":"","background-media":"","overlay-type":"","overlay-color":"","overlay-opacity":"","overlay-gradient":""},"tablet":{"background-color":"var(--ast-global-color-5)","background-image":"","background-repeat":"repeat","background-position":"center center","background-size":"auto","background-attachment":"scroll","background-type":"","background-media":"","overlay-type":"","overlay-color":"","overlay-opacity":"","overlay-gradient":""},"mobile":{"background-color":"var(--ast-global-color-5)","background-image":"","background-repeat":"repeat","background-position":"center center","background-size":"auto","background-attachment":"scroll","background-type":"","background-media":"","overlay-type":"","overlay-color":"","overlay-opacity":"","overlay-gradient":""}},"footnotes":""},"class_list":["post-5078","page","type-page","status-publish","hentry"],"post_mailing_queue_ids":[],"_links":{"self":[{"href":"https:\/\/agora.xtec.cat\/ieslesmarines\/wp-json\/wp\/v2\/pages\/5078","targetHints":{"allow":["GET"]}}],"collection":[{"href":"https:\/\/agora.xtec.cat\/ieslesmarines\/wp-json\/wp\/v2\/pages"}],"about":[{"href":"https:\/\/agora.xtec.cat\/ieslesmarines\/wp-json\/wp\/v2\/types\/page"}],"author":[{"embeddable":true,"href":"https:\/\/agora.xtec.cat\/ieslesmarines\/wp-json\/wp\/v2\/users\/1"}],"replies":[{"embeddable":true,"href":"https:\/\/agora.xtec.cat\/ieslesmarines\/wp-json\/wp\/v2\/comments?post=5078"}],"version-history":[{"count":4,"href":"https:\/\/agora.xtec.cat\/ieslesmarines\/wp-json\/wp\/v2\/pages\/5078\/revisions"}],"predecessor-version":[{"id":5085,"href":"https:\/\/agora.xtec.cat\/ieslesmarines\/wp-json\/wp\/v2\/pages\/5078\/revisions\/5085"}],"wp:attachment":[{"href":"https:\/\/agora.xtec.cat\/ieslesmarines\/wp-json\/wp\/v2\/media?parent=5078"}],"curies":[{"name":"wp","href":"https:\/\/api.w.org\/{rel}","templated":true}]}}

<p><img loading="lazy" decoding="async" class="alignnone size-medium wp-image-5079" src="https://agora.xtec.cat/ieslesmarines/wp-content/uploads/usu619/2025/03/codewars-300x99.png" alt="" width="300" height="99" srcset="https://agora.xtec.cat/ieslesmarines/wp-content/uploads/usu619/2025/03/codewars-300x99.png 300w, https://agora.xtec.cat/ieslesmarines/wp-content/uploads/usu619/2025/03/codewars.png 407w" sizes="auto, (max-width: 300px) 100vw, 300px" /></p>
<p><span style="font-weight: 400;">El passat dissabte 1 de març, la seu de Hewlett-Packard (HP) a Sant Cugat del Vallès va ser l&#8217;epicentre de la programació amb la celebració de la desena edició de CodeWars, una competició de programació destinada a estudiants de secundària i batxillerat.</span></p>
<p><span style="font-weight: 400;">L&#8217;esdeveniment, que s&#8217;ha convertit en un referent en el sector tecnològic, va reunir desenes de joves amb l&#8217;objectiu de resoldre una sèrie de desafiaments algorítmics en un temps limitat, entre ells, 6 alumnes de 1r de Batxillerat del nostre institut. Durant la jornada, els participants van posar a prova les seves habilitats en diversos llenguatges de programació mentre gaudien d&#8217;un ambient de col·laboració i aprenentatge.</span></p>
<p style="text-align: center;"><img loading="lazy" decoding="async" class="alignnone wp-image-5082" src="https://agora.xtec.cat/ieslesmarines/wp-content/uploads/usu619/2025/03/eb5d37b6-3456-4f39-ad88-40f455bff897.jpeg" alt="" width="800" height="600" srcset="https://agora.xtec.cat/ieslesmarines/wp-content/uploads/usu619/2025/03/eb5d37b6-3456-4f39-ad88-40f455bff897.jpeg 1600w, https://agora.xtec.cat/ieslesmarines/wp-content/uploads/usu619/2025/03/eb5d37b6-3456-4f39-ad88-40f455bff897-300x225.jpeg 300w, https://agora.xtec.cat/ieslesmarines/wp-content/uploads/usu619/2025/03/eb5d37b6-3456-4f39-ad88-40f455bff897-1024x768.jpeg 1024w, https://agora.xtec.cat/ieslesmarines/wp-content/uploads/usu619/2025/03/eb5d37b6-3456-4f39-ad88-40f455bff897-768x576.jpeg 768w, https://agora.xtec.cat/ieslesmarines/wp-content/uploads/usu619/2025/03/eb5d37b6-3456-4f39-ad88-40f455bff897-1536x1152.jpeg 1536w, https://agora.xtec.cat/ieslesmarines/wp-content/uploads/usu619/2025/03/eb5d37b6-3456-4f39-ad88-40f455bff897-200x150.jpeg 200w" sizes="auto, (max-width: 800px) 100vw, 800px" /></p>
<p><span style="font-weight: 400;">A més de la competició, els alumnes van poder conèixer més sobre les oportunitats professionals en el sector i participar en activitats interactives organitzades per l&#8217;empresa, en les que van gaudir molt, com la presentació de diverses universitats catalanes, un dinar entre tots els participants, un sorteig de diversos dispositius de l’empresa i una visita guiada per les instal·lacions, permetent als alumnes conèixer el funcionament de les impressores, entre d’altres. </span></p>
<p><span style="font-weight: 400;">Aquest esdeveniment va ser tot un èxit, els alumnes van adquirir molta informació sobre tot aquest món, alhora que van gaudir d’un dissabte diferent i d’una oportunitat única. </span></p>

<p>El passat dissabte 1 de març, la seu de Hewlett-Packard (HP) a Sant Cugat del Vallès va ser l&#8217;epicentre de la programació amb la celebració de la desena edició de CodeWars, una competició de programació destinada a estudiants de secundària i batxillerat. L&#8217;esdeveniment, que s&#8217;ha convertit en un referent en el sector tecnològic, va reunir [&hellip;]</p>
