{"id":4988,"date":"2025-02-18T12:13:34","date_gmt":"2025-02-18T11:13:34","guid":{"rendered":"https:\/\/agora.xtec.cat\/ieslesmarines\/?page_id=4988"},"modified":"2025-02-18T12:14:44","modified_gmt":"2025-02-18T11:14:44","slug":"jornades-portes-obertes-deso-25-26","status":"publish","type":"page","link":"https:\/\/agora.xtec.cat\/ieslesmarines\/jornades-portes-obertes-deso-25-26\/","title":{"rendered":"Jornades Portes Obertes d&#8217;ESO 25-26"},"content":{"rendered":"<p><span style=\"font-weight: 400;\">Benvolgudes fam\u00edlies,<\/span><\/p>\n<p><span style=\"font-weight: 400;\">Si voleu con\u00e8ixer com treballem a Les Marines, quines s\u00f3n les nostres propostes pedag\u00f2giques, metodol\u00f2giques i projectes, us convidem a les jornades de portes obertes de l\u2019ESO.<\/span><\/p>\n<p><span style=\"font-weight: 400;\">Les dates de portes obertes presencials:<\/span><\/p>\n<ul>\n<li style=\"font-weight: 400;\" aria-level=\"1\"><span style=\"font-weight: 400;\">Dimecres 5 de mar\u00e7 de 2025<\/span><\/li>\n<li style=\"font-weight: 400;\" aria-level=\"1\"><span style=\"font-weight: 400;\">Dijous 13 de mar\u00e7 de 2025<\/span><\/li>\n<\/ul>\n<p><span style=\"font-weight: 400;\">Les visites s\u2019establiran en grups, en quatre franges hor\u00e0ries:<\/span><\/p>\n<ul>\n<li style=\"font-weight: 400;\" aria-level=\"1\"><span style=\"font-weight: 400;\">17.00<\/span><\/li>\n<li style=\"font-weight: 400;\" aria-level=\"1\"><span style=\"font-weight: 400;\">17.30<\/span><\/li>\n<li style=\"font-weight: 400;\" aria-level=\"1\"><span style=\"font-weight: 400;\">18.00<\/span><\/li>\n<li style=\"font-weight: 400;\" aria-level=\"1\"><span style=\"font-weight: 400;\">18.30<\/span><\/li>\n<\/ul>\n<p><span style=\"font-weight: 400;\">Heu de fer la inscripci\u00f3 a l&#8217;aplicatiu de cita pr\u00e8via. No hi ha l\u00edmit de persones per fam\u00edlia. <a href=\"https:\/\/aplicacions.gestioeducativa.gencat.cat\/ords\/pls\/apex\/f?p=CITA_PREVIA:4::::4:P4_TIPUS_CALENDARI,P4_DOMINI:01_JPO_O,08040539\">ENLLA\u00c7 APLICATIU<\/a><\/span><\/p>\n<p><span style=\"font-weight: 400;\">Tanmateix, farem una trobada virtual per explicar el nostre projecte de centre<\/span><\/p>\n<ul>\n<li style=\"font-weight: 400;\" aria-level=\"1\"><span style=\"font-weight: 400;\">Dilluns 10 de mar\u00e7 a les 17.30<\/span><\/li>\n<\/ul>\n<p><span style=\"font-weight: 400;\">Podeu accedir a la trobada a trav\u00e9s del seg\u00fcent enlla\u00e7 <a href=\"https:\/\/meet.google.com\/ays-grsf-bja?pli=1\">ENLLA\u00c7 VIDEOTRUCADA<\/a><\/span><\/p>\n<p><img loading=\"lazy\" decoding=\"async\" class=\"alignnone size-full wp-image-4990\" src=\"https:\/\/agora.xtec.cat\/ieslesmarines\/wp-content\/uploads\/usu619\/2025\/02\/GENE_CONSTRUIM-FUTURS_BANNER_744x250_Preinscripcio.jpg\" alt=\"\" width=\"744\" height=\"251\" srcset=\"https:\/\/agora.xtec.cat\/ieslesmarines\/wp-content\/uploads\/usu619\/2025\/02\/GENE_CONSTRUIM-FUTURS_BANNER_744x250_Preinscripcio.jpg 744w, https:\/\/agora.xtec.cat\/ieslesmarines\/wp-content\/uploads\/usu619\/2025\/02\/GENE_CONSTRUIM-FUTURS_BANNER_744x250_Preinscripcio-300x101.jpg 300w\" sizes=\"auto, (max-width: 744px) 100vw, 744px\" \/><\/p>\n","protected":false},"excerpt":{"rendered":"<p>Benvolgudes fam\u00edlies, Si voleu con\u00e8ixer com treballem a Les Marines, quines s\u00f3n les nostres propostes pedag\u00f2giques, metodol\u00f2giques i projectes, us convidem a les jornades de portes obertes de l\u2019ESO. Les dates de portes obertes presencials: Dimecres 5 de mar\u00e7 de 2025 Dijous 13 de mar\u00e7 de 2025 Les visites s\u2019establiran en grups, en quatre franges [&hellip;]<\/p>\n","protected":false},"author":1,"featured_media":0,"parent":0,"menu_order":0,"comment_status":"closed","ping_status":"closed","template":"","meta":{"_bbp_topic_count":0,"_bbp_reply_count":0,"_bbp_total_topic_count":0,"_bbp_total_reply_count":0,"_bbp_voice_count":0,"_bbp_anonymous_reply_count":0,"_bbp_topic_count_hidden":0,"_bbp_reply_count_hidden":0,"_bbp_forum_subforum_count":0,"site-sidebar-layout":"default","site-content-layout":"","ast-site-content-layout":"","site-content-style":"default","site-sidebar-style":"default","ast-global-header-display":"","ast-banner-title-visibility":"","ast-main-header-display":"","ast-hfb-above-header-display":"","ast-hfb-below-header-display":"","ast-hfb-mobile-header-display":"","site-post-title":"","ast-breadcrumbs-content":"","ast-featured-img":"","footer-sml-layout":"","theme-transparent-header-meta":"","adv-header-id-meta":"","stick-header-meta":"","header-above-stick-meta":"","header-main-stick-meta":"","header-below-stick-meta":"","astra-migrate-meta-layouts":"default","ast-page-background-enabled":"default","ast-page-background-meta":{"desktop":{"background-color":"var(--ast-global-color-4)","background-image":"","background-repeat":"repeat","background-position":"center center","background-size":"auto","background-attachment":"scroll","background-type":"","background-media":"","overlay-type":"","overlay-color":"","overlay-opacity":"","overlay-gradient":""},"tablet":{"background-color":"","background-image":"","background-repeat":"repeat","background-position":"center center","background-size":"auto","background-attachment":"scroll","background-type":"","background-media":"","overlay-type":"","overlay-color":"","overlay-opacity":"","overlay-gradient":""},"mobile":{"background-color":"","background-image":"","background-repeat":"repeat","background-position":"center center","background-size":"auto","background-attachment":"scroll","background-type":"","background-media":"","overlay-type":"","overlay-color":"","overlay-opacity":"","overlay-gradient":""}},"ast-content-background-meta":{"desktop":{"background-color":"var(--ast-global-color-5)","background-image":"","background-repeat":"repeat","background-position":"center center","background-size":"auto","background-attachment":"scroll","background-type":"","background-media":"","overlay-type":"","overlay-color":"","overlay-opacity":"","overlay-gradient":""},"tablet":{"background-color":"var(--ast-global-color-5)","background-image":"","background-repeat":"repeat","background-position":"center center","background-size":"auto","background-attachment":"scroll","background-type":"","background-media":"","overlay-type":"","overlay-color":"","overlay-opacity":"","overlay-gradient":""},"mobile":{"background-color":"var(--ast-global-color-5)","background-image":"","background-repeat":"repeat","background-position":"center center","background-size":"auto","background-attachment":"scroll","background-type":"","background-media":"","overlay-type":"","overlay-color":"","overlay-opacity":"","overlay-gradient":""}},"footnotes":""},"class_list":["post-4988","page","type-page","status-publish","hentry"],"post_mailing_queue_ids":[],"_links":{"self":[{"href":"https:\/\/agora.xtec.cat\/ieslesmarines\/wp-json\/wp\/v2\/pages\/4988","targetHints":{"allow":["GET"]}}],"collection":[{"href":"https:\/\/agora.xtec.cat\/ieslesmarines\/wp-json\/wp\/v2\/pages"}],"about":[{"href":"https:\/\/agora.xtec.cat\/ieslesmarines\/wp-json\/wp\/v2\/types\/page"}],"author":[{"embeddable":true,"href":"https:\/\/agora.xtec.cat\/ieslesmarines\/wp-json\/wp\/v2\/users\/1"}],"replies":[{"embeddable":true,"href":"https:\/\/agora.xtec.cat\/ieslesmarines\/wp-json\/wp\/v2\/comments?post=4988"}],"version-history":[{"count":3,"href":"https:\/\/agora.xtec.cat\/ieslesmarines\/wp-json\/wp\/v2\/pages\/4988\/revisions"}],"predecessor-version":[{"id":4992,"href":"https:\/\/agora.xtec.cat\/ieslesmarines\/wp-json\/wp\/v2\/pages\/4988\/revisions\/4992"}],"wp:attachment":[{"href":"https:\/\/agora.xtec.cat\/ieslesmarines\/wp-json\/wp\/v2\/media?parent=4988"}],"curies":[{"name":"wp","href":"https:\/\/api.w.org\/{rel}","templated":true}]}}

<p><span style="font-weight: 400;">Benvolgudes famílies,</span></p>
<p><span style="font-weight: 400;">Si voleu conèixer com treballem a Les Marines, quines són les nostres propostes pedagògiques, metodològiques i projectes, us convidem a les jornades de portes obertes de l’ESO.</span></p>
<p><span style="font-weight: 400;">Les dates de portes obertes presencials:</span></p>
<ul>
<li style="font-weight: 400;" aria-level="1"><span style="font-weight: 400;">Dimecres 5 de març de 2025</span></li>
<li style="font-weight: 400;" aria-level="1"><span style="font-weight: 400;">Dijous 13 de març de 2025</span></li>
</ul>
<p><span style="font-weight: 400;">Les visites s’establiran en grups, en quatre franges horàries:</span></p>
<ul>
<li style="font-weight: 400;" aria-level="1"><span style="font-weight: 400;">17.00</span></li>
<li style="font-weight: 400;" aria-level="1"><span style="font-weight: 400;">17.30</span></li>
<li style="font-weight: 400;" aria-level="1"><span style="font-weight: 400;">18.00</span></li>
<li style="font-weight: 400;" aria-level="1"><span style="font-weight: 400;">18.30</span></li>
</ul>
<p><span style="font-weight: 400;">Heu de fer la inscripció a l&#8217;aplicatiu de cita prèvia. No hi ha límit de persones per família. <a href="https://aplicacions.gestioeducativa.gencat.cat/ords/pls/apex/f?p=CITA_PREVIA:4::::4:P4_TIPUS_CALENDARI,P4_DOMINI:01_JPO_O,08040539">ENLLAÇ APLICATIU</a></span></p>
<p><span style="font-weight: 400;">Tanmateix, farem una trobada virtual per explicar el nostre projecte de centre</span></p>
<ul>
<li style="font-weight: 400;" aria-level="1"><span style="font-weight: 400;">Dilluns 10 de març a les 17.30</span></li>
</ul>
<p><span style="font-weight: 400;">Podeu accedir a la trobada a través del següent enllaç <a href="https://meet.google.com/ays-grsf-bja?pli=1">ENLLAÇ VIDEOTRUCADA</a></span></p>
<p><img loading="lazy" decoding="async" class="alignnone size-full wp-image-4990" src="https://agora.xtec.cat/ieslesmarines/wp-content/uploads/usu619/2025/02/GENE_CONSTRUIM-FUTURS_BANNER_744x250_Preinscripcio.jpg" alt="" width="744" height="251" srcset="https://agora.xtec.cat/ieslesmarines/wp-content/uploads/usu619/2025/02/GENE_CONSTRUIM-FUTURS_BANNER_744x250_Preinscripcio.jpg 744w, https://agora.xtec.cat/ieslesmarines/wp-content/uploads/usu619/2025/02/GENE_CONSTRUIM-FUTURS_BANNER_744x250_Preinscripcio-300x101.jpg 300w" sizes="auto, (max-width: 744px) 100vw, 744px" /></p>

<p>Benvolgudes famílies, Si voleu conèixer com treballem a Les Marines, quines són les nostres propostes pedagògiques, metodològiques i projectes, us convidem a les jornades de portes obertes de l’ESO. Les dates de portes obertes presencials: Dimecres 5 de març de 2025 Dijous 13 de març de 2025 Les visites s’establiran en grups, en quatre franges [&hellip;]</p>
