{"id":4944,"date":"2025-02-14T09:52:44","date_gmt":"2025-02-14T08:52:44","guid":{"rendered":"https:\/\/agora.xtec.cat\/ieslesmarines\/?page_id=4944"},"modified":"2025-02-14T10:01:15","modified_gmt":"2025-02-14T09:01:15","slug":"2n-eso-a-visita-catalunya-radio","status":"publish","type":"page","link":"https:\/\/agora.xtec.cat\/ieslesmarines\/2n-eso-a-visita-catalunya-radio\/","title":{"rendered":"2n ESO A visita Catalunya R\u00e0dio"},"content":{"rendered":"<p><span style=\"font-weight: 400;\">Els alumnes de 2n d\u2019ESO A el 30 de gener visitaren Catalunya R\u00e0dio.<\/span><\/p>\n<p><span style=\"font-weight: 400;\">Catalunya R\u00e0dio els ofer\u00ed la possibilitat de con\u00e8ixer les seves instal\u00b7lacions per descobrir com es fa la r\u00e0dio en catal\u00e0, perqu\u00e8 arribi cada dia a milers d\u2019oients.<\/span><\/p>\n<p><span style=\"font-weight: 400;\">Un grup assist\u00ed a una secci\u00f3 del programa <\/span><i><span style=\"font-weight: 400;\">El mat\u00ed de Catalunya R\u00e0dio<\/span><\/i><span style=\"font-weight: 400;\">, i l\u2019altre a l\u2019emissi\u00f3 de l\u2019espai <\/span><i><span style=\"font-weight: 400;\">Els experts. <\/span><\/i><span style=\"font-weight: 400;\">A continuaci\u00f3, visitaren les instal\u00b7lacions de la cadena i tingueren la possibilitat de fer de locutors radiof\u00f2nics, gravant un butllet\u00ed de not\u00edcies.<\/span><\/p>\n<p><span style=\"font-weight: 400;\">Tot all\u00f2 apr\u00e8s ho podran aplicar en el projecte de R\u00e0dio Marines.<\/span><\/p>\n<p><img loading=\"lazy\" decoding=\"async\" class=\"wp-image-4947 aligncenter\" src=\"https:\/\/agora.xtec.cat\/ieslesmarines\/wp-content\/uploads\/usu619\/2025\/02\/1-1-1-768x1024.jpg\" alt=\"\" width=\"500\" height=\"667\" srcset=\"https:\/\/agora.xtec.cat\/ieslesmarines\/wp-content\/uploads\/usu619\/2025\/02\/1-1-1-768x1024.jpg 768w, https:\/\/agora.xtec.cat\/ieslesmarines\/wp-content\/uploads\/usu619\/2025\/02\/1-1-1-225x300.jpg 225w, https:\/\/agora.xtec.cat\/ieslesmarines\/wp-content\/uploads\/usu619\/2025\/02\/1-1-1-1152x1536.jpg 1152w, https:\/\/agora.xtec.cat\/ieslesmarines\/wp-content\/uploads\/usu619\/2025\/02\/1-1-1-1536x2048.jpg 1536w, https:\/\/agora.xtec.cat\/ieslesmarines\/wp-content\/uploads\/usu619\/2025\/02\/1-1-1-scaled.jpg 1920w\" sizes=\"auto, (max-width: 500px) 100vw, 500px\" \/><\/p>\n<p><span style=\"font-weight: 400;\">A continuaci\u00f3, podeu llegir els comentaris d\u2019alguns alumnes sobre la sortida:<\/span><\/p>\n<p><span style=\"font-weight: 400;\">\u201cM&#8217;ha agradat l&#8217;entrevista perqu\u00e8 veure una cosa que surt per la r\u00e0dio en directe i en persona \u00e9s genial, per\u00f2 m\u2019hauria agradat fer-me amb el Pablo L\u00f3pez.\u201d D. F.\u00a0<\/span><\/p>\n<p><span style=\"font-weight: 400;\">\u201cPer a mi ha sigut molt divertida i interessant veure tot el treball que hi ha darrere de la radio que escoltem tots els dies.\u201d J. F.<\/span><\/p>\n<p><span style=\"font-weight: 400;\">\u201cM\u2019ha semblat molt bona excursi\u00f3 perqu\u00e8 ens han ensenyat com parlen a la r\u00e0dio i ens fan una simulaci\u00f3.\u201d E. G.<\/span><\/p>\n<p><span style=\"font-weight: 400;\">\u201cEm va agradar molt i va ser la millor sortida, perqu\u00e8 m&#8217;ho vaig passar genial i em va encantar escoltar a Pablo L\u00f3pez en directe, ja que la meva mare i \u00e0via s\u00f3n molt fans. Tamb\u00e9 em va semblar interessant i vaig aprendre diferents conceptes.\u201d L. G.\u00a0<\/span><\/p>\n<p><span style=\"font-weight: 400;\">\u201cA mi personalment em va agradar molt perqu\u00e8 no sabia que hi hauria tantes plantes ni que fos tan gran. Jo sempre els escoltava per la r\u00e0dio, i em va agradar molt estari all\u00e0 i tamb\u00e9 em va agradar molt fer la simulaci\u00f3. \u00c9s una sortida que tornaria a repetir.\u201d J. M.\u00a0<\/span><\/p>\n<p><span style=\"font-weight: 400;\">\u201cLa meva opini\u00f3 \u00e9s que m&#8217;ha agradat molt, sobretot quan hem escoltat com cantava Pablo L\u00f3pez.\u201d L. P.<\/span><\/p>\n<p><span style=\"font-weight: 400;\">\u201cLa veritat \u00e9s que m&#8217;ha agradat molt. M&#8217;agradaria que es repet\u00eds aquesta sortida, perqu\u00e8 ens van tractar molt b\u00e9 i vam veure moltes coses interessants.\u201d C: S.\u00a0<\/span><\/p>\n<p><span style=\"font-weight: 400;\">\u201cLa meva opini\u00f3 \u00e9s que la sortida ha estat prou b\u00e9, ha sigut divertit fer la simulaci\u00f3 de locutors i per sort els programes que hem pogut veure eren interessants.\u201d R. S.\u00a0<\/span><\/p>\n<p>&nbsp;<\/p>\n","protected":false},"excerpt":{"rendered":"<p>Els alumnes de 2n d\u2019ESO A el 30 de gener visitaren Catalunya R\u00e0dio. Catalunya R\u00e0dio els ofer\u00ed la possibilitat de con\u00e8ixer les seves instal\u00b7lacions per descobrir com es fa la r\u00e0dio en catal\u00e0, perqu\u00e8 arribi cada dia a milers d\u2019oients. Un grup assist\u00ed a una secci\u00f3 del programa El mat\u00ed de Catalunya R\u00e0dio, i l\u2019altre [&hellip;]<\/p>\n","protected":false},"author":1,"featured_media":0,"parent":0,"menu_order":0,"comment_status":"closed","ping_status":"closed","template":"","meta":{"_bbp_topic_count":0,"_bbp_reply_count":0,"_bbp_total_topic_count":0,"_bbp_total_reply_count":0,"_bbp_voice_count":0,"_bbp_anonymous_reply_count":0,"_bbp_topic_count_hidden":0,"_bbp_reply_count_hidden":0,"_bbp_forum_subforum_count":0,"site-sidebar-layout":"default","site-content-layout":"","ast-site-content-layout":"","site-content-style":"default","site-sidebar-style":"default","ast-global-header-display":"","ast-banner-title-visibility":"","ast-main-header-display":"","ast-hfb-above-header-display":"","ast-hfb-below-header-display":"","ast-hfb-mobile-header-display":"","site-post-title":"","ast-breadcrumbs-content":"","ast-featured-img":"","footer-sml-layout":"","theme-transparent-header-meta":"","adv-header-id-meta":"","stick-header-meta":"","header-above-stick-meta":"","header-main-stick-meta":"","header-below-stick-meta":"","astra-migrate-meta-layouts":"default","ast-page-background-enabled":"default","ast-page-background-meta":{"desktop":{"background-color":"var(--ast-global-color-4)","background-image":"","background-repeat":"repeat","background-position":"center center","background-size":"auto","background-attachment":"scroll","background-type":"","background-media":"","overlay-type":"","overlay-color":"","overlay-opacity":"","overlay-gradient":""},"tablet":{"background-color":"","background-image":"","background-repeat":"repeat","background-position":"center center","background-size":"auto","background-attachment":"scroll","background-type":"","background-media":"","overlay-type":"","overlay-color":"","overlay-opacity":"","overlay-gradient":""},"mobile":{"background-color":"","background-image":"","background-repeat":"repeat","background-position":"center center","background-size":"auto","background-attachment":"scroll","background-type":"","background-media":"","overlay-type":"","overlay-color":"","overlay-opacity":"","overlay-gradient":""}},"ast-content-background-meta":{"desktop":{"background-color":"var(--ast-global-color-5)","background-image":"","background-repeat":"repeat","background-position":"center center","background-size":"auto","background-attachment":"scroll","background-type":"","background-media":"","overlay-type":"","overlay-color":"","overlay-opacity":"","overlay-gradient":""},"tablet":{"background-color":"var(--ast-global-color-5)","background-image":"","background-repeat":"repeat","background-position":"center center","background-size":"auto","background-attachment":"scroll","background-type":"","background-media":"","overlay-type":"","overlay-color":"","overlay-opacity":"","overlay-gradient":""},"mobile":{"background-color":"var(--ast-global-color-5)","background-image":"","background-repeat":"repeat","background-position":"center center","background-size":"auto","background-attachment":"scroll","background-type":"","background-media":"","overlay-type":"","overlay-color":"","overlay-opacity":"","overlay-gradient":""}},"footnotes":""},"class_list":["post-4944","page","type-page","status-publish","hentry"],"post_mailing_queue_ids":[],"_links":{"self":[{"href":"https:\/\/agora.xtec.cat\/ieslesmarines\/wp-json\/wp\/v2\/pages\/4944","targetHints":{"allow":["GET"]}}],"collection":[{"href":"https:\/\/agora.xtec.cat\/ieslesmarines\/wp-json\/wp\/v2\/pages"}],"about":[{"href":"https:\/\/agora.xtec.cat\/ieslesmarines\/wp-json\/wp\/v2\/types\/page"}],"author":[{"embeddable":true,"href":"https:\/\/agora.xtec.cat\/ieslesmarines\/wp-json\/wp\/v2\/users\/1"}],"replies":[{"embeddable":true,"href":"https:\/\/agora.xtec.cat\/ieslesmarines\/wp-json\/wp\/v2\/comments?post=4944"}],"version-history":[{"count":3,"href":"https:\/\/agora.xtec.cat\/ieslesmarines\/wp-json\/wp\/v2\/pages\/4944\/revisions"}],"predecessor-version":[{"id":4951,"href":"https:\/\/agora.xtec.cat\/ieslesmarines\/wp-json\/wp\/v2\/pages\/4944\/revisions\/4951"}],"wp:attachment":[{"href":"https:\/\/agora.xtec.cat\/ieslesmarines\/wp-json\/wp\/v2\/media?parent=4944"}],"curies":[{"name":"wp","href":"https:\/\/api.w.org\/{rel}","templated":true}]}}

2n ESO A visita Catalunya Ràdio

<p><span style="font-weight: 400;">Els alumnes de 2n d’ESO A el 30 de gener visitaren Catalunya Ràdio.</span></p>
<p><span style="font-weight: 400;">Catalunya Ràdio els oferí la possibilitat de conèixer les seves instal·lacions per descobrir com es fa la ràdio en català, perquè arribi cada dia a milers d’oients.</span></p>
<p><span style="font-weight: 400;">Un grup assistí a una secció del programa </span><i><span style="font-weight: 400;">El matí de Catalunya Ràdio</span></i><span style="font-weight: 400;">, i l’altre a l’emissió de l’espai </span><i><span style="font-weight: 400;">Els experts. </span></i><span style="font-weight: 400;">A continuació, visitaren les instal·lacions de la cadena i tingueren la possibilitat de fer de locutors radiofònics, gravant un butlletí de notícies.</span></p>
<p><span style="font-weight: 400;">Tot allò après ho podran aplicar en el projecte de Ràdio Marines.</span></p>
<p><img loading="lazy" decoding="async" class="wp-image-4947 aligncenter" src="https://agora.xtec.cat/ieslesmarines/wp-content/uploads/usu619/2025/02/1-1-1-768x1024.jpg" alt="" width="500" height="667" srcset="https://agora.xtec.cat/ieslesmarines/wp-content/uploads/usu619/2025/02/1-1-1-768x1024.jpg 768w, https://agora.xtec.cat/ieslesmarines/wp-content/uploads/usu619/2025/02/1-1-1-225x300.jpg 225w, https://agora.xtec.cat/ieslesmarines/wp-content/uploads/usu619/2025/02/1-1-1-1152x1536.jpg 1152w, https://agora.xtec.cat/ieslesmarines/wp-content/uploads/usu619/2025/02/1-1-1-1536x2048.jpg 1536w, https://agora.xtec.cat/ieslesmarines/wp-content/uploads/usu619/2025/02/1-1-1-scaled.jpg 1920w" sizes="auto, (max-width: 500px) 100vw, 500px" /></p>
<p><span style="font-weight: 400;">A continuació, podeu llegir els comentaris d’alguns alumnes sobre la sortida:</span></p>
<p><span style="font-weight: 400;">“M&#8217;ha agradat l&#8217;entrevista perquè veure una cosa que surt per la ràdio en directe i en persona és genial, però m’hauria agradat fer-me amb el Pablo López.” D. F. </span></p>
<p><span style="font-weight: 400;">“Per a mi ha sigut molt divertida i interessant veure tot el treball que hi ha darrere de la radio que escoltem tots els dies.” J. F.</span></p>
<p><span style="font-weight: 400;">“M’ha semblat molt bona excursió perquè ens han ensenyat com parlen a la ràdio i ens fan una simulació.” E. G.</span></p>
<p><span style="font-weight: 400;">“Em va agradar molt i va ser la millor sortida, perquè m&#8217;ho vaig passar genial i em va encantar escoltar a Pablo López en directe, ja que la meva mare i àvia són molt fans. També em va semblar interessant i vaig aprendre diferents conceptes.” L. G. </span></p>
<p><span style="font-weight: 400;">“A mi personalment em va agradar molt perquè no sabia que hi hauria tantes plantes ni que fos tan gran. Jo sempre els escoltava per la ràdio, i em va agradar molt estari allà i també em va agradar molt fer la simulació. És una sortida que tornaria a repetir.” J. M. </span></p>
<p><span style="font-weight: 400;">“La meva opinió és que m&#8217;ha agradat molt, sobretot quan hem escoltat com cantava Pablo López.” L. P.</span></p>
<p><span style="font-weight: 400;">“La veritat és que m&#8217;ha agradat molt. M&#8217;agradaria que es repetís aquesta sortida, perquè ens van tractar molt bé i vam veure moltes coses interessants.” C: S. </span></p>
<p><span style="font-weight: 400;">“La meva opinió és que la sortida ha estat prou bé, ha sigut divertit fer la simulació de locutors i per sort els programes que hem pogut veure eren interessants.” R. S. </span></p>
<p>&nbsp;</p>

<p>Els alumnes de 2n d’ESO A el 30 de gener visitaren Catalunya Ràdio. Catalunya Ràdio els oferí la possibilitat de conèixer les seves instal·lacions per descobrir com es fa la ràdio en català, perquè arribi cada dia a milers d’oients. Un grup assistí a una secció del programa El matí de Catalunya Ràdio, i l’altre [&hellip;]</p>
