{"id":4804,"date":"2025-01-28T11:25:07","date_gmt":"2025-01-28T10:25:07","guid":{"rendered":"https:\/\/agora.xtec.cat\/ieslesmarines\/?page_id=4804"},"modified":"2025-01-28T11:26:19","modified_gmt":"2025-01-28T10:26:19","slug":"taller-de-musica-i-dansa-escocesa","status":"publish","type":"page","link":"https:\/\/agora.xtec.cat\/ieslesmarines\/taller-de-musica-i-dansa-escocesa\/","title":{"rendered":"Taller de m\u00fasica i dansa escocesa"},"content":{"rendered":"<p>El passat dijous 23 de gener els alumnes de 3r de la ESO van gaudir d&#8217;un taller de m\u00fasica i dansa escocesa amb David Vivanco Scotland.<\/p>\n<p dir=\"auto\">Vam aprendre que el color de la t\u00edpica faldilla escocesa, kilt , dep\u00e8n de la familia a la qual pertanys, que el Mac o Mc, a l&#8217;inici del cognom vol dir que es &#8220;fill de&#8221; i, per tant, pots ser fill de Gregor, MacGregor, o de Donald, McDonald. Tamb\u00e9 vam cantar &#8220;I&#8217;m gonna do it all&#8221; de la cantant escocesa Karine Polwart, acompanyats de la guitarra i vam gaudir del magic so de la bagpipe (gaita)<\/p>\n<p dir=\"auto\"><img loading=\"lazy\" decoding=\"async\" class=\"wp-image-4805 aligncenter\" src=\"https:\/\/agora.xtec.cat\/ieslesmarines\/wp-content\/uploads\/usu619\/2025\/01\/IMG_20250123_113410-1024x769.jpg\" alt=\"\" width=\"500\" height=\"375\" srcset=\"https:\/\/agora.xtec.cat\/ieslesmarines\/wp-content\/uploads\/usu619\/2025\/01\/IMG_20250123_113410-1024x769.jpg 1024w, https:\/\/agora.xtec.cat\/ieslesmarines\/wp-content\/uploads\/usu619\/2025\/01\/IMG_20250123_113410-300x225.jpg 300w, https:\/\/agora.xtec.cat\/ieslesmarines\/wp-content\/uploads\/usu619\/2025\/01\/IMG_20250123_113410-768x577.jpg 768w, https:\/\/agora.xtec.cat\/ieslesmarines\/wp-content\/uploads\/usu619\/2025\/01\/IMG_20250123_113410-1536x1153.jpg 1536w, https:\/\/agora.xtec.cat\/ieslesmarines\/wp-content\/uploads\/usu619\/2025\/01\/IMG_20250123_113410-2048x1538.jpg 2048w, https:\/\/agora.xtec.cat\/ieslesmarines\/wp-content\/uploads\/usu619\/2025\/01\/IMG_20250123_113410-200x150.jpg 200w\" sizes=\"auto, (max-width: 500px) 100vw, 500px\" \/><\/p>\n","protected":false},"excerpt":{"rendered":"<p>El passat dijous 23 de gener els alumnes de 3r de la ESO van gaudir d&#8217;un taller de m\u00fasica i dansa escocesa amb David Vivanco Scotland. Vam aprendre que el color de la t\u00edpica faldilla escocesa, kilt , dep\u00e8n de la familia a la qual pertanys, que el Mac o Mc, a l&#8217;inici del cognom [&hellip;]<\/p>\n","protected":false},"author":1,"featured_media":0,"parent":0,"menu_order":0,"comment_status":"closed","ping_status":"closed","template":"","meta":{"_bbp_topic_count":0,"_bbp_reply_count":0,"_bbp_total_topic_count":0,"_bbp_total_reply_count":0,"_bbp_voice_count":0,"_bbp_anonymous_reply_count":0,"_bbp_topic_count_hidden":0,"_bbp_reply_count_hidden":0,"_bbp_forum_subforum_count":0,"site-sidebar-layout":"default","site-content-layout":"","ast-site-content-layout":"","site-content-style":"default","site-sidebar-style":"default","ast-global-header-display":"","ast-banner-title-visibility":"","ast-main-header-display":"","ast-hfb-above-header-display":"","ast-hfb-below-header-display":"","ast-hfb-mobile-header-display":"","site-post-title":"","ast-breadcrumbs-content":"","ast-featured-img":"","footer-sml-layout":"","theme-transparent-header-meta":"","adv-header-id-meta":"","stick-header-meta":"","header-above-stick-meta":"","header-main-stick-meta":"","header-below-stick-meta":"","astra-migrate-meta-layouts":"default","ast-page-background-enabled":"default","ast-page-background-meta":{"desktop":{"background-color":"var(--ast-global-color-4)","background-image":"","background-repeat":"repeat","background-position":"center center","background-size":"auto","background-attachment":"scroll","background-type":"","background-media":"","overlay-type":"","overlay-color":"","overlay-opacity":"","overlay-gradient":""},"tablet":{"background-color":"","background-image":"","background-repeat":"repeat","background-position":"center center","background-size":"auto","background-attachment":"scroll","background-type":"","background-media":"","overlay-type":"","overlay-color":"","overlay-opacity":"","overlay-gradient":""},"mobile":{"background-color":"","background-image":"","background-repeat":"repeat","background-position":"center center","background-size":"auto","background-attachment":"scroll","background-type":"","background-media":"","overlay-type":"","overlay-color":"","overlay-opacity":"","overlay-gradient":""}},"ast-content-background-meta":{"desktop":{"background-color":"var(--ast-global-color-5)","background-image":"","background-repeat":"repeat","background-position":"center center","background-size":"auto","background-attachment":"scroll","background-type":"","background-media":"","overlay-type":"","overlay-color":"","overlay-opacity":"","overlay-gradient":""},"tablet":{"background-color":"var(--ast-global-color-5)","background-image":"","background-repeat":"repeat","background-position":"center center","background-size":"auto","background-attachment":"scroll","background-type":"","background-media":"","overlay-type":"","overlay-color":"","overlay-opacity":"","overlay-gradient":""},"mobile":{"background-color":"var(--ast-global-color-5)","background-image":"","background-repeat":"repeat","background-position":"center center","background-size":"auto","background-attachment":"scroll","background-type":"","background-media":"","overlay-type":"","overlay-color":"","overlay-opacity":"","overlay-gradient":""}},"footnotes":""},"class_list":["post-4804","page","type-page","status-publish","hentry"],"post_mailing_queue_ids":[],"_links":{"self":[{"href":"https:\/\/agora.xtec.cat\/ieslesmarines\/wp-json\/wp\/v2\/pages\/4804","targetHints":{"allow":["GET"]}}],"collection":[{"href":"https:\/\/agora.xtec.cat\/ieslesmarines\/wp-json\/wp\/v2\/pages"}],"about":[{"href":"https:\/\/agora.xtec.cat\/ieslesmarines\/wp-json\/wp\/v2\/types\/page"}],"author":[{"embeddable":true,"href":"https:\/\/agora.xtec.cat\/ieslesmarines\/wp-json\/wp\/v2\/users\/1"}],"replies":[{"embeddable":true,"href":"https:\/\/agora.xtec.cat\/ieslesmarines\/wp-json\/wp\/v2\/comments?post=4804"}],"version-history":[{"count":3,"href":"https:\/\/agora.xtec.cat\/ieslesmarines\/wp-json\/wp\/v2\/pages\/4804\/revisions"}],"predecessor-version":[{"id":4811,"href":"https:\/\/agora.xtec.cat\/ieslesmarines\/wp-json\/wp\/v2\/pages\/4804\/revisions\/4811"}],"wp:attachment":[{"href":"https:\/\/agora.xtec.cat\/ieslesmarines\/wp-json\/wp\/v2\/media?parent=4804"}],"curies":[{"name":"wp","href":"https:\/\/api.w.org\/{rel}","templated":true}]}}

Taller de música i dansa escocesa

<p>El passat dijous 23 de gener els alumnes de 3r de la ESO van gaudir d&#8217;un taller de música i dansa escocesa amb David Vivanco Scotland.</p>
<p dir="auto">Vam aprendre que el color de la típica faldilla escocesa, kilt , depèn de la familia a la qual pertanys, que el Mac o Mc, a l&#8217;inici del cognom vol dir que es &#8220;fill de&#8221; i, per tant, pots ser fill de Gregor, MacGregor, o de Donald, McDonald. També vam cantar &#8220;I&#8217;m gonna do it all&#8221; de la cantant escocesa Karine Polwart, acompanyats de la guitarra i vam gaudir del magic so de la bagpipe (gaita)</p>
<p dir="auto"><img loading="lazy" decoding="async" class="wp-image-4805 aligncenter" src="https://agora.xtec.cat/ieslesmarines/wp-content/uploads/usu619/2025/01/IMG_20250123_113410-1024x769.jpg" alt="" width="500" height="375" srcset="https://agora.xtec.cat/ieslesmarines/wp-content/uploads/usu619/2025/01/IMG_20250123_113410-1024x769.jpg 1024w, https://agora.xtec.cat/ieslesmarines/wp-content/uploads/usu619/2025/01/IMG_20250123_113410-300x225.jpg 300w, https://agora.xtec.cat/ieslesmarines/wp-content/uploads/usu619/2025/01/IMG_20250123_113410-768x577.jpg 768w, https://agora.xtec.cat/ieslesmarines/wp-content/uploads/usu619/2025/01/IMG_20250123_113410-1536x1153.jpg 1536w, https://agora.xtec.cat/ieslesmarines/wp-content/uploads/usu619/2025/01/IMG_20250123_113410-2048x1538.jpg 2048w, https://agora.xtec.cat/ieslesmarines/wp-content/uploads/usu619/2025/01/IMG_20250123_113410-200x150.jpg 200w" sizes="auto, (max-width: 500px) 100vw, 500px" /></p>

<p>El passat dijous 23 de gener els alumnes de 3r de la ESO van gaudir d&#8217;un taller de música i dansa escocesa amb David Vivanco Scotland. Vam aprendre que el color de la típica faldilla escocesa, kilt , depèn de la familia a la qual pertanys, que el Mac o Mc, a l&#8217;inici del cognom [&hellip;]</p>
