{"id":4737,"date":"2025-01-16T13:11:52","date_gmt":"2025-01-16T12:11:52","guid":{"rendered":"https:\/\/agora.xtec.cat\/ieslesmarines\/?page_id=4737"},"modified":"2025-01-16T13:19:49","modified_gmt":"2025-01-16T12:19:49","slug":"sortida-a-la-pedrera-2n-de-batxillerat","status":"publish","type":"page","link":"https:\/\/agora.xtec.cat\/ieslesmarines\/sortida-a-la-pedrera-2n-de-batxillerat\/","title":{"rendered":"Sortida a la Pedrera &#8211; 2n de batxillerat"},"content":{"rendered":"<p><span style=\"font-weight: 400;\">El passat 16 de desembre l\u2019alumnat de segon de batxillerat de la mat\u00e8ria optativa d\u2019Hist\u00f2ria de l\u2019art va fer una visita a La Pedrera a Barcelona. <\/span><\/p>\n<p><span style=\"font-weight: 400;\">Tots i totes vam quedar fascinats per les meravelles de l\u2019edifici. A part, vam aprofitar el dia per fer una ruta entorn alguns elements patrimonials i hist\u00f2rics del barri g\u00f2tic, com per exemple, les columnes del temple rom\u00e0 i, sobretot, ens vam aturar a apreciar la bellesa equilibrada i senzilla de Santa Maria del Mar. <\/span><\/p>\n<p><span style=\"font-weight: 400;\">Vam gaudir molt de la sortida i per aix\u00f2 volem compartir algunes <a href=\"https:\/\/www.instagram.com\/p\/DE4t3OcIxWl\/?igsh=cjdudXM5NDR2bzVo\">imatges<\/a> d\u2019aquell dia.<\/span><\/p>\n<p><span style=\"font-weight: 400;\"> <img loading=\"lazy\" decoding=\"async\" class=\"alignnone size-large wp-image-4738\" src=\"https:\/\/agora.xtec.cat\/ieslesmarines\/wp-content\/uploads\/usu619\/2025\/01\/Copia-de-IMG-20241216-WA0008-1024x768.jpg\" alt=\"\" width=\"1024\" height=\"768\" srcset=\"https:\/\/agora.xtec.cat\/ieslesmarines\/wp-content\/uploads\/usu619\/2025\/01\/Copia-de-IMG-20241216-WA0008-1024x768.jpg 1024w, https:\/\/agora.xtec.cat\/ieslesmarines\/wp-content\/uploads\/usu619\/2025\/01\/Copia-de-IMG-20241216-WA0008-300x225.jpg 300w, https:\/\/agora.xtec.cat\/ieslesmarines\/wp-content\/uploads\/usu619\/2025\/01\/Copia-de-IMG-20241216-WA0008-768x576.jpg 768w, https:\/\/agora.xtec.cat\/ieslesmarines\/wp-content\/uploads\/usu619\/2025\/01\/Copia-de-IMG-20241216-WA0008-1536x1152.jpg 1536w, https:\/\/agora.xtec.cat\/ieslesmarines\/wp-content\/uploads\/usu619\/2025\/01\/Copia-de-IMG-20241216-WA0008-200x150.jpg 200w, https:\/\/agora.xtec.cat\/ieslesmarines\/wp-content\/uploads\/usu619\/2025\/01\/Copia-de-IMG-20241216-WA0008.jpg 1600w\" sizes=\"auto, (max-width: 1024px) 100vw, 1024px\" \/><\/span><\/p>\n","protected":false},"excerpt":{"rendered":"<p>El passat 16 de desembre l\u2019alumnat de segon de batxillerat de la mat\u00e8ria optativa d\u2019Hist\u00f2ria de l\u2019art va fer una visita a La Pedrera a Barcelona. Tots i totes vam quedar fascinats per les meravelles de l\u2019edifici. A part, vam aprofitar el dia per fer una ruta entorn alguns elements patrimonials i hist\u00f2rics del barri [&hellip;]<\/p>\n","protected":false},"author":1,"featured_media":0,"parent":0,"menu_order":0,"comment_status":"closed","ping_status":"closed","template":"","meta":{"_bbp_topic_count":0,"_bbp_reply_count":0,"_bbp_total_topic_count":0,"_bbp_total_reply_count":0,"_bbp_voice_count":0,"_bbp_anonymous_reply_count":0,"_bbp_topic_count_hidden":0,"_bbp_reply_count_hidden":0,"_bbp_forum_subforum_count":0,"site-sidebar-layout":"default","site-content-layout":"","ast-site-content-layout":"","site-content-style":"default","site-sidebar-style":"default","ast-global-header-display":"","ast-banner-title-visibility":"","ast-main-header-display":"","ast-hfb-above-header-display":"","ast-hfb-below-header-display":"","ast-hfb-mobile-header-display":"","site-post-title":"","ast-breadcrumbs-content":"","ast-featured-img":"","footer-sml-layout":"","theme-transparent-header-meta":"","adv-header-id-meta":"","stick-header-meta":"","header-above-stick-meta":"","header-main-stick-meta":"","header-below-stick-meta":"","astra-migrate-meta-layouts":"default","ast-page-background-enabled":"default","ast-page-background-meta":{"desktop":{"background-color":"var(--ast-global-color-4)","background-image":"","background-repeat":"repeat","background-position":"center center","background-size":"auto","background-attachment":"scroll","background-type":"","background-media":"","overlay-type":"","overlay-color":"","overlay-opacity":"","overlay-gradient":""},"tablet":{"background-color":"","background-image":"","background-repeat":"repeat","background-position":"center center","background-size":"auto","background-attachment":"scroll","background-type":"","background-media":"","overlay-type":"","overlay-color":"","overlay-opacity":"","overlay-gradient":""},"mobile":{"background-color":"","background-image":"","background-repeat":"repeat","background-position":"center center","background-size":"auto","background-attachment":"scroll","background-type":"","background-media":"","overlay-type":"","overlay-color":"","overlay-opacity":"","overlay-gradient":""}},"ast-content-background-meta":{"desktop":{"background-color":"var(--ast-global-color-5)","background-image":"","background-repeat":"repeat","background-position":"center center","background-size":"auto","background-attachment":"scroll","background-type":"","background-media":"","overlay-type":"","overlay-color":"","overlay-opacity":"","overlay-gradient":""},"tablet":{"background-color":"var(--ast-global-color-5)","background-image":"","background-repeat":"repeat","background-position":"center center","background-size":"auto","background-attachment":"scroll","background-type":"","background-media":"","overlay-type":"","overlay-color":"","overlay-opacity":"","overlay-gradient":""},"mobile":{"background-color":"var(--ast-global-color-5)","background-image":"","background-repeat":"repeat","background-position":"center center","background-size":"auto","background-attachment":"scroll","background-type":"","background-media":"","overlay-type":"","overlay-color":"","overlay-opacity":"","overlay-gradient":""}},"footnotes":""},"class_list":["post-4737","page","type-page","status-publish","hentry"],"post_mailing_queue_ids":[],"_links":{"self":[{"href":"https:\/\/agora.xtec.cat\/ieslesmarines\/wp-json\/wp\/v2\/pages\/4737","targetHints":{"allow":["GET"]}}],"collection":[{"href":"https:\/\/agora.xtec.cat\/ieslesmarines\/wp-json\/wp\/v2\/pages"}],"about":[{"href":"https:\/\/agora.xtec.cat\/ieslesmarines\/wp-json\/wp\/v2\/types\/page"}],"author":[{"embeddable":true,"href":"https:\/\/agora.xtec.cat\/ieslesmarines\/wp-json\/wp\/v2\/users\/1"}],"replies":[{"embeddable":true,"href":"https:\/\/agora.xtec.cat\/ieslesmarines\/wp-json\/wp\/v2\/comments?post=4737"}],"version-history":[{"count":2,"href":"https:\/\/agora.xtec.cat\/ieslesmarines\/wp-json\/wp\/v2\/pages\/4737\/revisions"}],"predecessor-version":[{"id":4743,"href":"https:\/\/agora.xtec.cat\/ieslesmarines\/wp-json\/wp\/v2\/pages\/4737\/revisions\/4743"}],"wp:attachment":[{"href":"https:\/\/agora.xtec.cat\/ieslesmarines\/wp-json\/wp\/v2\/media?parent=4737"}],"curies":[{"name":"wp","href":"https:\/\/api.w.org\/{rel}","templated":true}]}}

<p><span style="font-weight: 400;">El passat 16 de desembre l’alumnat de segon de batxillerat de la matèria optativa d’Història de l’art va fer una visita a La Pedrera a Barcelona. </span></p>
<p><span style="font-weight: 400;">Tots i totes vam quedar fascinats per les meravelles de l’edifici. A part, vam aprofitar el dia per fer una ruta entorn alguns elements patrimonials i històrics del barri gòtic, com per exemple, les columnes del temple romà i, sobretot, ens vam aturar a apreciar la bellesa equilibrada i senzilla de Santa Maria del Mar. </span></p>
<p><span style="font-weight: 400;">Vam gaudir molt de la sortida i per això volem compartir algunes <a href="https://www.instagram.com/p/DE4t3OcIxWl/?igsh=cjdudXM5NDR2bzVo">imatges</a> d’aquell dia.</span></p>
<p><span style="font-weight: 400;"> <img loading="lazy" decoding="async" class="alignnone size-large wp-image-4738" src="https://agora.xtec.cat/ieslesmarines/wp-content/uploads/usu619/2025/01/Copia-de-IMG-20241216-WA0008-1024x768.jpg" alt="" width="1024" height="768" srcset="https://agora.xtec.cat/ieslesmarines/wp-content/uploads/usu619/2025/01/Copia-de-IMG-20241216-WA0008-1024x768.jpg 1024w, https://agora.xtec.cat/ieslesmarines/wp-content/uploads/usu619/2025/01/Copia-de-IMG-20241216-WA0008-300x225.jpg 300w, https://agora.xtec.cat/ieslesmarines/wp-content/uploads/usu619/2025/01/Copia-de-IMG-20241216-WA0008-768x576.jpg 768w, https://agora.xtec.cat/ieslesmarines/wp-content/uploads/usu619/2025/01/Copia-de-IMG-20241216-WA0008-1536x1152.jpg 1536w, https://agora.xtec.cat/ieslesmarines/wp-content/uploads/usu619/2025/01/Copia-de-IMG-20241216-WA0008-200x150.jpg 200w, https://agora.xtec.cat/ieslesmarines/wp-content/uploads/usu619/2025/01/Copia-de-IMG-20241216-WA0008.jpg 1600w" sizes="auto, (max-width: 1024px) 100vw, 1024px" /></span></p>

<p>El passat 16 de desembre l’alumnat de segon de batxillerat de la matèria optativa d’Història de l’art va fer una visita a La Pedrera a Barcelona. Tots i totes vam quedar fascinats per les meravelles de l’edifici. A part, vam aprofitar el dia per fer una ruta entorn alguns elements patrimonials i històrics del barri [&hellip;]</p>
