{"id":4631,"date":"2024-12-02T09:36:40","date_gmt":"2024-12-02T08:36:40","guid":{"rendered":"https:\/\/agora.xtec.cat\/ieslesmarines\/?page_id=4631"},"modified":"2024-12-11T12:11:40","modified_gmt":"2024-12-11T11:11:40","slug":"rejoguina-2024","status":"publish","type":"page","link":"https:\/\/agora.xtec.cat\/ieslesmarines\/rejoguina-2024\/","title":{"rendered":"Rejoguina 2024"},"content":{"rendered":"<p>Fam\u00edlies us necessitem!<\/p>\n<p>A partir d\u2019avui dia 2 i fins el proper 16 de desembre encetem de nou el nostre projecte solidari al centre, coordinat des de l\u2019Escola Verda i amb la col\u00b7laboraci\u00f3 de l\u2019Associaci\u00f3 Cultura, Solidaritat i Pau i de la Comunitat de Sant\u2019Egidio, que consisteix en la recollida de joguines de segona m\u00e0 en bon estat.<\/p>\n<p>Els delegats Verds de tots els cursos i nivells ja han fet la presentaci\u00f3 del projecte als seus companys i companyes de la classe.<\/p>\n<p>Els objectius d\u2019aquest programa s\u00f3n:<\/p>\n<p>Reciclem: Donar una segona vida a les joguines per tal de minimitzar l\u2019impacte mediambiental i de malbaratament de pl\u00e0stics.<\/p>\n<p>Ajudem fam\u00edlies desfavorides que no poden comprar joguines per la seva canalla, ja que les vostres donacions es vendran a un preu simb\u00f2lic.<\/p>\n<p>Col\u00b7laborem: Amb els diners recollits es compraran articles de primera necessitat com vacunes pels nens de l\u2019\u00c0frica. <a href=\"https:\/\/www.dream-health.org\/?lang=en\">https:\/\/www.dream-health.org\/?lang=en<\/a><\/p>\n<p>Com a agra\u00efment, l&#8217;AMPA obsequiar\u00e0 els vostres fills amb una xocolata calenta que els repartir\u00e0 el proper 20 de desembre.<\/p>\n<p>Moltes gr\u00e0cies per la vostra col\u00b7laboraci\u00f3. Sense vosaltres aquest projecte no seria possible.<\/p>\n<p>Fem Marines!<\/p>\n","protected":false},"excerpt":{"rendered":"<p>Fam\u00edlies us necessitem! A partir d\u2019avui dia 2 i fins el proper 16 de desembre encetem de nou el nostre projecte solidari al centre, coordinat des de l\u2019Escola Verda i amb la col\u00b7laboraci\u00f3 de l\u2019Associaci\u00f3 Cultura, Solidaritat i Pau i de la Comunitat de Sant\u2019Egidio, que consisteix en la recollida de joguines de segona m\u00e0 [&hellip;]<\/p>\n","protected":false},"author":1,"featured_media":0,"parent":0,"menu_order":0,"comment_status":"closed","ping_status":"closed","template":"","meta":{"_bbp_topic_count":0,"_bbp_reply_count":0,"_bbp_total_topic_count":0,"_bbp_total_reply_count":0,"_bbp_voice_count":0,"_bbp_anonymous_reply_count":0,"_bbp_topic_count_hidden":0,"_bbp_reply_count_hidden":0,"_bbp_forum_subforum_count":0,"site-sidebar-layout":"default","site-content-layout":"","ast-site-content-layout":"","site-content-style":"default","site-sidebar-style":"default","ast-global-header-display":"","ast-banner-title-visibility":"","ast-main-header-display":"","ast-hfb-above-header-display":"","ast-hfb-below-header-display":"","ast-hfb-mobile-header-display":"","site-post-title":"","ast-breadcrumbs-content":"","ast-featured-img":"","footer-sml-layout":"","theme-transparent-header-meta":"","adv-header-id-meta":"","stick-header-meta":"","header-above-stick-meta":"","header-main-stick-meta":"","header-below-stick-meta":"","astra-migrate-meta-layouts":"default","ast-page-background-enabled":"default","ast-page-background-meta":{"desktop":{"background-color":"var(--ast-global-color-4)","background-image":"","background-repeat":"repeat","background-position":"center center","background-size":"auto","background-attachment":"scroll","background-type":"","background-media":"","overlay-type":"","overlay-color":"","overlay-opacity":"","overlay-gradient":""},"tablet":{"background-color":"","background-image":"","background-repeat":"repeat","background-position":"center center","background-size":"auto","background-attachment":"scroll","background-type":"","background-media":"","overlay-type":"","overlay-color":"","overlay-opacity":"","overlay-gradient":""},"mobile":{"background-color":"","background-image":"","background-repeat":"repeat","background-position":"center center","background-size":"auto","background-attachment":"scroll","background-type":"","background-media":"","overlay-type":"","overlay-color":"","overlay-opacity":"","overlay-gradient":""}},"ast-content-background-meta":{"desktop":{"background-color":"var(--ast-global-color-5)","background-image":"","background-repeat":"repeat","background-position":"center center","background-size":"auto","background-attachment":"scroll","background-type":"","background-media":"","overlay-type":"","overlay-color":"","overlay-opacity":"","overlay-gradient":""},"tablet":{"background-color":"var(--ast-global-color-5)","background-image":"","background-repeat":"repeat","background-position":"center center","background-size":"auto","background-attachment":"scroll","background-type":"","background-media":"","overlay-type":"","overlay-color":"","overlay-opacity":"","overlay-gradient":""},"mobile":{"background-color":"var(--ast-global-color-5)","background-image":"","background-repeat":"repeat","background-position":"center center","background-size":"auto","background-attachment":"scroll","background-type":"","background-media":"","overlay-type":"","overlay-color":"","overlay-opacity":"","overlay-gradient":""}},"footnotes":""},"class_list":["post-4631","page","type-page","status-publish","hentry"],"post_mailing_queue_ids":[],"_links":{"self":[{"href":"https:\/\/agora.xtec.cat\/ieslesmarines\/wp-json\/wp\/v2\/pages\/4631","targetHints":{"allow":["GET"]}}],"collection":[{"href":"https:\/\/agora.xtec.cat\/ieslesmarines\/wp-json\/wp\/v2\/pages"}],"about":[{"href":"https:\/\/agora.xtec.cat\/ieslesmarines\/wp-json\/wp\/v2\/types\/page"}],"author":[{"embeddable":true,"href":"https:\/\/agora.xtec.cat\/ieslesmarines\/wp-json\/wp\/v2\/users\/1"}],"replies":[{"embeddable":true,"href":"https:\/\/agora.xtec.cat\/ieslesmarines\/wp-json\/wp\/v2\/comments?post=4631"}],"version-history":[{"count":5,"href":"https:\/\/agora.xtec.cat\/ieslesmarines\/wp-json\/wp\/v2\/pages\/4631\/revisions"}],"predecessor-version":[{"id":4654,"href":"https:\/\/agora.xtec.cat\/ieslesmarines\/wp-json\/wp\/v2\/pages\/4631\/revisions\/4654"}],"wp:attachment":[{"href":"https:\/\/agora.xtec.cat\/ieslesmarines\/wp-json\/wp\/v2\/media?parent=4631"}],"curies":[{"name":"wp","href":"https:\/\/api.w.org\/{rel}","templated":true}]}}

<p>Famílies us necessitem!</p>
<p>A partir d’avui dia 2 i fins el proper 16 de desembre encetem de nou el nostre projecte solidari al centre, coordinat des de l’Escola Verda i amb la col·laboració de l’Associació Cultura, Solidaritat i Pau i de la Comunitat de Sant’Egidio, que consisteix en la recollida de joguines de segona mà en bon estat.</p>
<p>Els delegats Verds de tots els cursos i nivells ja han fet la presentació del projecte als seus companys i companyes de la classe.</p>
<p>Els objectius d’aquest programa són:</p>
<p>Reciclem: Donar una segona vida a les joguines per tal de minimitzar l’impacte mediambiental i de malbaratament de plàstics.</p>
<p>Ajudem famílies desfavorides que no poden comprar joguines per la seva canalla, ja que les vostres donacions es vendran a un preu simbòlic.</p>
<p>Col·laborem: Amb els diners recollits es compraran articles de primera necessitat com vacunes pels nens de l’Àfrica. <a href="https://www.dream-health.org/?lang=en">https://www.dream-health.org/?lang=en</a></p>
<p>Com a agraïment, l&#8217;AMPA obsequiarà els vostres fills amb una xocolata calenta que els repartirà el proper 20 de desembre.</p>
<p>Moltes gràcies per la vostra col·laboració. Sense vosaltres aquest projecte no seria possible.</p>
<p>Fem Marines!</p>

<p>Famílies us necessitem! A partir d’avui dia 2 i fins el proper 16 de desembre encetem de nou el nostre projecte solidari al centre, coordinat des de l’Escola Verda i amb la col·laboració de l’Associació Cultura, Solidaritat i Pau i de la Comunitat de Sant’Egidio, que consisteix en la recollida de joguines de segona mà [&hellip;]</p>
