{"id":4546,"date":"2024-10-10T11:47:16","date_gmt":"2024-10-10T09:47:16","guid":{"rendered":"https:\/\/agora.xtec.cat\/ieslesmarines\/?page_id=4546"},"modified":"2024-10-10T11:47:16","modified_gmt":"2024-10-10T09:47:16","slug":"3r-deso-gaudeix-dunes-jornades-de-padel","status":"publish","type":"page","link":"https:\/\/agora.xtec.cat\/ieslesmarines\/3r-deso-gaudeix-dunes-jornades-de-padel\/","title":{"rendered":"3r d&#8217;ESO gaudeix d&#8217;unes jornades de p\u00e0del"},"content":{"rendered":"<p>Des de la mat\u00e8ria d\u2019Educaci\u00f3 f\u00edsica s&#8217;han organitzat unes sessions de p\u00e0del. Durant aquestes setmanes, l\u2019alumnat de 3r d&#8217;ESO ha gaudit d\u2019una assolellada jornada de p\u00e0del al Club Esportiu Gran Via Mar de Castelldefels.<\/p>\n<p><img loading=\"lazy\" decoding=\"async\" class=\"alignnone size-large wp-image-4547\" src=\"https:\/\/agora.xtec.cat\/ieslesmarines\/wp-content\/uploads\/usu619\/2024\/10\/cbe98912-989f-4a32-95c9-0b7e7ef7d231-1024x768.jpeg\" alt=\"\" width=\"1024\" height=\"768\" srcset=\"https:\/\/agora.xtec.cat\/ieslesmarines\/wp-content\/uploads\/usu619\/2024\/10\/cbe98912-989f-4a32-95c9-0b7e7ef7d231-1024x768.jpeg 1024w, https:\/\/agora.xtec.cat\/ieslesmarines\/wp-content\/uploads\/usu619\/2024\/10\/cbe98912-989f-4a32-95c9-0b7e7ef7d231-300x225.jpeg 300w, https:\/\/agora.xtec.cat\/ieslesmarines\/wp-content\/uploads\/usu619\/2024\/10\/cbe98912-989f-4a32-95c9-0b7e7ef7d231-768x576.jpeg 768w, https:\/\/agora.xtec.cat\/ieslesmarines\/wp-content\/uploads\/usu619\/2024\/10\/cbe98912-989f-4a32-95c9-0b7e7ef7d231-1536x1152.jpeg 1536w, https:\/\/agora.xtec.cat\/ieslesmarines\/wp-content\/uploads\/usu619\/2024\/10\/cbe98912-989f-4a32-95c9-0b7e7ef7d231-200x150.jpeg 200w, https:\/\/agora.xtec.cat\/ieslesmarines\/wp-content\/uploads\/usu619\/2024\/10\/cbe98912-989f-4a32-95c9-0b7e7ef7d231.jpeg 1600w\" sizes=\"auto, (max-width: 1024px) 100vw, 1024px\" \/><\/p>\n","protected":false},"excerpt":{"rendered":"<p>Des de la mat\u00e8ria d\u2019Educaci\u00f3 f\u00edsica s&#8217;han organitzat unes sessions de p\u00e0del. Durant aquestes setmanes, l\u2019alumnat de 3r d&#8217;ESO ha gaudit d\u2019una assolellada jornada de p\u00e0del al Club Esportiu Gran Via Mar de Castelldefels.<\/p>\n","protected":false},"author":1,"featured_media":0,"parent":0,"menu_order":0,"comment_status":"closed","ping_status":"closed","template":"","meta":{"_bbp_topic_count":0,"_bbp_reply_count":0,"_bbp_total_topic_count":0,"_bbp_total_reply_count":0,"_bbp_voice_count":0,"_bbp_anonymous_reply_count":0,"_bbp_topic_count_hidden":0,"_bbp_reply_count_hidden":0,"_bbp_forum_subforum_count":0,"site-sidebar-layout":"default","site-content-layout":"","ast-site-content-layout":"","site-content-style":"default","site-sidebar-style":"default","ast-global-header-display":"","ast-banner-title-visibility":"","ast-main-header-display":"","ast-hfb-above-header-display":"","ast-hfb-below-header-display":"","ast-hfb-mobile-header-display":"","site-post-title":"","ast-breadcrumbs-content":"","ast-featured-img":"","footer-sml-layout":"","theme-transparent-header-meta":"","adv-header-id-meta":"","stick-header-meta":"","header-above-stick-meta":"","header-main-stick-meta":"","header-below-stick-meta":"","astra-migrate-meta-layouts":"default","ast-page-background-enabled":"default","ast-page-background-meta":{"desktop":{"background-color":"var(--ast-global-color-4)","background-image":"","background-repeat":"repeat","background-position":"center center","background-size":"auto","background-attachment":"scroll","background-type":"","background-media":"","overlay-type":"","overlay-color":"","overlay-opacity":"","overlay-gradient":""},"tablet":{"background-color":"","background-image":"","background-repeat":"repeat","background-position":"center center","background-size":"auto","background-attachment":"scroll","background-type":"","background-media":"","overlay-type":"","overlay-color":"","overlay-opacity":"","overlay-gradient":""},"mobile":{"background-color":"","background-image":"","background-repeat":"repeat","background-position":"center center","background-size":"auto","background-attachment":"scroll","background-type":"","background-media":"","overlay-type":"","overlay-color":"","overlay-opacity":"","overlay-gradient":""}},"ast-content-background-meta":{"desktop":{"background-color":"var(--ast-global-color-5)","background-image":"","background-repeat":"repeat","background-position":"center center","background-size":"auto","background-attachment":"scroll","background-type":"","background-media":"","overlay-type":"","overlay-color":"","overlay-opacity":"","overlay-gradient":""},"tablet":{"background-color":"var(--ast-global-color-5)","background-image":"","background-repeat":"repeat","background-position":"center center","background-size":"auto","background-attachment":"scroll","background-type":"","background-media":"","overlay-type":"","overlay-color":"","overlay-opacity":"","overlay-gradient":""},"mobile":{"background-color":"var(--ast-global-color-5)","background-image":"","background-repeat":"repeat","background-position":"center center","background-size":"auto","background-attachment":"scroll","background-type":"","background-media":"","overlay-type":"","overlay-color":"","overlay-opacity":"","overlay-gradient":""}},"footnotes":""},"class_list":["post-4546","page","type-page","status-publish","hentry"],"post_mailing_queue_ids":[],"_links":{"self":[{"href":"https:\/\/agora.xtec.cat\/ieslesmarines\/wp-json\/wp\/v2\/pages\/4546","targetHints":{"allow":["GET"]}}],"collection":[{"href":"https:\/\/agora.xtec.cat\/ieslesmarines\/wp-json\/wp\/v2\/pages"}],"about":[{"href":"https:\/\/agora.xtec.cat\/ieslesmarines\/wp-json\/wp\/v2\/types\/page"}],"author":[{"embeddable":true,"href":"https:\/\/agora.xtec.cat\/ieslesmarines\/wp-json\/wp\/v2\/users\/1"}],"replies":[{"embeddable":true,"href":"https:\/\/agora.xtec.cat\/ieslesmarines\/wp-json\/wp\/v2\/comments?post=4546"}],"version-history":[{"count":1,"href":"https:\/\/agora.xtec.cat\/ieslesmarines\/wp-json\/wp\/v2\/pages\/4546\/revisions"}],"predecessor-version":[{"id":4549,"href":"https:\/\/agora.xtec.cat\/ieslesmarines\/wp-json\/wp\/v2\/pages\/4546\/revisions\/4549"}],"wp:attachment":[{"href":"https:\/\/agora.xtec.cat\/ieslesmarines\/wp-json\/wp\/v2\/media?parent=4546"}],"curies":[{"name":"wp","href":"https:\/\/api.w.org\/{rel}","templated":true}]}}

3r d&#8217;ESO gaudeix d&#8217;unes jornades de pàdel

<p>Des de la matèria d’Educació física s&#8217;han organitzat unes sessions de pàdel. Durant aquestes setmanes, l’alumnat de 3r d&#8217;ESO ha gaudit d’una assolellada jornada de pàdel al Club Esportiu Gran Via Mar de Castelldefels.</p>
<p><img loading="lazy" decoding="async" class="alignnone size-large wp-image-4547" src="https://agora.xtec.cat/ieslesmarines/wp-content/uploads/usu619/2024/10/cbe98912-989f-4a32-95c9-0b7e7ef7d231-1024x768.jpeg" alt="" width="1024" height="768" srcset="https://agora.xtec.cat/ieslesmarines/wp-content/uploads/usu619/2024/10/cbe98912-989f-4a32-95c9-0b7e7ef7d231-1024x768.jpeg 1024w, https://agora.xtec.cat/ieslesmarines/wp-content/uploads/usu619/2024/10/cbe98912-989f-4a32-95c9-0b7e7ef7d231-300x225.jpeg 300w, https://agora.xtec.cat/ieslesmarines/wp-content/uploads/usu619/2024/10/cbe98912-989f-4a32-95c9-0b7e7ef7d231-768x576.jpeg 768w, https://agora.xtec.cat/ieslesmarines/wp-content/uploads/usu619/2024/10/cbe98912-989f-4a32-95c9-0b7e7ef7d231-1536x1152.jpeg 1536w, https://agora.xtec.cat/ieslesmarines/wp-content/uploads/usu619/2024/10/cbe98912-989f-4a32-95c9-0b7e7ef7d231-200x150.jpeg 200w, https://agora.xtec.cat/ieslesmarines/wp-content/uploads/usu619/2024/10/cbe98912-989f-4a32-95c9-0b7e7ef7d231.jpeg 1600w" sizes="auto, (max-width: 1024px) 100vw, 1024px" /></p>

<p>Des de la matèria d’Educació física s&#8217;han organitzat unes sessions de pàdel. Durant aquestes setmanes, l’alumnat de 3r d&#8217;ESO ha gaudit d’una assolellada jornada de pàdel al Club Esportiu Gran Via Mar de Castelldefels.</p>
