{"id":4530,"date":"2024-09-20T09:05:33","date_gmt":"2024-09-20T07:05:33","guid":{"rendered":"https:\/\/agora.xtec.cat\/ieslesmarines\/?page_id=4530"},"modified":"2024-09-20T09:05:33","modified_gmt":"2024-09-20T07:05:33","slug":"projecte-faig-2","status":"publish","type":"page","link":"https:\/\/agora.xtec.cat\/ieslesmarines\/projecte-faig-2\/","title":{"rendered":"Projecte FAIG"},"content":{"rendered":"<p><span style=\"font-weight: 400;\">L\u2019Institut Les Marines forma part del projecte FAIG. El programa facilita un marc de refer\u00e8ncia pedag\u00f2gic que fonamenta l\u2019aprenentatge per projectes \u201cmaker\u201d com una oportunitat per connectar el curr\u00edculum amb la vida de les persones aprenents i abordar els desafiaments socials actuals i reptes de futur, tot impulsant la personalitzaci\u00f3, l\u2019empoderament, la creativitat i la consci\u00e8ncia cr\u00edtica, a mesura que aprenen i es construeixen com a habitants del m\u00f3n amb capacitat d\u2019actuar per a millorar-lo. Vam comen\u00e7ar com a centre pilot el curs 22-23 i enguany treballem per projectes a 1r, 2n i 3r d\u2019ESO, un aprenentatge que\u00a0 culmina en la FIRA de projectes oberta a tota la comunitat educativa celebrada al juny per donar visibilitat als treballs de l\u2019alumnat.\u00a0<\/span><\/p>\n<h2><span style=\"font-weight: 400;\">Fira Faig 2024<\/span><\/h2>\n<p><span style=\"font-weight: 400;\">El passat 17 de juny de 2024 vam celebrar la primera fira de projectes, FIRAMARINES 2024.<\/span><\/p>\n<p><span style=\"font-weight: 400;\">En aquesta fira v\u00e0ren participar els alumnes de 1r i 2n d\u2019ESO i 1r de Batxillerat. Aquests van mostrar el treball realitzat durant el curs, vinculats amb el projecte FAIG.<\/span><\/p>\n<p><span style=\"font-weight: 400;\">A 1r d\u2019ESO van viatjar fins la cultura romana, van fer jocs matem\u00e0tics, van construir un refugi per insectes i finalment van crear un nou m\u00f3n.<\/span><\/p>\n<p><span style=\"font-weight: 400;\">A 2n d\u2019ESO els alumnes van realitzar una cursa pel planeta, van ser periodistes de r\u00e0dio i van viatjar fins a l\u2019\u00e8poca medieval.<\/span><\/p>\n<p><span style=\"font-weight: 400;\">Podeu veure m\u00e9s imatges, <\/span><a href=\"https:\/\/drive.google.com\/drive\/folders\/1NE-2RmmkekBNhJT5QV2pk_r90m58meYF?usp=sharing\" target=\"_blank\" rel=\"noopener\"><span style=\"font-weight: 400;\">aqu\u00ed<\/span><\/a><span style=\"font-weight: 400;\">.<\/span><\/p>\n<p><a href=\"https:\/\/serveiseducatius.xtec.cat\/cesire\/faig-fent-per-aprendre-imaginant-globalment\/\" target=\"_blank\" rel=\"noopener\"><span style=\"font-weight: 400;\">Site del projecte FAIG<\/span><\/a><\/p>\n<p>&nbsp;<\/p>\n","protected":false},"excerpt":{"rendered":"<p>L\u2019Institut Les Marines forma part del projecte FAIG. El programa facilita un marc de refer\u00e8ncia pedag\u00f2gic que fonamenta l\u2019aprenentatge per projectes \u201cmaker\u201d com una oportunitat per connectar el curr\u00edculum amb la vida de les persones aprenents i abordar els desafiaments socials actuals i reptes de futur, tot impulsant la personalitzaci\u00f3, l\u2019empoderament, la creativitat i la [&hellip;]<\/p>\n","protected":false},"author":1,"featured_media":0,"parent":0,"menu_order":0,"comment_status":"closed","ping_status":"closed","template":"","meta":{"_bbp_topic_count":0,"_bbp_reply_count":0,"_bbp_total_topic_count":0,"_bbp_total_reply_count":0,"_bbp_voice_count":0,"_bbp_anonymous_reply_count":0,"_bbp_topic_count_hidden":0,"_bbp_reply_count_hidden":0,"_bbp_forum_subforum_count":0,"site-sidebar-layout":"default","site-content-layout":"","ast-site-content-layout":"","site-content-style":"default","site-sidebar-style":"default","ast-global-header-display":"","ast-banner-title-visibility":"","ast-main-header-display":"","ast-hfb-above-header-display":"","ast-hfb-below-header-display":"","ast-hfb-mobile-header-display":"","site-post-title":"","ast-breadcrumbs-content":"","ast-featured-img":"","footer-sml-layout":"","theme-transparent-header-meta":"","adv-header-id-meta":"","stick-header-meta":"","header-above-stick-meta":"","header-main-stick-meta":"","header-below-stick-meta":"","astra-migrate-meta-layouts":"default","ast-page-background-enabled":"default","ast-page-background-meta":{"desktop":{"background-color":"var(--ast-global-color-4)","background-image":"","background-repeat":"repeat","background-position":"center center","background-size":"auto","background-attachment":"scroll","background-type":"","background-media":"","overlay-type":"","overlay-color":"","overlay-opacity":"","overlay-gradient":""},"tablet":{"background-color":"","background-image":"","background-repeat":"repeat","background-position":"center center","background-size":"auto","background-attachment":"scroll","background-type":"","background-media":"","overlay-type":"","overlay-color":"","overlay-opacity":"","overlay-gradient":""},"mobile":{"background-color":"","background-image":"","background-repeat":"repeat","background-position":"center center","background-size":"auto","background-attachment":"scroll","background-type":"","background-media":"","overlay-type":"","overlay-color":"","overlay-opacity":"","overlay-gradient":""}},"ast-content-background-meta":{"desktop":{"background-color":"var(--ast-global-color-5)","background-image":"","background-repeat":"repeat","background-position":"center center","background-size":"auto","background-attachment":"scroll","background-type":"","background-media":"","overlay-type":"","overlay-color":"","overlay-opacity":"","overlay-gradient":""},"tablet":{"background-color":"var(--ast-global-color-5)","background-image":"","background-repeat":"repeat","background-position":"center center","background-size":"auto","background-attachment":"scroll","background-type":"","background-media":"","overlay-type":"","overlay-color":"","overlay-opacity":"","overlay-gradient":""},"mobile":{"background-color":"var(--ast-global-color-5)","background-image":"","background-repeat":"repeat","background-position":"center center","background-size":"auto","background-attachment":"scroll","background-type":"","background-media":"","overlay-type":"","overlay-color":"","overlay-opacity":"","overlay-gradient":""}},"footnotes":""},"class_list":["post-4530","page","type-page","status-publish","hentry"],"post_mailing_queue_ids":[],"_links":{"self":[{"href":"https:\/\/agora.xtec.cat\/ieslesmarines\/wp-json\/wp\/v2\/pages\/4530","targetHints":{"allow":["GET"]}}],"collection":[{"href":"https:\/\/agora.xtec.cat\/ieslesmarines\/wp-json\/wp\/v2\/pages"}],"about":[{"href":"https:\/\/agora.xtec.cat\/ieslesmarines\/wp-json\/wp\/v2\/types\/page"}],"author":[{"embeddable":true,"href":"https:\/\/agora.xtec.cat\/ieslesmarines\/wp-json\/wp\/v2\/users\/1"}],"replies":[{"embeddable":true,"href":"https:\/\/agora.xtec.cat\/ieslesmarines\/wp-json\/wp\/v2\/comments?post=4530"}],"version-history":[{"count":1,"href":"https:\/\/agora.xtec.cat\/ieslesmarines\/wp-json\/wp\/v2\/pages\/4530\/revisions"}],"predecessor-version":[{"id":4531,"href":"https:\/\/agora.xtec.cat\/ieslesmarines\/wp-json\/wp\/v2\/pages\/4530\/revisions\/4531"}],"wp:attachment":[{"href":"https:\/\/agora.xtec.cat\/ieslesmarines\/wp-json\/wp\/v2\/media?parent=4530"}],"curies":[{"name":"wp","href":"https:\/\/api.w.org\/{rel}","templated":true}]}}

<p><span style="font-weight: 400;">L’Institut Les Marines forma part del projecte FAIG. El programa facilita un marc de referència pedagògic que fonamenta l’aprenentatge per projectes “maker” com una oportunitat per connectar el currículum amb la vida de les persones aprenents i abordar els desafiaments socials actuals i reptes de futur, tot impulsant la personalització, l’empoderament, la creativitat i la consciència crítica, a mesura que aprenen i es construeixen com a habitants del món amb capacitat d’actuar per a millorar-lo. Vam començar com a centre pilot el curs 22-23 i enguany treballem per projectes a 1r, 2n i 3r d’ESO, un aprenentatge que  culmina en la FIRA de projectes oberta a tota la comunitat educativa celebrada al juny per donar visibilitat als treballs de l’alumnat. </span></p>
<h2><span style="font-weight: 400;">Fira Faig 2024</span></h2>
<p><span style="font-weight: 400;">El passat 17 de juny de 2024 vam celebrar la primera fira de projectes, FIRAMARINES 2024.</span></p>
<p><span style="font-weight: 400;">En aquesta fira vàren participar els alumnes de 1r i 2n d’ESO i 1r de Batxillerat. Aquests van mostrar el treball realitzat durant el curs, vinculats amb el projecte FAIG.</span></p>
<p><span style="font-weight: 400;">A 1r d’ESO van viatjar fins la cultura romana, van fer jocs matemàtics, van construir un refugi per insectes i finalment van crear un nou món.</span></p>
<p><span style="font-weight: 400;">A 2n d’ESO els alumnes van realitzar una cursa pel planeta, van ser periodistes de ràdio i van viatjar fins a l’època medieval.</span></p>
<p><span style="font-weight: 400;">Podeu veure més imatges, </span><a href="https://drive.google.com/drive/folders/1NE-2RmmkekBNhJT5QV2pk_r90m58meYF?usp=sharing" target="_blank" rel="noopener"><span style="font-weight: 400;">aquí</span></a><span style="font-weight: 400;">.</span></p>
<p><a href="https://serveiseducatius.xtec.cat/cesire/faig-fent-per-aprendre-imaginant-globalment/" target="_blank" rel="noopener"><span style="font-weight: 400;">Site del projecte FAIG</span></a></p>
<p>&nbsp;</p>

<p>L’Institut Les Marines forma part del projecte FAIG. El programa facilita un marc de referència pedagògic que fonamenta l’aprenentatge per projectes “maker” com una oportunitat per connectar el currículum amb la vida de les persones aprenents i abordar els desafiaments socials actuals i reptes de futur, tot impulsant la personalització, l’empoderament, la creativitat i la [&hellip;]</p>
