{"id":4403,"date":"2024-06-18T09:52:22","date_gmt":"2024-06-18T07:52:22","guid":{"rendered":"https:\/\/agora.xtec.cat\/ieslesmarines\/?page_id=4403"},"modified":"2024-06-18T09:52:22","modified_gmt":"2024-06-18T07:52:22","slug":"projecte-radio-marines-2n-eso-c","status":"publish","type":"page","link":"https:\/\/agora.xtec.cat\/ieslesmarines\/projecte-radio-marines-2n-eso-c\/","title":{"rendered":"Projecte R\u00e0dio Marines 2n ESO C"},"content":{"rendered":"<p><span style=\"font-weight: 400;\">El 10 de juny l\u2019alumnat de 2n d\u2019ESO C va finalitzar el projecte de la r\u00e0dio.<\/span><\/p>\n<p><span style=\"font-weight: 400;\">R\u00e0dio Marines<\/span> <span style=\"font-weight: 400;\">s\u2019inici\u00e0 amb una visita a Catalunya R\u00e0dio. L\u2019alumnat durant les sessions del projecte ha creat el contingut d\u2019un gui\u00f3 radiof\u00f2nic, ha dissenyat la cortina musical amb l\u2019esl\u00f2gan del seu propi programa, ha inventat falques publicit\u00e0ries, ha preparat una entrevista, ha inventat un relat de terror, ha redactat un butllet\u00ed informatiu\u2026<\/span><\/p>\n<p><span style=\"font-weight: 400;\">El producte final ha consistit en la gravaci\u00f3 en directe davant la resta de la classe del seu programa de r\u00e0dio.\u00a0<\/span><\/p>\n<p><span style=\"font-weight: 400;\">A m\u00e9s, van participar a la fira de projectes, i van mostrar a l\u2019alumnat de 1r i a les fam\u00edlies les tasques realitzades.\u00a0<\/span><img loading=\"lazy\" decoding=\"async\" class=\"alignnone size-large wp-image-4406\" src=\"https:\/\/agora.xtec.cat\/ieslesmarines\/wp-content\/uploads\/usu619\/2024\/06\/0.-Imatge-inicial-1-768x1024.jpg\" alt=\"\" width=\"768\" height=\"1024\" srcset=\"https:\/\/agora.xtec.cat\/ieslesmarines\/wp-content\/uploads\/usu619\/2024\/06\/0.-Imatge-inicial-1-768x1024.jpg 768w, https:\/\/agora.xtec.cat\/ieslesmarines\/wp-content\/uploads\/usu619\/2024\/06\/0.-Imatge-inicial-1-225x300.jpg 225w, https:\/\/agora.xtec.cat\/ieslesmarines\/wp-content\/uploads\/usu619\/2024\/06\/0.-Imatge-inicial-1-1152x1536.jpg 1152w, https:\/\/agora.xtec.cat\/ieslesmarines\/wp-content\/uploads\/usu619\/2024\/06\/0.-Imatge-inicial-1-1536x2048.jpg 1536w, https:\/\/agora.xtec.cat\/ieslesmarines\/wp-content\/uploads\/usu619\/2024\/06\/0.-Imatge-inicial-1-scaled.jpg 1920w\" sizes=\"auto, (max-width: 768px) 100vw, 768px\" \/><\/p>\n","protected":false},"excerpt":{"rendered":"<p>El 10 de juny l\u2019alumnat de 2n d\u2019ESO C va finalitzar el projecte de la r\u00e0dio. R\u00e0dio Marines s\u2019inici\u00e0 amb una visita a Catalunya R\u00e0dio. L\u2019alumnat durant les sessions del projecte ha creat el contingut d\u2019un gui\u00f3 radiof\u00f2nic, ha dissenyat la cortina musical amb l\u2019esl\u00f2gan del seu propi programa, ha inventat falques publicit\u00e0ries, ha preparat [&hellip;]<\/p>\n","protected":false},"author":1,"featured_media":0,"parent":0,"menu_order":0,"comment_status":"closed","ping_status":"closed","template":"","meta":{"_bbp_topic_count":0,"_bbp_reply_count":0,"_bbp_total_topic_count":0,"_bbp_total_reply_count":0,"_bbp_voice_count":0,"_bbp_anonymous_reply_count":0,"_bbp_topic_count_hidden":0,"_bbp_reply_count_hidden":0,"_bbp_forum_subforum_count":0,"site-sidebar-layout":"default","site-content-layout":"","ast-site-content-layout":"","site-content-style":"default","site-sidebar-style":"default","ast-global-header-display":"","ast-banner-title-visibility":"","ast-main-header-display":"","ast-hfb-above-header-display":"","ast-hfb-below-header-display":"","ast-hfb-mobile-header-display":"","site-post-title":"","ast-breadcrumbs-content":"","ast-featured-img":"","footer-sml-layout":"","theme-transparent-header-meta":"","adv-header-id-meta":"","stick-header-meta":"","header-above-stick-meta":"","header-main-stick-meta":"","header-below-stick-meta":"","astra-migrate-meta-layouts":"default","ast-page-background-enabled":"default","ast-page-background-meta":{"desktop":{"background-color":"var(--ast-global-color-4)","background-image":"","background-repeat":"repeat","background-position":"center center","background-size":"auto","background-attachment":"scroll","background-type":"","background-media":"","overlay-type":"","overlay-color":"","overlay-opacity":"","overlay-gradient":""},"tablet":{"background-color":"","background-image":"","background-repeat":"repeat","background-position":"center center","background-size":"auto","background-attachment":"scroll","background-type":"","background-media":"","overlay-type":"","overlay-color":"","overlay-opacity":"","overlay-gradient":""},"mobile":{"background-color":"","background-image":"","background-repeat":"repeat","background-position":"center center","background-size":"auto","background-attachment":"scroll","background-type":"","background-media":"","overlay-type":"","overlay-color":"","overlay-opacity":"","overlay-gradient":""}},"ast-content-background-meta":{"desktop":{"background-color":"var(--ast-global-color-5)","background-image":"","background-repeat":"repeat","background-position":"center center","background-size":"auto","background-attachment":"scroll","background-type":"","background-media":"","overlay-type":"","overlay-color":"","overlay-opacity":"","overlay-gradient":""},"tablet":{"background-color":"var(--ast-global-color-5)","background-image":"","background-repeat":"repeat","background-position":"center center","background-size":"auto","background-attachment":"scroll","background-type":"","background-media":"","overlay-type":"","overlay-color":"","overlay-opacity":"","overlay-gradient":""},"mobile":{"background-color":"var(--ast-global-color-5)","background-image":"","background-repeat":"repeat","background-position":"center center","background-size":"auto","background-attachment":"scroll","background-type":"","background-media":"","overlay-type":"","overlay-color":"","overlay-opacity":"","overlay-gradient":""}},"footnotes":""},"class_list":["post-4403","page","type-page","status-publish","hentry"],"post_mailing_queue_ids":[],"_links":{"self":[{"href":"https:\/\/agora.xtec.cat\/ieslesmarines\/wp-json\/wp\/v2\/pages\/4403","targetHints":{"allow":["GET"]}}],"collection":[{"href":"https:\/\/agora.xtec.cat\/ieslesmarines\/wp-json\/wp\/v2\/pages"}],"about":[{"href":"https:\/\/agora.xtec.cat\/ieslesmarines\/wp-json\/wp\/v2\/types\/page"}],"author":[{"embeddable":true,"href":"https:\/\/agora.xtec.cat\/ieslesmarines\/wp-json\/wp\/v2\/users\/1"}],"replies":[{"embeddable":true,"href":"https:\/\/agora.xtec.cat\/ieslesmarines\/wp-json\/wp\/v2\/comments?post=4403"}],"version-history":[{"count":1,"href":"https:\/\/agora.xtec.cat\/ieslesmarines\/wp-json\/wp\/v2\/pages\/4403\/revisions"}],"predecessor-version":[{"id":4407,"href":"https:\/\/agora.xtec.cat\/ieslesmarines\/wp-json\/wp\/v2\/pages\/4403\/revisions\/4407"}],"wp:attachment":[{"href":"https:\/\/agora.xtec.cat\/ieslesmarines\/wp-json\/wp\/v2\/media?parent=4403"}],"curies":[{"name":"wp","href":"https:\/\/api.w.org\/{rel}","templated":true}]}}

Projecte Ràdio Marines 2n ESO C

<p><span style="font-weight: 400;">El 10 de juny l’alumnat de 2n d’ESO C va finalitzar el projecte de la ràdio.</span></p>
<p><span style="font-weight: 400;">Ràdio Marines</span> <span style="font-weight: 400;">s’inicià amb una visita a Catalunya Ràdio. L’alumnat durant les sessions del projecte ha creat el contingut d’un guió radiofònic, ha dissenyat la cortina musical amb l’eslògan del seu propi programa, ha inventat falques publicitàries, ha preparat una entrevista, ha inventat un relat de terror, ha redactat un butlletí informatiu…</span></p>
<p><span style="font-weight: 400;">El producte final ha consistit en la gravació en directe davant la resta de la classe del seu programa de ràdio. </span></p>
<p><span style="font-weight: 400;">A més, van participar a la fira de projectes, i van mostrar a l’alumnat de 1r i a les famílies les tasques realitzades. </span><img loading="lazy" decoding="async" class="alignnone size-large wp-image-4406" src="https://agora.xtec.cat/ieslesmarines/wp-content/uploads/usu619/2024/06/0.-Imatge-inicial-1-768x1024.jpg" alt="" width="768" height="1024" srcset="https://agora.xtec.cat/ieslesmarines/wp-content/uploads/usu619/2024/06/0.-Imatge-inicial-1-768x1024.jpg 768w, https://agora.xtec.cat/ieslesmarines/wp-content/uploads/usu619/2024/06/0.-Imatge-inicial-1-225x300.jpg 225w, https://agora.xtec.cat/ieslesmarines/wp-content/uploads/usu619/2024/06/0.-Imatge-inicial-1-1152x1536.jpg 1152w, https://agora.xtec.cat/ieslesmarines/wp-content/uploads/usu619/2024/06/0.-Imatge-inicial-1-1536x2048.jpg 1536w, https://agora.xtec.cat/ieslesmarines/wp-content/uploads/usu619/2024/06/0.-Imatge-inicial-1-scaled.jpg 1920w" sizes="auto, (max-width: 768px) 100vw, 768px" /></p>

<p>El 10 de juny l’alumnat de 2n d’ESO C va finalitzar el projecte de la ràdio. Ràdio Marines s’inicià amb una visita a Catalunya Ràdio. L’alumnat durant les sessions del projecte ha creat el contingut d’un guió radiofònic, ha dissenyat la cortina musical amb l’eslògan del seu propi programa, ha inventat falques publicitàries, ha preparat [&hellip;]</p>
