{"id":4233,"date":"2024-04-10T12:21:09","date_gmt":"2024-04-10T10:21:09","guid":{"rendered":"https:\/\/agora.xtec.cat\/ieslesmarines\/?page_id=4233"},"modified":"2024-04-10T12:21:09","modified_gmt":"2024-04-10T10:21:09","slug":"2n-deso-b-visita-catalunya-radio","status":"publish","type":"page","link":"https:\/\/agora.xtec.cat\/ieslesmarines\/2n-deso-b-visita-catalunya-radio\/","title":{"rendered":"2n d&#8217;ESO B visita Catalunya R\u00e0dio"},"content":{"rendered":"<p><span style=\"font-weight: 400;\">L\u2019alumnat de 2n d\u2019ESO B el dilluns 11 de mar\u00e7 visit\u00e0 Catalunya R\u00e0dio.<\/span><\/p>\n<p><span style=\"font-weight: 400;\">Catalunya R\u00e0dio els ofer\u00ed la possibilitat de con\u00e8ixer les seves instal\u00b7lacions per descobrir com es fa la r\u00e0dio en catal\u00e0.<\/span><\/p>\n<p><span style=\"font-weight: 400;\">En diferents grups assistiren a una secci\u00f3 del programa <\/span><i><span style=\"font-weight: 400;\">Els experts<\/span><\/i><span style=\"font-weight: 400;\">. A continuaci\u00f3, visitaren les instal\u00b7lacions de la cadena i tingueren la possibilitat de fer de locutors radiof\u00f2nics, gravant un butllet\u00ed de not\u00edcies.<\/span><\/p>\n<p><span style=\"font-weight: 400;\">Tot all\u00f2 apr\u00e8s ho podran aplicar en el projecte R\u00e0dio Marines d\u2019expressi\u00f3 escrita i comunicaci\u00f3 oral, el repte final del qual consisteix a gravar en directe un programa radiof\u00f2nic en grup davant la resta de la classe.\u00a0<\/span><\/p>\n<p><span style=\"font-weight: 400;\"><img loading=\"lazy\" decoding=\"async\" class=\"alignnone size-large wp-image-4234\" src=\"https:\/\/agora.xtec.cat\/ieslesmarines\/wp-content\/uploads\/usu619\/2024\/04\/IMG-20240311-WA0014-1024x461.jpg\" alt=\"\" width=\"1024\" height=\"461\" srcset=\"https:\/\/agora.xtec.cat\/ieslesmarines\/wp-content\/uploads\/usu619\/2024\/04\/IMG-20240311-WA0014-1024x461.jpg 1024w, https:\/\/agora.xtec.cat\/ieslesmarines\/wp-content\/uploads\/usu619\/2024\/04\/IMG-20240311-WA0014-300x135.jpg 300w, https:\/\/agora.xtec.cat\/ieslesmarines\/wp-content\/uploads\/usu619\/2024\/04\/IMG-20240311-WA0014-768x346.jpg 768w, https:\/\/agora.xtec.cat\/ieslesmarines\/wp-content\/uploads\/usu619\/2024\/04\/IMG-20240311-WA0014-1536x691.jpg 1536w, https:\/\/agora.xtec.cat\/ieslesmarines\/wp-content\/uploads\/usu619\/2024\/04\/IMG-20240311-WA0014.jpg 2000w\" sizes=\"auto, (max-width: 1024px) 100vw, 1024px\" \/><\/span><\/p>\n<p><span style=\"font-weight: 400;\">A continuaci\u00f3, podeu llegir els comentaris d\u2019alguns alumnes sobre la sortida:<\/span><\/p>\n<p><span style=\"font-weight: 400;\">\u201cL&#8217;excuri\u00f3 a la r\u00e0dio, em va semblar molt bona, em va agradar molt veure com graven, i veure els estudis on es grava tot, tamb\u00e9 va ser molt guay. Tornaria a fer-ho m\u00e9s cops.\u201d M. B. G.<\/span><\/p>\n<p><span style=\"font-weight: 400;\">\u201cYo creo que a mucha gente le pareci\u00f3 aburrida la primera parte, que consist\u00eda en escuchar por 45 minutos cuatro personas hablando por la radio, pero a m\u00ed me gust\u00f3 bastante, ya que el tiempo se me pas\u00f3 volando.<\/span><\/p>\n<p><span style=\"font-weight: 400;\">La segunda parte me pareci\u00f3 muy buena, ya que simular estar en la radio hace entender muy bien c\u00f3mo es ese trabajo y que no es tan simple como parece.<\/span><\/p>\n<p><span style=\"font-weight: 400;\">En conclusi\u00f3n, me ha parecido una muy buena visita y si se me presentara la oportunidad, la repetir\u00eda.\u201d J. F. H.\u00a0<\/span><\/p>\n<p><span style=\"font-weight: 400;\">\u201cLa veritat \u00e9s que aquesta sortida m&#8217;ha agradat molt perqu\u00e8 hem pogut interactuar amb les coses de la r\u00e0dio, tamb\u00e9 perqu\u00e8 vam poder fer un p\u00f2dcast en el qual ens pod\u00edem sentir com persones de la r\u00e0dio.\u201d T. G. M.<\/span><\/p>\n<p><span style=\"font-weight: 400;\">\u201cM&#8217;ha agradat la sortida ja que vam poder gravar com si f\u00f3ssim de la r\u00e0dio i no va ser avorrida.\u201d E. G. S.\u00a0<\/span><\/p>\n<p><span style=\"font-weight: 400;\">\u201cMe ha parecido muy entretenido y muy interesante todo el tema de explicar las noticias.\u201d A. C. L. D.<\/span><\/p>\n<p><span style=\"font-weight: 400;\">\u201cLa meva opini\u00f3 sobre la sortida \u00e9s que em va agradar molt, perqu\u00e8 hem pogut viure noves experi\u00e8ncies, saber el funcionament, i veure com es darrere dels micr\u00f2fons. En conclusi\u00f3, m&#8217;ha agradat molt.\u201d A. M. N.<\/span><\/p>\n<p><span style=\"font-weight: 400;\">\u201cMe gust\u00f3 mucho la salida porque me pareci\u00f3 muy interesante todo lo de la radio.\u201d Z. R. G.<\/span><\/p>\n<p><span style=\"font-weight: 400;\">\u201cA mi, com a alumne de 2n B, em va semblar una excursi\u00f3 molt din\u00e0mica i divertida. A m\u00e9s de passar-ho b\u00e9, ens van acabar regalant una coseta per guardar la t-mobilitat. La recomano molt, ja que m&#8217;ho he passat molt b\u00e9 i espero fer m\u00e9s excursions aix\u00ed.\u201d T. S. V.\u00a0<\/span><\/p>\n","protected":false},"excerpt":{"rendered":"<p>L\u2019alumnat de 2n d\u2019ESO B el dilluns 11 de mar\u00e7 visit\u00e0 Catalunya R\u00e0dio. Catalunya R\u00e0dio els ofer\u00ed la possibilitat de con\u00e8ixer les seves instal\u00b7lacions per descobrir com es fa la r\u00e0dio en catal\u00e0. En diferents grups assistiren a una secci\u00f3 del programa Els experts. A continuaci\u00f3, visitaren les instal\u00b7lacions de la cadena i tingueren la [&hellip;]<\/p>\n","protected":false},"author":1,"featured_media":0,"parent":0,"menu_order":0,"comment_status":"closed","ping_status":"closed","template":"","meta":{"_bbp_topic_count":0,"_bbp_reply_count":0,"_bbp_total_topic_count":0,"_bbp_total_reply_count":0,"_bbp_voice_count":0,"_bbp_anonymous_reply_count":0,"_bbp_topic_count_hidden":0,"_bbp_reply_count_hidden":0,"_bbp_forum_subforum_count":0,"site-sidebar-layout":"default","site-content-layout":"","ast-site-content-layout":"","site-content-style":"default","site-sidebar-style":"default","ast-global-header-display":"","ast-banner-title-visibility":"","ast-main-header-display":"","ast-hfb-above-header-display":"","ast-hfb-below-header-display":"","ast-hfb-mobile-header-display":"","site-post-title":"","ast-breadcrumbs-content":"","ast-featured-img":"","footer-sml-layout":"","theme-transparent-header-meta":"","adv-header-id-meta":"","stick-header-meta":"","header-above-stick-meta":"","header-main-stick-meta":"","header-below-stick-meta":"","astra-migrate-meta-layouts":"default","ast-page-background-enabled":"default","ast-page-background-meta":{"desktop":{"background-color":"var(--ast-global-color-4)","background-image":"","background-repeat":"repeat","background-position":"center center","background-size":"auto","background-attachment":"scroll","background-type":"","background-media":"","overlay-type":"","overlay-color":"","overlay-opacity":"","overlay-gradient":""},"tablet":{"background-color":"","background-image":"","background-repeat":"repeat","background-position":"center center","background-size":"auto","background-attachment":"scroll","background-type":"","background-media":"","overlay-type":"","overlay-color":"","overlay-opacity":"","overlay-gradient":""},"mobile":{"background-color":"","background-image":"","background-repeat":"repeat","background-position":"center center","background-size":"auto","background-attachment":"scroll","background-type":"","background-media":"","overlay-type":"","overlay-color":"","overlay-opacity":"","overlay-gradient":""}},"ast-content-background-meta":{"desktop":{"background-color":"var(--ast-global-color-5)","background-image":"","background-repeat":"repeat","background-position":"center center","background-size":"auto","background-attachment":"scroll","background-type":"","background-media":"","overlay-type":"","overlay-color":"","overlay-opacity":"","overlay-gradient":""},"tablet":{"background-color":"var(--ast-global-color-5)","background-image":"","background-repeat":"repeat","background-position":"center center","background-size":"auto","background-attachment":"scroll","background-type":"","background-media":"","overlay-type":"","overlay-color":"","overlay-opacity":"","overlay-gradient":""},"mobile":{"background-color":"var(--ast-global-color-5)","background-image":"","background-repeat":"repeat","background-position":"center center","background-size":"auto","background-attachment":"scroll","background-type":"","background-media":"","overlay-type":"","overlay-color":"","overlay-opacity":"","overlay-gradient":""}},"footnotes":""},"class_list":["post-4233","page","type-page","status-publish","hentry"],"post_mailing_queue_ids":[],"_links":{"self":[{"href":"https:\/\/agora.xtec.cat\/ieslesmarines\/wp-json\/wp\/v2\/pages\/4233","targetHints":{"allow":["GET"]}}],"collection":[{"href":"https:\/\/agora.xtec.cat\/ieslesmarines\/wp-json\/wp\/v2\/pages"}],"about":[{"href":"https:\/\/agora.xtec.cat\/ieslesmarines\/wp-json\/wp\/v2\/types\/page"}],"author":[{"embeddable":true,"href":"https:\/\/agora.xtec.cat\/ieslesmarines\/wp-json\/wp\/v2\/users\/1"}],"replies":[{"embeddable":true,"href":"https:\/\/agora.xtec.cat\/ieslesmarines\/wp-json\/wp\/v2\/comments?post=4233"}],"version-history":[{"count":1,"href":"https:\/\/agora.xtec.cat\/ieslesmarines\/wp-json\/wp\/v2\/pages\/4233\/revisions"}],"predecessor-version":[{"id":4235,"href":"https:\/\/agora.xtec.cat\/ieslesmarines\/wp-json\/wp\/v2\/pages\/4233\/revisions\/4235"}],"wp:attachment":[{"href":"https:\/\/agora.xtec.cat\/ieslesmarines\/wp-json\/wp\/v2\/media?parent=4233"}],"curies":[{"name":"wp","href":"https:\/\/api.w.org\/{rel}","templated":true}]}}