{"id":4181,"date":"2024-03-12T13:39:05","date_gmt":"2024-03-12T12:39:05","guid":{"rendered":"https:\/\/agora.xtec.cat\/ieslesmarines\/?page_id=4181"},"modified":"2024-03-12T13:39:05","modified_gmt":"2024-03-12T12:39:05","slug":"8m-dia-internacional-de-la-dona-2024","status":"publish","type":"page","link":"https:\/\/agora.xtec.cat\/ieslesmarines\/8m-dia-internacional-de-la-dona-2024\/","title":{"rendered":"8M: Dia Internacional de la Dona 2024"},"content":{"rendered":"<p>El passat 8 de mar\u00e7 l&#8217;institut va celebrar el Dia Internacional de la Dona. Organitzat per la Comissi\u00f3 de Coeducaci\u00f3, durant la setmana es va preparar una instal\u00b7laci\u00f3 amb missatges de l&#8217;alumnat per concienciar que les dones som qui ens fem c\u00e0rrec de les cures i que, si no podem, acabem contractant altres dones en situaci\u00f3 prec\u00e0ria perqu\u00e8 es facin c\u00e0rrec de la feina.<\/p>\n<p>Aix\u00ed, tot l&#8217;alumnat va poder reflexionar al voltant del fet que les dones, encara avui, portem el pes de les cures i que aix\u00f2 ha de canviar.<\/p>\n<p>\u00c9s feina de tots. Hem de treballar plegats per aconseguir una igualtat efectiva.<\/p>\n<p>DEMPEUS CONTRA LES PRECARIETATS \ud83d\udcaa\ud83c\udffb\ud83d\udc9c<\/p>\n<p>Podeu veure m\u00e9s imatges, <a href=\"https:\/\/www.instagram.com\/p\/C4S32pWMThX\/?igsh=eGMzM2lqdXF3Y25w\">aqu\u00ed<\/a>.<\/p>\n<p><img loading=\"lazy\" decoding=\"async\" class=\"alignnone size-large wp-image-4182\" src=\"https:\/\/agora.xtec.cat\/ieslesmarines\/wp-content\/uploads\/usu619\/2024\/03\/photo1710246406-1024x766.jpeg\" alt=\"\" width=\"1024\" height=\"766\" srcset=\"https:\/\/agora.xtec.cat\/ieslesmarines\/wp-content\/uploads\/usu619\/2024\/03\/photo1710246406-1024x766.jpeg 1024w, https:\/\/agora.xtec.cat\/ieslesmarines\/wp-content\/uploads\/usu619\/2024\/03\/photo1710246406-300x225.jpeg 300w, https:\/\/agora.xtec.cat\/ieslesmarines\/wp-content\/uploads\/usu619\/2024\/03\/photo1710246406-768x575.jpeg 768w, https:\/\/agora.xtec.cat\/ieslesmarines\/wp-content\/uploads\/usu619\/2024\/03\/photo1710246406-200x150.jpeg 200w, https:\/\/agora.xtec.cat\/ieslesmarines\/wp-content\/uploads\/usu619\/2024\/03\/photo1710246406.jpeg 1280w\" sizes=\"auto, (max-width: 1024px) 100vw, 1024px\" \/><\/p>\n","protected":false},"excerpt":{"rendered":"<p>El passat 8 de mar\u00e7 l&#8217;institut va celebrar el Dia Internacional de la Dona. Organitzat per la Comissi\u00f3 de Coeducaci\u00f3, durant la setmana es va preparar una instal\u00b7laci\u00f3 amb missatges de l&#8217;alumnat per concienciar que les dones som qui ens fem c\u00e0rrec de les cures i que, si no podem, acabem contractant altres dones en [&hellip;]<\/p>\n","protected":false},"author":1,"featured_media":0,"parent":0,"menu_order":0,"comment_status":"closed","ping_status":"closed","template":"","meta":{"_bbp_topic_count":0,"_bbp_reply_count":0,"_bbp_total_topic_count":0,"_bbp_total_reply_count":0,"_bbp_voice_count":0,"_bbp_anonymous_reply_count":0,"_bbp_topic_count_hidden":0,"_bbp_reply_count_hidden":0,"_bbp_forum_subforum_count":0,"site-sidebar-layout":"default","site-content-layout":"","ast-site-content-layout":"","site-content-style":"default","site-sidebar-style":"default","ast-global-header-display":"","ast-banner-title-visibility":"","ast-main-header-display":"","ast-hfb-above-header-display":"","ast-hfb-below-header-display":"","ast-hfb-mobile-header-display":"","site-post-title":"","ast-breadcrumbs-content":"","ast-featured-img":"","footer-sml-layout":"","theme-transparent-header-meta":"","adv-header-id-meta":"","stick-header-meta":"","header-above-stick-meta":"","header-main-stick-meta":"","header-below-stick-meta":"","astra-migrate-meta-layouts":"default","ast-page-background-enabled":"default","ast-page-background-meta":{"desktop":{"background-color":"var(--ast-global-color-4)","background-image":"","background-repeat":"repeat","background-position":"center center","background-size":"auto","background-attachment":"scroll","background-type":"","background-media":"","overlay-type":"","overlay-color":"","overlay-opacity":"","overlay-gradient":""},"tablet":{"background-color":"","background-image":"","background-repeat":"repeat","background-position":"center center","background-size":"auto","background-attachment":"scroll","background-type":"","background-media":"","overlay-type":"","overlay-color":"","overlay-opacity":"","overlay-gradient":""},"mobile":{"background-color":"","background-image":"","background-repeat":"repeat","background-position":"center center","background-size":"auto","background-attachment":"scroll","background-type":"","background-media":"","overlay-type":"","overlay-color":"","overlay-opacity":"","overlay-gradient":""}},"ast-content-background-meta":{"desktop":{"background-color":"var(--ast-global-color-5)","background-image":"","background-repeat":"repeat","background-position":"center center","background-size":"auto","background-attachment":"scroll","background-type":"","background-media":"","overlay-type":"","overlay-color":"","overlay-opacity":"","overlay-gradient":""},"tablet":{"background-color":"var(--ast-global-color-5)","background-image":"","background-repeat":"repeat","background-position":"center center","background-size":"auto","background-attachment":"scroll","background-type":"","background-media":"","overlay-type":"","overlay-color":"","overlay-opacity":"","overlay-gradient":""},"mobile":{"background-color":"var(--ast-global-color-5)","background-image":"","background-repeat":"repeat","background-position":"center center","background-size":"auto","background-attachment":"scroll","background-type":"","background-media":"","overlay-type":"","overlay-color":"","overlay-opacity":"","overlay-gradient":""}},"footnotes":""},"class_list":["post-4181","page","type-page","status-publish","hentry"],"post_mailing_queue_ids":[],"_links":{"self":[{"href":"https:\/\/agora.xtec.cat\/ieslesmarines\/wp-json\/wp\/v2\/pages\/4181","targetHints":{"allow":["GET"]}}],"collection":[{"href":"https:\/\/agora.xtec.cat\/ieslesmarines\/wp-json\/wp\/v2\/pages"}],"about":[{"href":"https:\/\/agora.xtec.cat\/ieslesmarines\/wp-json\/wp\/v2\/types\/page"}],"author":[{"embeddable":true,"href":"https:\/\/agora.xtec.cat\/ieslesmarines\/wp-json\/wp\/v2\/users\/1"}],"replies":[{"embeddable":true,"href":"https:\/\/agora.xtec.cat\/ieslesmarines\/wp-json\/wp\/v2\/comments?post=4181"}],"version-history":[{"count":1,"href":"https:\/\/agora.xtec.cat\/ieslesmarines\/wp-json\/wp\/v2\/pages\/4181\/revisions"}],"predecessor-version":[{"id":4183,"href":"https:\/\/agora.xtec.cat\/ieslesmarines\/wp-json\/wp\/v2\/pages\/4181\/revisions\/4183"}],"wp:attachment":[{"href":"https:\/\/agora.xtec.cat\/ieslesmarines\/wp-json\/wp\/v2\/media?parent=4181"}],"curies":[{"name":"wp","href":"https:\/\/api.w.org\/{rel}","templated":true}]}}

<p>El passat 8 de març l&#8217;institut va celebrar el Dia Internacional de la Dona. Organitzat per la Comissió de Coeducació, durant la setmana es va preparar una instal·lació amb missatges de l&#8217;alumnat per concienciar que les dones som qui ens fem càrrec de les cures i que, si no podem, acabem contractant altres dones en situació precària perquè es facin càrrec de la feina.</p>
<p>Així, tot l&#8217;alumnat va poder reflexionar al voltant del fet que les dones, encara avui, portem el pes de les cures i que això ha de canviar.</p>
<p>És feina de tots. Hem de treballar plegats per aconseguir una igualtat efectiva.</p>
<p>DEMPEUS CONTRA LES PRECARIETATS 💪🏻💜</p>
<p>Podeu veure més imatges, <a href="https://www.instagram.com/p/C4S32pWMThX/?igsh=eGMzM2lqdXF3Y25w">aquí</a>.</p>
<p><img loading="lazy" decoding="async" class="alignnone size-large wp-image-4182" src="https://agora.xtec.cat/ieslesmarines/wp-content/uploads/usu619/2024/03/photo1710246406-1024x766.jpeg" alt="" width="1024" height="766" srcset="https://agora.xtec.cat/ieslesmarines/wp-content/uploads/usu619/2024/03/photo1710246406-1024x766.jpeg 1024w, https://agora.xtec.cat/ieslesmarines/wp-content/uploads/usu619/2024/03/photo1710246406-300x225.jpeg 300w, https://agora.xtec.cat/ieslesmarines/wp-content/uploads/usu619/2024/03/photo1710246406-768x575.jpeg 768w, https://agora.xtec.cat/ieslesmarines/wp-content/uploads/usu619/2024/03/photo1710246406-200x150.jpeg 200w, https://agora.xtec.cat/ieslesmarines/wp-content/uploads/usu619/2024/03/photo1710246406.jpeg 1280w" sizes="auto, (max-width: 1024px) 100vw, 1024px" /></p>

<p>El passat 8 de març l&#8217;institut va celebrar el Dia Internacional de la Dona. Organitzat per la Comissió de Coeducació, durant la setmana es va preparar una instal·lació amb missatges de l&#8217;alumnat per concienciar que les dones som qui ens fem càrrec de les cures i que, si no podem, acabem contractant altres dones en [&hellip;]</p>
