{"id":4174,"date":"2024-03-12T13:24:14","date_gmt":"2024-03-12T12:24:14","guid":{"rendered":"https:\/\/agora.xtec.cat\/ieslesmarines\/?page_id=4174"},"modified":"2024-03-12T13:24:14","modified_gmt":"2024-03-12T12:24:14","slug":"comissio-de-coeducacio","status":"publish","type":"page","link":"https:\/\/agora.xtec.cat\/ieslesmarines\/comissio-de-coeducacio\/","title":{"rendered":"Comissi\u00f3 de coeducaci\u00f3"},"content":{"rendered":"<p>La Comissi\u00f3 de Coeducaci\u00f3\u00a0treballa per la promoci\u00f3 de la igualtat i l\u2019equitat de g\u00e8nere i la incorporaci\u00f3 d\u2019aquests valors al projecte pedag\u00f2gic de l&#8217;institut, a trav\u00e9s de la sensibilitzaci\u00f3 i la formaci\u00f3 del conjunt de la comunitat educativa, la intervenci\u00f3 en els espais, la revisi\u00f3 dels materials i continguts pedag\u00f2gics, la prevenci\u00f3 de les viol\u00e8ncies i l\u2019educaci\u00f3 emocional i sexoafectiva de l\u2019alumnat, Tot, apostant per la construcci\u00f3 d\u2019unes relacions de g\u00e8nere lliures, justes i transformadores.<\/p>\n<p>La Comissi\u00f3 disposa d&#8217;un correu electr\u00f2nic (comicoeducacio@inslesmarines.net) on l&#8217;alumnat pot acudir per contar si est\u00e0 patint alguna situaci\u00f3 discriminat\u00f2ria, aix\u00ed com acudir a la Comissi\u00f3 en l&#8217;horari d&#8217;atenci\u00f3.<\/p>\n<p>En els \u00faltims anys, a m\u00e9s de les activitats treballades a tutoria en commemoraci\u00f3 a les diferents dates importants a tenir en compte, destaquen els actes duts a terme pel 8M: el <a href=\"https:\/\/www.instagram.com\/p\/CpihYBrrkEc\/?igsh=MXZtOXZxd2hyaDVkZQ==\" target=\"_blank\" rel=\"noopener\">happening<\/a> dut a terme el 2023 i la<a href=\"https:\/\/www.instagram.com\/p\/C4S32pWMThX\/?igsh=eGMzM2lqdXF3Y25w\" target=\"_blank\" rel=\"noopener\"> instal\u00b7laci\u00f3<\/a> que s&#8217;ha fet aquest 2024.<\/p>\n<table style=\"border-collapse: collapse; width: 100%;\">\n<tbody>\n<tr>\n<td style=\"width: 50%;\"><img loading=\"lazy\" decoding=\"async\" class=\"alignnone size-large wp-image-4176\" src=\"https:\/\/agora.xtec.cat\/ieslesmarines\/wp-content\/uploads\/usu619\/2024\/03\/photo1710245983-1-770x1024.jpeg\" alt=\"\" width=\"770\" height=\"1024\" srcset=\"https:\/\/agora.xtec.cat\/ieslesmarines\/wp-content\/uploads\/usu619\/2024\/03\/photo1710245983-1-770x1024.jpeg 770w, https:\/\/agora.xtec.cat\/ieslesmarines\/wp-content\/uploads\/usu619\/2024\/03\/photo1710245983-1-226x300.jpeg 226w, https:\/\/agora.xtec.cat\/ieslesmarines\/wp-content\/uploads\/usu619\/2024\/03\/photo1710245983-1-768x1021.jpeg 768w, https:\/\/agora.xtec.cat\/ieslesmarines\/wp-content\/uploads\/usu619\/2024\/03\/photo1710245983-1.jpeg 963w\" sizes=\"auto, (max-width: 770px) 100vw, 770px\" \/><\/td>\n<td style=\"width: 50%;\"><img loading=\"lazy\" decoding=\"async\" class=\"alignnone size-full wp-image-4177\" src=\"https:\/\/agora.xtec.cat\/ieslesmarines\/wp-content\/uploads\/usu619\/2024\/03\/photo1710245983.jpeg\" alt=\"\" width=\"768\" height=\"1024\" srcset=\"https:\/\/agora.xtec.cat\/ieslesmarines\/wp-content\/uploads\/usu619\/2024\/03\/photo1710245983.jpeg 768w, https:\/\/agora.xtec.cat\/ieslesmarines\/wp-content\/uploads\/usu619\/2024\/03\/photo1710245983-225x300.jpeg 225w\" sizes=\"auto, (max-width: 768px) 100vw, 768px\" \/><\/td>\n<\/tr>\n<\/tbody>\n<\/table>\n","protected":false},"excerpt":{"rendered":"<p>La Comissi\u00f3 de Coeducaci\u00f3\u00a0treballa per la promoci\u00f3 de la igualtat i l\u2019equitat de g\u00e8nere i la incorporaci\u00f3 d\u2019aquests valors al projecte pedag\u00f2gic de l&#8217;institut, a trav\u00e9s de la sensibilitzaci\u00f3 i la formaci\u00f3 del conjunt de la comunitat educativa, la intervenci\u00f3 en els espais, la revisi\u00f3 dels materials i continguts pedag\u00f2gics, la prevenci\u00f3 de les viol\u00e8ncies [&hellip;]<\/p>\n","protected":false},"author":1,"featured_media":0,"parent":0,"menu_order":0,"comment_status":"closed","ping_status":"closed","template":"","meta":{"_bbp_topic_count":0,"_bbp_reply_count":0,"_bbp_total_topic_count":0,"_bbp_total_reply_count":0,"_bbp_voice_count":0,"_bbp_anonymous_reply_count":0,"_bbp_topic_count_hidden":0,"_bbp_reply_count_hidden":0,"_bbp_forum_subforum_count":0,"site-sidebar-layout":"default","site-content-layout":"","ast-site-content-layout":"","site-content-style":"default","site-sidebar-style":"default","ast-global-header-display":"","ast-banner-title-visibility":"","ast-main-header-display":"","ast-hfb-above-header-display":"","ast-hfb-below-header-display":"","ast-hfb-mobile-header-display":"","site-post-title":"","ast-breadcrumbs-content":"","ast-featured-img":"","footer-sml-layout":"","theme-transparent-header-meta":"","adv-header-id-meta":"","stick-header-meta":"","header-above-stick-meta":"","header-main-stick-meta":"","header-below-stick-meta":"","astra-migrate-meta-layouts":"default","ast-page-background-enabled":"default","ast-page-background-meta":{"desktop":{"background-color":"var(--ast-global-color-4)","background-image":"","background-repeat":"repeat","background-position":"center center","background-size":"auto","background-attachment":"scroll","background-type":"","background-media":"","overlay-type":"","overlay-color":"","overlay-opacity":"","overlay-gradient":""},"tablet":{"background-color":"","background-image":"","background-repeat":"repeat","background-position":"center center","background-size":"auto","background-attachment":"scroll","background-type":"","background-media":"","overlay-type":"","overlay-color":"","overlay-opacity":"","overlay-gradient":""},"mobile":{"background-color":"","background-image":"","background-repeat":"repeat","background-position":"center center","background-size":"auto","background-attachment":"scroll","background-type":"","background-media":"","overlay-type":"","overlay-color":"","overlay-opacity":"","overlay-gradient":""}},"ast-content-background-meta":{"desktop":{"background-color":"var(--ast-global-color-5)","background-image":"","background-repeat":"repeat","background-position":"center center","background-size":"auto","background-attachment":"scroll","background-type":"","background-media":"","overlay-type":"","overlay-color":"","overlay-opacity":"","overlay-gradient":""},"tablet":{"background-color":"var(--ast-global-color-5)","background-image":"","background-repeat":"repeat","background-position":"center center","background-size":"auto","background-attachment":"scroll","background-type":"","background-media":"","overlay-type":"","overlay-color":"","overlay-opacity":"","overlay-gradient":""},"mobile":{"background-color":"var(--ast-global-color-5)","background-image":"","background-repeat":"repeat","background-position":"center center","background-size":"auto","background-attachment":"scroll","background-type":"","background-media":"","overlay-type":"","overlay-color":"","overlay-opacity":"","overlay-gradient":""}},"footnotes":""},"class_list":["post-4174","page","type-page","status-publish","hentry"],"post_mailing_queue_ids":[],"_links":{"self":[{"href":"https:\/\/agora.xtec.cat\/ieslesmarines\/wp-json\/wp\/v2\/pages\/4174","targetHints":{"allow":["GET"]}}],"collection":[{"href":"https:\/\/agora.xtec.cat\/ieslesmarines\/wp-json\/wp\/v2\/pages"}],"about":[{"href":"https:\/\/agora.xtec.cat\/ieslesmarines\/wp-json\/wp\/v2\/types\/page"}],"author":[{"embeddable":true,"href":"https:\/\/agora.xtec.cat\/ieslesmarines\/wp-json\/wp\/v2\/users\/1"}],"replies":[{"embeddable":true,"href":"https:\/\/agora.xtec.cat\/ieslesmarines\/wp-json\/wp\/v2\/comments?post=4174"}],"version-history":[{"count":3,"href":"https:\/\/agora.xtec.cat\/ieslesmarines\/wp-json\/wp\/v2\/pages\/4174\/revisions"}],"predecessor-version":[{"id":4179,"href":"https:\/\/agora.xtec.cat\/ieslesmarines\/wp-json\/wp\/v2\/pages\/4174\/revisions\/4179"}],"wp:attachment":[{"href":"https:\/\/agora.xtec.cat\/ieslesmarines\/wp-json\/wp\/v2\/media?parent=4174"}],"curies":[{"name":"wp","href":"https:\/\/api.w.org\/{rel}","templated":true}]}}