{"id":4153,"date":"2024-03-05T14:05:28","date_gmt":"2024-03-05T13:05:28","guid":{"rendered":"https:\/\/agora.xtec.cat\/ieslesmarines\/?page_id=4153"},"modified":"2024-03-05T14:17:00","modified_gmt":"2024-03-05T13:17:00","slug":"pindoles-sortida-teatre-2n-eso","status":"publish","type":"page","link":"https:\/\/agora.xtec.cat\/ieslesmarines\/pindoles-sortida-teatre-2n-eso\/","title":{"rendered":"P\u00edndoles: sortida al teatre de 2n d&#8217;ESO"},"content":{"rendered":"<p><span style=\"font-weight: 400;\">\u00a0El dimarts 20 de febrer els alumnes de 2n d\u2019ESO anaren al teatre Atrium de Viladecans i assistiren a l\u2019espectacle <\/span><b><i>P\u00edndoles<\/i><\/b><i><span style=\"font-weight: 400;\">: microteatre fora del teatre.<\/span><\/i><\/p>\n<p><span style=\"font-weight: 400;\">SINOPSI<\/span><\/p>\n<p><span style=\"font-weight: 400;\">Al P\u00edndoles-teatre breu en espais vius l\u2019espectacle no es gaudeix des de la platea, sin\u00f3 que es viu en espais singulars. Trenquen la quarta paret i ens convidem a deixar-nos seduir per una experi\u00e8ncia \u00fanica i innovadora de teatre breu, intens i de prop, en indrets inesperats. Proposen un circuit teatral itinerant per tres espais gens convencionals del recinte amb una selecci\u00f3 d\u2019obres contempor\u00e0nies i d\u2019actualitat que emfatitzen els valors \u00e8tics i positius, oferint als joves la construcci\u00f3 de noves mirades que els\/les fan cr\u00e9ixer com a persones i com a societat.<\/span><\/p>\n<p><span style=\"font-weight: 400;\">L\u2019espectacle<\/span><i><span style=\"font-weight: 400;\"> P\u00edndoles<\/span><\/i><span style=\"font-weight: 400;\"> \u00e9s un circuit teatral compost per tres micro-obres seleccionades espec\u00edficament per a les escoles.<\/span><\/p>\n<p><span style=\"font-weight: 400;\">Despr\u00e9s de les tres representacions de teatre breu, es realitz\u00e0 una nova activitat amb els tres grups d&#8217;alumnes. Foren unes din\u00e0miques art\u00edstiques per tal de sortir dels formats de debat postfunci\u00f3 habituals i propiciar experi\u00e8ncies que fomentin l\u2019esperit cr\u00edtic de l\u2019alumnat.<\/span><\/p>\n<p><span style=\"font-weight: 400;\">M\u00e9s informaci\u00f3:\u00a0<\/span><\/p>\n<p><a href=\"https:\/\/youtu.be\/XzpnR2oXlu4\"><span style=\"font-weight: 400;\">https:\/\/youtu.be\/XzpnR2oXlu4<\/span><\/a><\/p>\n<p><a href=\"https:\/\/pindoles.com\/\"><span style=\"font-weight: 400;\">https:\/\/pindoles.com\/<\/span><\/a><\/p>\n<p><img loading=\"lazy\" decoding=\"async\" class=\"alignnone size-large wp-image-4163\" src=\"https:\/\/agora.xtec.cat\/ieslesmarines\/wp-content\/uploads\/usu619\/2024\/03\/2a-1024x768.jpg\" alt=\"\" width=\"1024\" height=\"768\" srcset=\"https:\/\/agora.xtec.cat\/ieslesmarines\/wp-content\/uploads\/usu619\/2024\/03\/2a-1024x768.jpg 1024w, https:\/\/agora.xtec.cat\/ieslesmarines\/wp-content\/uploads\/usu619\/2024\/03\/2a-300x225.jpg 300w, https:\/\/agora.xtec.cat\/ieslesmarines\/wp-content\/uploads\/usu619\/2024\/03\/2a-768x576.jpg 768w, https:\/\/agora.xtec.cat\/ieslesmarines\/wp-content\/uploads\/usu619\/2024\/03\/2a-1536x1152.jpg 1536w, https:\/\/agora.xtec.cat\/ieslesmarines\/wp-content\/uploads\/usu619\/2024\/03\/2a-2048x1536.jpg 2048w, https:\/\/agora.xtec.cat\/ieslesmarines\/wp-content\/uploads\/usu619\/2024\/03\/2a-200x150.jpg 200w\" sizes=\"auto, (max-width: 1024px) 100vw, 1024px\" \/><\/p>\n<p><span style=\"font-weight: 400;\">A continuaci\u00f3, podeu llegir l\u2019opini\u00f3 d\u2019alguns alumnes sobre l\u2019espectacle:<\/span><\/p>\n<p><span style=\"font-weight: 400;\">\u201cMe gust\u00f3 mucho. Me gust\u00f3 el formato de las historias breves y concisas, puesto que de esta forma, se me hicieron m\u00e1s intensas, m\u00e1s profundas. Hubo una en concreto que me gust\u00f3 mucho, la segunda que vimos, <\/span><i><span style=\"font-weight: 400;\">Cadira de bra\u00e7os<\/span><\/i><span style=\"font-weight: 400;\">, en esta, las emociones se sent\u00edan muy vivas, muy fuertes. Y cabe recalcar que los actores lo hac\u00edan muy bien y generaban el aura de las escenas a la perfecci\u00f3n, denotando todas las emociones y situaciones que se pretend\u00edan crear.\u201d J. C. S.\u00a0<\/span><\/p>\n<p><span style=\"font-weight: 400;\">\u201cFue una actividad divertida. El hecho de que fueran obras cortas hizo la salida entretenida.\u201d L. E. C.\u00a0<\/span><\/p>\n<p><span style=\"font-weight: 400;\">\u201cLes <\/span><i><span style=\"font-weight: 400;\">p\u00edndoles<\/span><\/i><span style=\"font-weight: 400;\"> van ser tres teatres curts, entretinguts, amb un significat molt diferent cadascun. A mi sobretot em va agradar m\u00e9s el teatre de <\/span><i><span style=\"font-weight: 400;\">Cadira de bra\u00e7os<\/span><\/i><span style=\"font-weight: 400;\"> perqu\u00e8 em va agradar molt el significat, molt bonic. Tamb\u00e9 el fet de nosaltres moure&#8217;ns pel lloc, que cada teatre sigui en un espai diferent, l&#8217;ambient que crea cada teatre.\u201d A. F. P.\u00a0<\/span><\/p>\n<p><span style=\"font-weight: 400;\">\u201cFue una experiencia entretenida y divertida, a m\u00ed me encant\u00f3 ir y disfrutar de las tres obras que hicieron, me encantar\u00eda volver a ir y ver nuevas obras. \u201c L. G. G.\u00a0<\/span><\/p>\n<p><span style=\"font-weight: 400;\">\u201cVa ser una experi\u00e8ncia molt divertida i molt interessant, les obres eren molt entretingudes i molt ben estructurades. Vaig riure molt i m&#8217;ho vaig passar molt b\u00e9 i m&#8217;agradaria tornar-la a repetir. L\u2019obra que m\u00e9s em va agradar va ser la de Berl\u00edn, em vaig riure molt i va ser molt entretinguda.\u201d A. J. G.\u00a0<\/span><\/p>\n<p><span style=\"font-weight: 400;\">\u201cMi opini\u00f3n sobre las obras de <\/span><i><span style=\"font-weight: 400;\">P\u00edndoles<\/span><\/i><span style=\"font-weight: 400;\"> que fuimos a ver es que todas me han parecido muy divertidas, pero la que m\u00e1s me ha gustado ha sido la \u00faltima obra sobre c\u00f3mo es una relaci\u00f3n a distancia, porque fue divertida y los que actuaron lo hicieron muy bien.\u201d C. S. C.\u00a0<\/span><\/p>\n<p><span style=\"font-weight: 400;\">\u201cMe ha gustado mucho, me ha emocionado tambi\u00e9n y siento que es una forma muy bonita de transmitir lo que le puede estar pasando a otra gente de forma que todos lo entendamos muy bien.\u201d L. T. L.<\/span><\/p>\n<p><span style=\"font-weight: 400;\">\u201cMe parecieron unas obras divertidas, con temas interesantes y graciosos.\u201d H. C. C.\u00a0<\/span><\/p>\n<p><span style=\"font-weight: 400;\">\u201cTodas las obras me parecieron muy graciosas y entretenidas y ha sido una de las mejores excursiones que hemos ido. \u201c A. M. J.\u00a0<\/span><\/p>\n<p><span style=\"font-weight: 400;\">\u201cPara m\u00ed ha sido divertido e interesante. Me gust\u00f3 la actividad que hicimos en grupo, porque era muy divertida y creativa.\u201d S. R. C.\u00a0<\/span><\/p>\n<p><span style=\"font-weight: 400;\">\u201cA m\u00ed me gust\u00f3 ir y pienso que fue una excursi\u00f3n entretenida. Hay que destacar que de las tres obras, la que m\u00e1s me gust\u00f3 fue la segunda, ya que era la m\u00e1s emocionante. Las actividades que hicimos al final me parecieron un poco aburridas.\u201d J. S. A.\u00a0\u00a0<\/span><\/p>\n<p><span style=\"font-weight: 400;\">\u201cMe ha gustado mucho, ya que hemos visto peque\u00f1os teatros realizados por j\u00f3venes. Todo muy extraordinario y creativo, con un sentido m\u00e1s all\u00e1 de lo superficial. Me gustar\u00eda ir otra vez.\u201d V. U.\u00a0<\/span><\/p>\n<p><span style=\"font-weight: 400;\">\u201cEs una de las excursiones que m\u00e1s me ha gustado, las tres obras me han parecido interesantes. Fue muy entretenido y tambi\u00e9n \u00edbamos participando.\u201d M. R. F.<\/span><\/p>\n","protected":false},"excerpt":{"rendered":"<p>\u00a0El dimarts 20 de febrer els alumnes de 2n d\u2019ESO anaren al teatre Atrium de Viladecans i assistiren a l\u2019espectacle P\u00edndoles: microteatre fora del teatre. SINOPSI Al P\u00edndoles-teatre breu en espais vius l\u2019espectacle no es gaudeix des de la platea, sin\u00f3 que es viu en espais singulars. Trenquen la quarta paret i ens convidem a [&hellip;]<\/p>\n","protected":false},"author":1,"featured_media":0,"parent":0,"menu_order":0,"comment_status":"closed","ping_status":"closed","template":"","meta":{"_bbp_topic_count":0,"_bbp_reply_count":0,"_bbp_total_topic_count":0,"_bbp_total_reply_count":0,"_bbp_voice_count":0,"_bbp_anonymous_reply_count":0,"_bbp_topic_count_hidden":0,"_bbp_reply_count_hidden":0,"_bbp_forum_subforum_count":0,"site-sidebar-layout":"default","site-content-layout":"","ast-site-content-layout":"","site-content-style":"default","site-sidebar-style":"default","ast-global-header-display":"","ast-banner-title-visibility":"","ast-main-header-display":"","ast-hfb-above-header-display":"","ast-hfb-below-header-display":"","ast-hfb-mobile-header-display":"","site-post-title":"","ast-breadcrumbs-content":"","ast-featured-img":"","footer-sml-layout":"","theme-transparent-header-meta":"","adv-header-id-meta":"","stick-header-meta":"","header-above-stick-meta":"","header-main-stick-meta":"","header-below-stick-meta":"","astra-migrate-meta-layouts":"default","ast-page-background-enabled":"default","ast-page-background-meta":{"desktop":{"background-color":"var(--ast-global-color-4)","background-image":"","background-repeat":"repeat","background-position":"center center","background-size":"auto","background-attachment":"scroll","background-type":"","background-media":"","overlay-type":"","overlay-color":"","overlay-opacity":"","overlay-gradient":""},"tablet":{"background-color":"","background-image":"","background-repeat":"repeat","background-position":"center center","background-size":"auto","background-attachment":"scroll","background-type":"","background-media":"","overlay-type":"","overlay-color":"","overlay-opacity":"","overlay-gradient":""},"mobile":{"background-color":"","background-image":"","background-repeat":"repeat","background-position":"center center","background-size":"auto","background-attachment":"scroll","background-type":"","background-media":"","overlay-type":"","overlay-color":"","overlay-opacity":"","overlay-gradient":""}},"ast-content-background-meta":{"desktop":{"background-color":"var(--ast-global-color-5)","background-image":"","background-repeat":"repeat","background-position":"center center","background-size":"auto","background-attachment":"scroll","background-type":"","background-media":"","overlay-type":"","overlay-color":"","overlay-opacity":"","overlay-gradient":""},"tablet":{"background-color":"var(--ast-global-color-5)","background-image":"","background-repeat":"repeat","background-position":"center center","background-size":"auto","background-attachment":"scroll","background-type":"","background-media":"","overlay-type":"","overlay-color":"","overlay-opacity":"","overlay-gradient":""},"mobile":{"background-color":"var(--ast-global-color-5)","background-image":"","background-repeat":"repeat","background-position":"center center","background-size":"auto","background-attachment":"scroll","background-type":"","background-media":"","overlay-type":"","overlay-color":"","overlay-opacity":"","overlay-gradient":""}},"footnotes":""},"class_list":["post-4153","page","type-page","status-publish","hentry"],"post_mailing_queue_ids":[],"_links":{"self":[{"href":"https:\/\/agora.xtec.cat\/ieslesmarines\/wp-json\/wp\/v2\/pages\/4153","targetHints":{"allow":["GET"]}}],"collection":[{"href":"https:\/\/agora.xtec.cat\/ieslesmarines\/wp-json\/wp\/v2\/pages"}],"about":[{"href":"https:\/\/agora.xtec.cat\/ieslesmarines\/wp-json\/wp\/v2\/types\/page"}],"author":[{"embeddable":true,"href":"https:\/\/agora.xtec.cat\/ieslesmarines\/wp-json\/wp\/v2\/users\/1"}],"replies":[{"embeddable":true,"href":"https:\/\/agora.xtec.cat\/ieslesmarines\/wp-json\/wp\/v2\/comments?post=4153"}],"version-history":[{"count":3,"href":"https:\/\/agora.xtec.cat\/ieslesmarines\/wp-json\/wp\/v2\/pages\/4153\/revisions"}],"predecessor-version":[{"id":4165,"href":"https:\/\/agora.xtec.cat\/ieslesmarines\/wp-json\/wp\/v2\/pages\/4153\/revisions\/4165"}],"wp:attachment":[{"href":"https:\/\/agora.xtec.cat\/ieslesmarines\/wp-json\/wp\/v2\/media?parent=4153"}],"curies":[{"name":"wp","href":"https:\/\/api.w.org\/{rel}","templated":true}]}}