{"id":4043,"date":"2024-02-13T13:29:09","date_gmt":"2024-02-13T12:29:09","guid":{"rendered":"https:\/\/agora.xtec.cat\/ieslesmarines\/?page_id=4043"},"modified":"2024-02-13T13:51:39","modified_gmt":"2024-02-13T12:51:39","slug":"jornada-de-carnaval","status":"publish","type":"page","link":"https:\/\/agora.xtec.cat\/ieslesmarines\/jornada-de-carnaval\/","title":{"rendered":"Jornada de Carnaval"},"content":{"rendered":"<p>El passat divendres 9 de febrer es va celebrar el carnestoltes a Les Marines. Tot i les inclem\u00e8ncies meteorol\u00f2giques, es va poder dur a terme una jornada molt divertida en qu\u00e8 tothom va poder gaudir.<\/p>\n<p>Com cada any, hi va haver una classe guanyadora de cada curs pel disseny de la porta i una classe guanyadora de comparsa (disfressa + ball).<\/p>\n<p>Els grups guanyadors van ser:<\/p>\n<p>Porta: 1r E, 2n C, 3r D, 4t A i 1r de batxillerat A<\/p>\n<p>Comparsa: 1r A, 2n D, 3r C, 4t B i 1r de batxillerat B<\/p>\n<p>Per veure m\u00e9s imatges, <a href=\"https:\/\/www.instagram.com\/p\/C3Sc4yOMXsh\/?igsh=d2c5b2hncWloZGhh\">aqu\u00ed<\/a>.<\/p>\n<p>L&#8217;any vinent, m\u00e9s i millor!<\/p>\n<p><img loading=\"lazy\" decoding=\"async\" class=\"alignnone size-large wp-image-4044\" src=\"https:\/\/agora.xtec.cat\/ieslesmarines\/wp-content\/uploads\/usu619\/2024\/02\/1r-A_2-1024x637.jpg\" alt=\"\" width=\"1024\" height=\"637\" srcset=\"https:\/\/agora.xtec.cat\/ieslesmarines\/wp-content\/uploads\/usu619\/2024\/02\/1r-A_2-1024x637.jpg 1024w, https:\/\/agora.xtec.cat\/ieslesmarines\/wp-content\/uploads\/usu619\/2024\/02\/1r-A_2-300x186.jpg 300w, https:\/\/agora.xtec.cat\/ieslesmarines\/wp-content\/uploads\/usu619\/2024\/02\/1r-A_2-768x477.jpg 768w, https:\/\/agora.xtec.cat\/ieslesmarines\/wp-content\/uploads\/usu619\/2024\/02\/1r-A_2-1536x955.jpg 1536w, https:\/\/agora.xtec.cat\/ieslesmarines\/wp-content\/uploads\/usu619\/2024\/02\/1r-A_2-2048x1273.jpg 2048w\" sizes=\"auto, (max-width: 1024px) 100vw, 1024px\" \/><\/p>\n","protected":false},"excerpt":{"rendered":"<p>El passat divendres 9 de febrer es va celebrar el carnestoltes a Les Marines. Tot i les inclem\u00e8ncies meteorol\u00f2giques, es va poder dur a terme una jornada molt divertida en qu\u00e8 tothom va poder gaudir. Com cada any, hi va haver una classe guanyadora de cada curs pel disseny de la porta i una classe [&hellip;]<\/p>\n","protected":false},"author":1,"featured_media":0,"parent":0,"menu_order":0,"comment_status":"closed","ping_status":"closed","template":"","meta":{"_bbp_topic_count":0,"_bbp_reply_count":0,"_bbp_total_topic_count":0,"_bbp_total_reply_count":0,"_bbp_voice_count":0,"_bbp_anonymous_reply_count":0,"_bbp_topic_count_hidden":0,"_bbp_reply_count_hidden":0,"_bbp_forum_subforum_count":0,"site-sidebar-layout":"default","site-content-layout":"","ast-site-content-layout":"","site-content-style":"default","site-sidebar-style":"default","ast-global-header-display":"","ast-banner-title-visibility":"","ast-main-header-display":"","ast-hfb-above-header-display":"","ast-hfb-below-header-display":"","ast-hfb-mobile-header-display":"","site-post-title":"","ast-breadcrumbs-content":"","ast-featured-img":"","footer-sml-layout":"","theme-transparent-header-meta":"","adv-header-id-meta":"","stick-header-meta":"","header-above-stick-meta":"","header-main-stick-meta":"","header-below-stick-meta":"","astra-migrate-meta-layouts":"default","ast-page-background-enabled":"default","ast-page-background-meta":{"desktop":{"background-color":"var(--ast-global-color-4)","background-image":"","background-repeat":"repeat","background-position":"center center","background-size":"auto","background-attachment":"scroll","background-type":"","background-media":"","overlay-type":"","overlay-color":"","overlay-opacity":"","overlay-gradient":""},"tablet":{"background-color":"","background-image":"","background-repeat":"repeat","background-position":"center center","background-size":"auto","background-attachment":"scroll","background-type":"","background-media":"","overlay-type":"","overlay-color":"","overlay-opacity":"","overlay-gradient":""},"mobile":{"background-color":"","background-image":"","background-repeat":"repeat","background-position":"center center","background-size":"auto","background-attachment":"scroll","background-type":"","background-media":"","overlay-type":"","overlay-color":"","overlay-opacity":"","overlay-gradient":""}},"ast-content-background-meta":{"desktop":{"background-color":"var(--ast-global-color-5)","background-image":"","background-repeat":"repeat","background-position":"center center","background-size":"auto","background-attachment":"scroll","background-type":"","background-media":"","overlay-type":"","overlay-color":"","overlay-opacity":"","overlay-gradient":""},"tablet":{"background-color":"var(--ast-global-color-5)","background-image":"","background-repeat":"repeat","background-position":"center center","background-size":"auto","background-attachment":"scroll","background-type":"","background-media":"","overlay-type":"","overlay-color":"","overlay-opacity":"","overlay-gradient":""},"mobile":{"background-color":"var(--ast-global-color-5)","background-image":"","background-repeat":"repeat","background-position":"center center","background-size":"auto","background-attachment":"scroll","background-type":"","background-media":"","overlay-type":"","overlay-color":"","overlay-opacity":"","overlay-gradient":""}},"footnotes":""},"class_list":["post-4043","page","type-page","status-publish","hentry"],"post_mailing_queue_ids":[],"_links":{"self":[{"href":"https:\/\/agora.xtec.cat\/ieslesmarines\/wp-json\/wp\/v2\/pages\/4043","targetHints":{"allow":["GET"]}}],"collection":[{"href":"https:\/\/agora.xtec.cat\/ieslesmarines\/wp-json\/wp\/v2\/pages"}],"about":[{"href":"https:\/\/agora.xtec.cat\/ieslesmarines\/wp-json\/wp\/v2\/types\/page"}],"author":[{"embeddable":true,"href":"https:\/\/agora.xtec.cat\/ieslesmarines\/wp-json\/wp\/v2\/users\/1"}],"replies":[{"embeddable":true,"href":"https:\/\/agora.xtec.cat\/ieslesmarines\/wp-json\/wp\/v2\/comments?post=4043"}],"version-history":[{"count":2,"href":"https:\/\/agora.xtec.cat\/ieslesmarines\/wp-json\/wp\/v2\/pages\/4043\/revisions"}],"predecessor-version":[{"id":4046,"href":"https:\/\/agora.xtec.cat\/ieslesmarines\/wp-json\/wp\/v2\/pages\/4043\/revisions\/4046"}],"wp:attachment":[{"href":"https:\/\/agora.xtec.cat\/ieslesmarines\/wp-json\/wp\/v2\/media?parent=4043"}],"curies":[{"name":"wp","href":"https:\/\/api.w.org\/{rel}","templated":true}]}}

<p>El passat divendres 9 de febrer es va celebrar el carnestoltes a Les Marines. Tot i les inclemències meteorològiques, es va poder dur a terme una jornada molt divertida en què tothom va poder gaudir.</p>
<p>Com cada any, hi va haver una classe guanyadora de cada curs pel disseny de la porta i una classe guanyadora de comparsa (disfressa + ball).</p>
<p>Els grups guanyadors van ser:</p>
<p>Porta: 1r E, 2n C, 3r D, 4t A i 1r de batxillerat A</p>
<p>Comparsa: 1r A, 2n D, 3r C, 4t B i 1r de batxillerat B</p>
<p>Per veure més imatges, <a href="https://www.instagram.com/p/C3Sc4yOMXsh/?igsh=d2c5b2hncWloZGhh">aquí</a>.</p>
<p>L&#8217;any vinent, més i millor!</p>
<p><img loading="lazy" decoding="async" class="alignnone size-large wp-image-4044" src="https://agora.xtec.cat/ieslesmarines/wp-content/uploads/usu619/2024/02/1r-A_2-1024x637.jpg" alt="" width="1024" height="637" srcset="https://agora.xtec.cat/ieslesmarines/wp-content/uploads/usu619/2024/02/1r-A_2-1024x637.jpg 1024w, https://agora.xtec.cat/ieslesmarines/wp-content/uploads/usu619/2024/02/1r-A_2-300x186.jpg 300w, https://agora.xtec.cat/ieslesmarines/wp-content/uploads/usu619/2024/02/1r-A_2-768x477.jpg 768w, https://agora.xtec.cat/ieslesmarines/wp-content/uploads/usu619/2024/02/1r-A_2-1536x955.jpg 1536w, https://agora.xtec.cat/ieslesmarines/wp-content/uploads/usu619/2024/02/1r-A_2-2048x1273.jpg 2048w" sizes="auto, (max-width: 1024px) 100vw, 1024px" /></p>

<p>El passat divendres 9 de febrer es va celebrar el carnestoltes a Les Marines. Tot i les inclemències meteorològiques, es va poder dur a terme una jornada molt divertida en què tothom va poder gaudir. Com cada any, hi va haver una classe guanyadora de cada curs pel disseny de la porta i una classe [&hellip;]</p>
