{"id":3995,"date":"2024-02-06T13:31:59","date_gmt":"2024-02-06T12:31:59","guid":{"rendered":"https:\/\/agora.xtec.cat\/ieslesmarines\/?page_id=3995"},"modified":"2024-02-06T13:45:21","modified_gmt":"2024-02-06T12:45:21","slug":"xerrada-salvem-lavinguda-pineda","status":"publish","type":"page","link":"https:\/\/agora.xtec.cat\/ieslesmarines\/xerrada-salvem-lavinguda-pineda\/","title":{"rendered":"Xerrada &#8216;Salvem l&#8217;Avinguda Pineda&#8217;"},"content":{"rendered":"<p>Aquest dilluns l&#8217;alumnat de tercer ha rebut la visita d&#8217;una representaci\u00f3 del grup motor de la plataforma ciutadana &#8216;L&#8217;avinguda de la Pineda no es toca!&#8217;. Aquesta xerrada est\u00e0 emmarcada en el projecte Avancem, compartit per les assignatures de catal\u00e0, castell\u00e0 i angl\u00e8s en el qual es treballa el text argumentatiu.<\/p>\n<p>Amb aquesta activitat hem volgut donar context real al projecte i mostar als alumnes com un grup de ciutadans s&#8217;han organitzar per reclamar el model de ciutat que imaginen, perqu\u00e8 &#8220;<b>el futur ser\u00e0 el que nosaltres vulguem que sigui<\/b>&#8220;.<\/p>\n<p><img loading=\"lazy\" decoding=\"async\" class=\"alignnone size-large wp-image-3996\" src=\"https:\/\/agora.xtec.cat\/ieslesmarines\/wp-content\/uploads\/usu619\/2024\/02\/Salvem-Avda-Pineda_1-5febrer24-1024x449.jpg\" alt=\"\" width=\"1024\" height=\"449\" srcset=\"https:\/\/agora.xtec.cat\/ieslesmarines\/wp-content\/uploads\/usu619\/2024\/02\/Salvem-Avda-Pineda_1-5febrer24-1024x449.jpg 1024w, https:\/\/agora.xtec.cat\/ieslesmarines\/wp-content\/uploads\/usu619\/2024\/02\/Salvem-Avda-Pineda_1-5febrer24-300x132.jpg 300w, https:\/\/agora.xtec.cat\/ieslesmarines\/wp-content\/uploads\/usu619\/2024\/02\/Salvem-Avda-Pineda_1-5febrer24-768x337.jpg 768w, https:\/\/agora.xtec.cat\/ieslesmarines\/wp-content\/uploads\/usu619\/2024\/02\/Salvem-Avda-Pineda_1-5febrer24-1536x674.jpg 1536w, https:\/\/agora.xtec.cat\/ieslesmarines\/wp-content\/uploads\/usu619\/2024\/02\/Salvem-Avda-Pineda_1-5febrer24.jpg 1600w\" sizes=\"auto, (max-width: 1024px) 100vw, 1024px\" \/><\/p>\n<p>&nbsp;<\/p>\n","protected":false},"excerpt":{"rendered":"<p>Aquest dilluns l&#8217;alumnat de tercer ha rebut la visita d&#8217;una representaci\u00f3 del grup motor de la plataforma ciutadana &#8216;L&#8217;avinguda de la Pineda no es toca!&#8217;. Aquesta xerrada est\u00e0 emmarcada en el projecte Avancem, compartit per les assignatures de catal\u00e0, castell\u00e0 i angl\u00e8s en el qual es treballa el text argumentatiu. Amb aquesta activitat hem volgut [&hellip;]<\/p>\n","protected":false},"author":1,"featured_media":0,"parent":0,"menu_order":0,"comment_status":"closed","ping_status":"closed","template":"","meta":{"_bbp_topic_count":0,"_bbp_reply_count":0,"_bbp_total_topic_count":0,"_bbp_total_reply_count":0,"_bbp_voice_count":0,"_bbp_anonymous_reply_count":0,"_bbp_topic_count_hidden":0,"_bbp_reply_count_hidden":0,"_bbp_forum_subforum_count":0,"site-sidebar-layout":"default","site-content-layout":"","ast-site-content-layout":"","site-content-style":"default","site-sidebar-style":"default","ast-global-header-display":"","ast-banner-title-visibility":"","ast-main-header-display":"","ast-hfb-above-header-display":"","ast-hfb-below-header-display":"","ast-hfb-mobile-header-display":"","site-post-title":"","ast-breadcrumbs-content":"","ast-featured-img":"","footer-sml-layout":"","theme-transparent-header-meta":"","adv-header-id-meta":"","stick-header-meta":"","header-above-stick-meta":"","header-main-stick-meta":"","header-below-stick-meta":"","astra-migrate-meta-layouts":"default","ast-page-background-enabled":"default","ast-page-background-meta":{"desktop":{"background-color":"var(--ast-global-color-4)","background-image":"","background-repeat":"repeat","background-position":"center center","background-size":"auto","background-attachment":"scroll","background-type":"","background-media":"","overlay-type":"","overlay-color":"","overlay-opacity":"","overlay-gradient":""},"tablet":{"background-color":"","background-image":"","background-repeat":"repeat","background-position":"center center","background-size":"auto","background-attachment":"scroll","background-type":"","background-media":"","overlay-type":"","overlay-color":"","overlay-opacity":"","overlay-gradient":""},"mobile":{"background-color":"","background-image":"","background-repeat":"repeat","background-position":"center center","background-size":"auto","background-attachment":"scroll","background-type":"","background-media":"","overlay-type":"","overlay-color":"","overlay-opacity":"","overlay-gradient":""}},"ast-content-background-meta":{"desktop":{"background-color":"var(--ast-global-color-5)","background-image":"","background-repeat":"repeat","background-position":"center center","background-size":"auto","background-attachment":"scroll","background-type":"","background-media":"","overlay-type":"","overlay-color":"","overlay-opacity":"","overlay-gradient":""},"tablet":{"background-color":"var(--ast-global-color-5)","background-image":"","background-repeat":"repeat","background-position":"center center","background-size":"auto","background-attachment":"scroll","background-type":"","background-media":"","overlay-type":"","overlay-color":"","overlay-opacity":"","overlay-gradient":""},"mobile":{"background-color":"var(--ast-global-color-5)","background-image":"","background-repeat":"repeat","background-position":"center center","background-size":"auto","background-attachment":"scroll","background-type":"","background-media":"","overlay-type":"","overlay-color":"","overlay-opacity":"","overlay-gradient":""}},"footnotes":""},"class_list":["post-3995","page","type-page","status-publish","hentry"],"post_mailing_queue_ids":[],"_links":{"self":[{"href":"https:\/\/agora.xtec.cat\/ieslesmarines\/wp-json\/wp\/v2\/pages\/3995","targetHints":{"allow":["GET"]}}],"collection":[{"href":"https:\/\/agora.xtec.cat\/ieslesmarines\/wp-json\/wp\/v2\/pages"}],"about":[{"href":"https:\/\/agora.xtec.cat\/ieslesmarines\/wp-json\/wp\/v2\/types\/page"}],"author":[{"embeddable":true,"href":"https:\/\/agora.xtec.cat\/ieslesmarines\/wp-json\/wp\/v2\/users\/1"}],"replies":[{"embeddable":true,"href":"https:\/\/agora.xtec.cat\/ieslesmarines\/wp-json\/wp\/v2\/comments?post=3995"}],"version-history":[{"count":2,"href":"https:\/\/agora.xtec.cat\/ieslesmarines\/wp-json\/wp\/v2\/pages\/3995\/revisions"}],"predecessor-version":[{"id":4001,"href":"https:\/\/agora.xtec.cat\/ieslesmarines\/wp-json\/wp\/v2\/pages\/3995\/revisions\/4001"}],"wp:attachment":[{"href":"https:\/\/agora.xtec.cat\/ieslesmarines\/wp-json\/wp\/v2\/media?parent=3995"}],"curies":[{"name":"wp","href":"https:\/\/api.w.org\/{rel}","templated":true}]}}

<p>Aquest dilluns l&#8217;alumnat de tercer ha rebut la visita d&#8217;una representació del grup motor de la plataforma ciutadana &#8216;L&#8217;avinguda de la Pineda no es toca!&#8217;. Aquesta xerrada està emmarcada en el projecte Avancem, compartit per les assignatures de català, castellà i anglès en el qual es treballa el text argumentatiu.</p>
<p>Amb aquesta activitat hem volgut donar context real al projecte i mostar als alumnes com un grup de ciutadans s&#8217;han organitzar per reclamar el model de ciutat que imaginen, perquè &#8220;<b>el futur serà el que nosaltres vulguem que sigui</b>&#8220;.</p>
<p><img loading="lazy" decoding="async" class="alignnone size-large wp-image-3996" src="https://agora.xtec.cat/ieslesmarines/wp-content/uploads/usu619/2024/02/Salvem-Avda-Pineda_1-5febrer24-1024x449.jpg" alt="" width="1024" height="449" srcset="https://agora.xtec.cat/ieslesmarines/wp-content/uploads/usu619/2024/02/Salvem-Avda-Pineda_1-5febrer24-1024x449.jpg 1024w, https://agora.xtec.cat/ieslesmarines/wp-content/uploads/usu619/2024/02/Salvem-Avda-Pineda_1-5febrer24-300x132.jpg 300w, https://agora.xtec.cat/ieslesmarines/wp-content/uploads/usu619/2024/02/Salvem-Avda-Pineda_1-5febrer24-768x337.jpg 768w, https://agora.xtec.cat/ieslesmarines/wp-content/uploads/usu619/2024/02/Salvem-Avda-Pineda_1-5febrer24-1536x674.jpg 1536w, https://agora.xtec.cat/ieslesmarines/wp-content/uploads/usu619/2024/02/Salvem-Avda-Pineda_1-5febrer24.jpg 1600w" sizes="auto, (max-width: 1024px) 100vw, 1024px" /></p>
<p>&nbsp;</p>

<p>Aquest dilluns l&#8217;alumnat de tercer ha rebut la visita d&#8217;una representació del grup motor de la plataforma ciutadana &#8216;L&#8217;avinguda de la Pineda no es toca!&#8217;. Aquesta xerrada està emmarcada en el projecte Avancem, compartit per les assignatures de català, castellà i anglès en el qual es treballa el text argumentatiu. Amb aquesta activitat hem volgut [&hellip;]</p>
