{"id":3984,"date":"2024-02-06T13:14:05","date_gmt":"2024-02-06T12:14:05","guid":{"rendered":"https:\/\/agora.xtec.cat\/ieslesmarines\/?page_id=3984"},"modified":"2024-02-06T13:14:05","modified_gmt":"2024-02-06T12:14:05","slug":"sortida-de-3r-deso-a-la-potabilitzadora-de-sant-joan-despi","status":"publish","type":"page","link":"https:\/\/agora.xtec.cat\/ieslesmarines\/sortida-de-3r-deso-a-la-potabilitzadora-de-sant-joan-despi\/","title":{"rendered":"Sortida de 3r d&#8217;ESO a la potabilitzadora de Sant Joan Desp\u00ed"},"content":{"rendered":"<p>Els dies 25, 26 i 30 de Gener l&#8217;alumnat de 3r va visitar pel mat\u00ed la potabilitzadora de Sant Joan Desp\u00ed. Tot per veure les aplicacions de les separacions de mescles que havien treballat a FiQ el trimestre anterior.<\/p>\n<div><\/div>\n<p>La planta de tractament de Sant Joan Desp\u00ed\u00a0<strong>\u00e9s una de les m\u00e9s avan\u00e7ades d&#8217;Europa<\/strong>\u00a0en termes tecnol\u00f2gics. A m\u00e9s dels processos de pretractament, clarificaci\u00f3 i desinfecci\u00f3 final, aplica el proc\u00e9s d&#8217;afinament, un tractament de l&#8217;aigua amb oz\u00f3 i carb\u00f3 actiu que\u00a0<strong>n&#8217;assegura la millor qualitat<\/strong>. Aquesta potabilitzadora funciona des del 1955 i converteix en potables les\u00a0<strong>aig\u00fces superficials captades del riu Llobregat i les subterr\u00e0nies<\/strong>\u00a0procedents de l&#8217;aq\u00fc\u00edfer de la vall Baixa del mateix riu.<\/p>\n<p><img loading=\"lazy\" decoding=\"async\" class=\"aligncenter wp-image-3986\" src=\"https:\/\/agora.xtec.cat\/ieslesmarines\/wp-content\/uploads\/usu619\/2024\/02\/IMG20240125100310-1-768x1024.jpg\" alt=\"\" width=\"600\" height=\"800\" srcset=\"https:\/\/agora.xtec.cat\/ieslesmarines\/wp-content\/uploads\/usu619\/2024\/02\/IMG20240125100310-1-768x1024.jpg 768w, https:\/\/agora.xtec.cat\/ieslesmarines\/wp-content\/uploads\/usu619\/2024\/02\/IMG20240125100310-1-225x300.jpg 225w, https:\/\/agora.xtec.cat\/ieslesmarines\/wp-content\/uploads\/usu619\/2024\/02\/IMG20240125100310-1-1152x1536.jpg 1152w, https:\/\/agora.xtec.cat\/ieslesmarines\/wp-content\/uploads\/usu619\/2024\/02\/IMG20240125100310-1-1536x2048.jpg 1536w, https:\/\/agora.xtec.cat\/ieslesmarines\/wp-content\/uploads\/usu619\/2024\/02\/IMG20240125100310-1-scaled.jpg 1920w\" sizes=\"auto, (max-width: 600px) 100vw, 600px\" \/><\/p>\n","protected":false},"excerpt":{"rendered":"<p>Els dies 25, 26 i 30 de Gener l&#8217;alumnat de 3r va visitar pel mat\u00ed la potabilitzadora de Sant Joan Desp\u00ed. Tot per veure les aplicacions de les separacions de mescles que havien treballat a FiQ el trimestre anterior. La planta de tractament de Sant Joan Desp\u00ed\u00a0\u00e9s una de les m\u00e9s avan\u00e7ades d&#8217;Europa\u00a0en termes tecnol\u00f2gics. [&hellip;]<\/p>\n","protected":false},"author":1,"featured_media":0,"parent":0,"menu_order":0,"comment_status":"closed","ping_status":"closed","template":"","meta":{"_bbp_topic_count":0,"_bbp_reply_count":0,"_bbp_total_topic_count":0,"_bbp_total_reply_count":0,"_bbp_voice_count":0,"_bbp_anonymous_reply_count":0,"_bbp_topic_count_hidden":0,"_bbp_reply_count_hidden":0,"_bbp_forum_subforum_count":0,"site-sidebar-layout":"default","site-content-layout":"","ast-site-content-layout":"","site-content-style":"default","site-sidebar-style":"default","ast-global-header-display":"","ast-banner-title-visibility":"","ast-main-header-display":"","ast-hfb-above-header-display":"","ast-hfb-below-header-display":"","ast-hfb-mobile-header-display":"","site-post-title":"","ast-breadcrumbs-content":"","ast-featured-img":"","footer-sml-layout":"","theme-transparent-header-meta":"","adv-header-id-meta":"","stick-header-meta":"","header-above-stick-meta":"","header-main-stick-meta":"","header-below-stick-meta":"","astra-migrate-meta-layouts":"default","ast-page-background-enabled":"default","ast-page-background-meta":{"desktop":{"background-color":"var(--ast-global-color-4)","background-image":"","background-repeat":"repeat","background-position":"center center","background-size":"auto","background-attachment":"scroll","background-type":"","background-media":"","overlay-type":"","overlay-color":"","overlay-opacity":"","overlay-gradient":""},"tablet":{"background-color":"","background-image":"","background-repeat":"repeat","background-position":"center center","background-size":"auto","background-attachment":"scroll","background-type":"","background-media":"","overlay-type":"","overlay-color":"","overlay-opacity":"","overlay-gradient":""},"mobile":{"background-color":"","background-image":"","background-repeat":"repeat","background-position":"center center","background-size":"auto","background-attachment":"scroll","background-type":"","background-media":"","overlay-type":"","overlay-color":"","overlay-opacity":"","overlay-gradient":""}},"ast-content-background-meta":{"desktop":{"background-color":"var(--ast-global-color-5)","background-image":"","background-repeat":"repeat","background-position":"center center","background-size":"auto","background-attachment":"scroll","background-type":"","background-media":"","overlay-type":"","overlay-color":"","overlay-opacity":"","overlay-gradient":""},"tablet":{"background-color":"var(--ast-global-color-5)","background-image":"","background-repeat":"repeat","background-position":"center center","background-size":"auto","background-attachment":"scroll","background-type":"","background-media":"","overlay-type":"","overlay-color":"","overlay-opacity":"","overlay-gradient":""},"mobile":{"background-color":"var(--ast-global-color-5)","background-image":"","background-repeat":"repeat","background-position":"center center","background-size":"auto","background-attachment":"scroll","background-type":"","background-media":"","overlay-type":"","overlay-color":"","overlay-opacity":"","overlay-gradient":""}},"footnotes":""},"class_list":["post-3984","page","type-page","status-publish","hentry"],"post_mailing_queue_ids":[],"_links":{"self":[{"href":"https:\/\/agora.xtec.cat\/ieslesmarines\/wp-json\/wp\/v2\/pages\/3984","targetHints":{"allow":["GET"]}}],"collection":[{"href":"https:\/\/agora.xtec.cat\/ieslesmarines\/wp-json\/wp\/v2\/pages"}],"about":[{"href":"https:\/\/agora.xtec.cat\/ieslesmarines\/wp-json\/wp\/v2\/types\/page"}],"author":[{"embeddable":true,"href":"https:\/\/agora.xtec.cat\/ieslesmarines\/wp-json\/wp\/v2\/users\/1"}],"replies":[{"embeddable":true,"href":"https:\/\/agora.xtec.cat\/ieslesmarines\/wp-json\/wp\/v2\/comments?post=3984"}],"version-history":[{"count":1,"href":"https:\/\/agora.xtec.cat\/ieslesmarines\/wp-json\/wp\/v2\/pages\/3984\/revisions"}],"predecessor-version":[{"id":3987,"href":"https:\/\/agora.xtec.cat\/ieslesmarines\/wp-json\/wp\/v2\/pages\/3984\/revisions\/3987"}],"wp:attachment":[{"href":"https:\/\/agora.xtec.cat\/ieslesmarines\/wp-json\/wp\/v2\/media?parent=3984"}],"curies":[{"name":"wp","href":"https:\/\/api.w.org\/{rel}","templated":true}]}}

Sortida de 3r d&#8217;ESO a la potabilitzadora de Sant Joan Despí

<p>Els dies 25, 26 i 30 de Gener l&#8217;alumnat de 3r va visitar pel matí la potabilitzadora de Sant Joan Despí. Tot per veure les aplicacions de les separacions de mescles que havien treballat a FiQ el trimestre anterior.</p>
<div></div>
<p>La planta de tractament de Sant Joan Despí <strong>és una de les més avançades d&#8217;Europa</strong> en termes tecnològics. A més dels processos de pretractament, clarificació i desinfecció final, aplica el procés d&#8217;afinament, un tractament de l&#8217;aigua amb ozó i carbó actiu que <strong>n&#8217;assegura la millor qualitat</strong>. Aquesta potabilitzadora funciona des del 1955 i converteix en potables les <strong>aigües superficials captades del riu Llobregat i les subterrànies</strong> procedents de l&#8217;aqüífer de la vall Baixa del mateix riu.</p>
<p><img loading="lazy" decoding="async" class="aligncenter wp-image-3986" src="https://agora.xtec.cat/ieslesmarines/wp-content/uploads/usu619/2024/02/IMG20240125100310-1-768x1024.jpg" alt="" width="600" height="800" srcset="https://agora.xtec.cat/ieslesmarines/wp-content/uploads/usu619/2024/02/IMG20240125100310-1-768x1024.jpg 768w, https://agora.xtec.cat/ieslesmarines/wp-content/uploads/usu619/2024/02/IMG20240125100310-1-225x300.jpg 225w, https://agora.xtec.cat/ieslesmarines/wp-content/uploads/usu619/2024/02/IMG20240125100310-1-1152x1536.jpg 1152w, https://agora.xtec.cat/ieslesmarines/wp-content/uploads/usu619/2024/02/IMG20240125100310-1-1536x2048.jpg 1536w, https://agora.xtec.cat/ieslesmarines/wp-content/uploads/usu619/2024/02/IMG20240125100310-1-scaled.jpg 1920w" sizes="auto, (max-width: 600px) 100vw, 600px" /></p>

<p>Els dies 25, 26 i 30 de Gener l&#8217;alumnat de 3r va visitar pel matí la potabilitzadora de Sant Joan Despí. Tot per veure les aplicacions de les separacions de mescles que havien treballat a FiQ el trimestre anterior. La planta de tractament de Sant Joan Despí és una de les més avançades d&#8217;Europa en termes tecnològics. [&hellip;]</p>
