{"id":392,"date":"2017-01-19T13:40:32","date_gmt":"2017-01-19T12:40:32","guid":{"rendered":"http:\/\/agora.xtec.cat\/ieslesmarines\/?page_id=392"},"modified":"2018-07-09T11:48:55","modified_gmt":"2018-07-09T09:48:55","slug":"tutoria-master-professorat-de-secundaria","status":"publish","type":"page","link":"https:\/\/agora.xtec.cat\/ieslesmarines\/tutoria-master-professorat-de-secundaria\/","title":{"rendered":"Tutoria M\u00e0ster Professorat de Secund\u00e0ria"},"content":{"rendered":"<p><strong>Definici\u00f3 i objectius<\/strong><\/p>\n<p>El Departament d&#8217;Ensenyament considera fonamental que els futurs mestres i professors facin les pr\u00e0ctiques en centres educatius sostinguts amb fons p\u00fablics, per tal que puguin assolir les compet\u00e8ncies necess\u00e0ries per exercir una doc\u00e8ncia de qualitat.<\/p>\n<p>L&#8217;organitzaci\u00f3 de les pr\u00e0ctiques en centres formadors ha de permetre la simultane\u00eftat entre la teoria i la pr\u00e0ctica, i ha de facilitar l&#8217;acompanyament professional des de la universitat i des del centre educatiu.<\/p>\n<p>Aquestes pr\u00e0ctiques es realitzen en el marc de convenis de col\u00b7laboraci\u00f3 entre el Departament d&#8217;Ensenyament i les universitats per una durada de quatre anys amb possibilitat de renovaci\u00f3.<\/p>\n<p>Per aquest motiu, el Departament selecciona i acredita centres educatius com a centres formadors d&#8217;estudiants en pr\u00e0ctiques.<\/p>\n<p>L\u2019Institut Les Marines ha actuat com a com a centre formador en diferents etapes al llarg dels seus 30 anys d\u2019hist\u00f2ria.<\/p>\n<p>En l\u2019actualitat, el nostre Institut \u00e9s centre formador autoritzat pel departament d\u2019Ensenyament i acull futurs professors de diferents especialitats.<\/p>\n<p><strong>Funcionament de les pr\u00e0ctiques al nostre centre<\/strong><\/p>\n<ol>\n<li>Acollida de l\u2019estudiant al centre educatiu:<\/li>\n<\/ol>\n<ul>\n<li>Reuni\u00f3 de presentaci\u00f3 del centre amb l\u2019alumnat que realitza el pr\u00e0cticum: dirigeix la reuni\u00f3 la coordinadora pedag\u00f2gica del centre i coordinadora del pr\u00e0cticum.<\/li>\n<li>Presentaci\u00f3 del professor\/a del centre que exercir\u00e0 de tutor de les pr\u00e0ctiques de l\u2019alumne.<\/li>\n<li>Visita i presentaci\u00f3 dels espais del centre.<\/li>\n<\/ul>\n<ol start=\"2\">\n<li>Acc\u00e9s als documents organitzatius i pedag\u00f2gics:<\/li>\n<\/ol>\n<ul>\n<li>Presentaci\u00f3 del projecte educatiu i de l\u2019organitzaci\u00f3 i funcionament del centre:<\/li>\n<li>Documents que defineixen i organitzen el centre: PEC i NOFC.<\/li>\n<li>Trasp\u00e0s de la documentaci\u00f3 pr\u00f2pia del centre:\n<ul>\n<li>MA del curs anterior i PGA del curs vigent.<\/li>\n<li>Protocols d\u2019actuaci\u00f3 i ordenaci\u00f3 de la tasca dels departaments did\u00e0ctics i dels caps de departament.<\/li>\n<li>Document que regula el funcionament dels Equips docents.<\/li>\n<li>Document que regula el funcionament de la Comissi\u00f3 de Conviv\u00e8ncia.<\/li>\n<li>Presentaci\u00f3 de les normes de funcionament del professorat.<\/li>\n<\/ul>\n<\/li>\n<li>Presentaci\u00f3 per part del tutor de pr\u00e0ctiques de les programacions did\u00e0ctiques del departament.<\/li>\n<li>Presentaci\u00f3 de la proposta did\u00e0ctica i les tasques a portar a terme per l\u2019alumne a les aules.<\/li>\n<li>Consens d\u2019un horari d\u2019assist\u00e8ncia de l\u2019alumne al centre. L\u2019horari s\u2019elabora tenint en compte les directrius marcades per la universitat per al pr\u00e0cticum I.<\/li>\n<\/ul>\n<ol start=\"3\">\n<li>Trobades entre el tutor i l\u2019estudiant:<\/li>\n<\/ol>\n<p>Es porta a terme una reuni\u00f3 setmanal entre\u00a0 el tutor i l\u2019alumne per resoldre dubtes i posar en com\u00fa l\u2019experi\u00e8ncia.<\/p>\n<p>Es porta a terme una reuni\u00f3 quinzenal entre el coordinador de pr\u00e0ctiques, el tutor i l\u2019alumne per resoldre dubtes i posar en com\u00fa l\u2019experi\u00e8ncia.<\/p>\n<ol start=\"4\">\n<li>Participaci\u00f3 de l\u2019estudiant en el centre:<\/li>\n<\/ol>\n<p>Assist\u00e8ncia a reuni\u00f3 de departament, coordinaci\u00f3 de tutories, comissi\u00f3 de conviv\u00e8ncia, comissi\u00f3 d&#8217;atenci\u00f3 a la diversitat, grup impulsor, reunions d&#8217;equip docent i juntes d&#8217;avaluaci\u00f3.<\/p>\n<p><strong>Departaments did\u00e0ctics implicats en el projecte<\/strong><\/p>\n<p>La participaci\u00f3 dels departaments did\u00e0ctics varia de curs a curs depenent de dos factors, la disponibilitat del professorat i les necessitats de places de les Universitats.<\/p>\n","protected":false},"excerpt":{"rendered":"<p>Definici\u00f3 i objectius El Departament d&#8217;Ensenyament considera fonamental que els futurs mestres i professors facin les pr\u00e0ctiques en centres educatius sostinguts amb fons p\u00fablics, per tal que puguin assolir les compet\u00e8ncies necess\u00e0ries per exercir una doc\u00e8ncia de qualitat. L&#8217;organitzaci\u00f3 de les pr\u00e0ctiques en centres formadors ha de permetre la simultane\u00eftat entre la teoria i la [&hellip;]<\/p>\n","protected":false},"author":1,"featured_media":0,"parent":0,"menu_order":0,"comment_status":"closed","ping_status":"closed","template":"","meta":{"_bbp_topic_count":0,"_bbp_reply_count":0,"_bbp_total_topic_count":0,"_bbp_total_reply_count":0,"_bbp_voice_count":0,"_bbp_anonymous_reply_count":0,"_bbp_topic_count_hidden":0,"_bbp_reply_count_hidden":0,"_bbp_forum_subforum_count":0,"site-sidebar-layout":"default","site-content-layout":"","ast-site-content-layout":"","site-content-style":"default","site-sidebar-style":"default","ast-global-header-display":"","ast-banner-title-visibility":"","ast-main-header-display":"","ast-hfb-above-header-display":"","ast-hfb-below-header-display":"","ast-hfb-mobile-header-display":"","site-post-title":"","ast-breadcrumbs-content":"","ast-featured-img":"","footer-sml-layout":"","theme-transparent-header-meta":"","adv-header-id-meta":"","stick-header-meta":"","header-above-stick-meta":"","header-main-stick-meta":"","header-below-stick-meta":"","astra-migrate-meta-layouts":"default","ast-page-background-enabled":"default","ast-page-background-meta":{"desktop":{"background-color":"var(--ast-global-color-4)","background-image":"","background-repeat":"repeat","background-position":"center center","background-size":"auto","background-attachment":"scroll","background-type":"","background-media":"","overlay-type":"","overlay-color":"","overlay-opacity":"","overlay-gradient":""},"tablet":{"background-color":"","background-image":"","background-repeat":"repeat","background-position":"center center","background-size":"auto","background-attachment":"scroll","background-type":"","background-media":"","overlay-type":"","overlay-color":"","overlay-opacity":"","overlay-gradient":""},"mobile":{"background-color":"","background-image":"","background-repeat":"repeat","background-position":"center center","background-size":"auto","background-attachment":"scroll","background-type":"","background-media":"","overlay-type":"","overlay-color":"","overlay-opacity":"","overlay-gradient":""}},"ast-content-background-meta":{"desktop":{"background-color":"var(--ast-global-color-5)","background-image":"","background-repeat":"repeat","background-position":"center center","background-size":"auto","background-attachment":"scroll","background-type":"","background-media":"","overlay-type":"","overlay-color":"","overlay-opacity":"","overlay-gradient":""},"tablet":{"background-color":"var(--ast-global-color-5)","background-image":"","background-repeat":"repeat","background-position":"center center","background-size":"auto","background-attachment":"scroll","background-type":"","background-media":"","overlay-type":"","overlay-color":"","overlay-opacity":"","overlay-gradient":""},"mobile":{"background-color":"var(--ast-global-color-5)","background-image":"","background-repeat":"repeat","background-position":"center center","background-size":"auto","background-attachment":"scroll","background-type":"","background-media":"","overlay-type":"","overlay-color":"","overlay-opacity":"","overlay-gradient":""}},"footnotes":""},"class_list":["post-392","page","type-page","status-publish","hentry"],"post_mailing_queue_ids":[],"_links":{"self":[{"href":"https:\/\/agora.xtec.cat\/ieslesmarines\/wp-json\/wp\/v2\/pages\/392","targetHints":{"allow":["GET"]}}],"collection":[{"href":"https:\/\/agora.xtec.cat\/ieslesmarines\/wp-json\/wp\/v2\/pages"}],"about":[{"href":"https:\/\/agora.xtec.cat\/ieslesmarines\/wp-json\/wp\/v2\/types\/page"}],"author":[{"embeddable":true,"href":"https:\/\/agora.xtec.cat\/ieslesmarines\/wp-json\/wp\/v2\/users\/1"}],"replies":[{"embeddable":true,"href":"https:\/\/agora.xtec.cat\/ieslesmarines\/wp-json\/wp\/v2\/comments?post=392"}],"version-history":[{"count":3,"href":"https:\/\/agora.xtec.cat\/ieslesmarines\/wp-json\/wp\/v2\/pages\/392\/revisions"}],"predecessor-version":[{"id":881,"href":"https:\/\/agora.xtec.cat\/ieslesmarines\/wp-json\/wp\/v2\/pages\/392\/revisions\/881"}],"wp:attachment":[{"href":"https:\/\/agora.xtec.cat\/ieslesmarines\/wp-json\/wp\/v2\/media?parent=392"}],"curies":[{"name":"wp","href":"https:\/\/api.w.org\/{rel}","templated":true}]}}

Tutoria Màster Professorat de Secundària

<p><strong>Definició i objectius</strong></p>
<p>El Departament d&#8217;Ensenyament considera fonamental que els futurs mestres i professors facin les pràctiques en centres educatius sostinguts amb fons públics, per tal que puguin assolir les competències necessàries per exercir una docència de qualitat.</p>
<p>L&#8217;organització de les pràctiques en centres formadors ha de permetre la simultaneïtat entre la teoria i la pràctica, i ha de facilitar l&#8217;acompanyament professional des de la universitat i des del centre educatiu.</p>
<p>Aquestes pràctiques es realitzen en el marc de convenis de col·laboració entre el Departament d&#8217;Ensenyament i les universitats per una durada de quatre anys amb possibilitat de renovació.</p>
<p>Per aquest motiu, el Departament selecciona i acredita centres educatius com a centres formadors d&#8217;estudiants en pràctiques.</p>
<p>L’Institut Les Marines ha actuat com a com a centre formador en diferents etapes al llarg dels seus 30 anys d’història.</p>
<p>En l’actualitat, el nostre Institut és centre formador autoritzat pel departament d’Ensenyament i acull futurs professors de diferents especialitats.</p>
<p><strong>Funcionament de les pràctiques al nostre centre</strong></p>
<ol>
<li>Acollida de l’estudiant al centre educatiu:</li>
</ol>
<ul>
<li>Reunió de presentació del centre amb l’alumnat que realitza el pràcticum: dirigeix la reunió la coordinadora pedagògica del centre i coordinadora del pràcticum.</li>
<li>Presentació del professor/a del centre que exercirà de tutor de les pràctiques de l’alumne.</li>
<li>Visita i presentació dels espais del centre.</li>
</ul>
<ol start="2">
<li>Accés als documents organitzatius i pedagògics:</li>
</ol>
<ul>
<li>Presentació del projecte educatiu i de l’organització i funcionament del centre:</li>
<li>Documents que defineixen i organitzen el centre: PEC i NOFC.</li>
<li>Traspàs de la documentació pròpia del centre:
<ul>
<li>MA del curs anterior i PGA del curs vigent.</li>
<li>Protocols d’actuació i ordenació de la tasca dels departaments didàctics i dels caps de departament.</li>
<li>Document que regula el funcionament dels Equips docents.</li>
<li>Document que regula el funcionament de la Comissió de Convivència.</li>
<li>Presentació de les normes de funcionament del professorat.</li>
</ul>
</li>
<li>Presentació per part del tutor de pràctiques de les programacions didàctiques del departament.</li>
<li>Presentació de la proposta didàctica i les tasques a portar a terme per l’alumne a les aules.</li>
<li>Consens d’un horari d’assistència de l’alumne al centre. L’horari s’elabora tenint en compte les directrius marcades per la universitat per al pràcticum I.</li>
</ul>
<ol start="3">
<li>Trobades entre el tutor i l’estudiant:</li>
</ol>
<p>Es porta a terme una reunió setmanal entre  el tutor i l’alumne per resoldre dubtes i posar en comú l’experiència.</p>
<p>Es porta a terme una reunió quinzenal entre el coordinador de pràctiques, el tutor i l’alumne per resoldre dubtes i posar en comú l’experiència.</p>
<ol start="4">
<li>Participació de l’estudiant en el centre:</li>
</ol>
<p>Assistència a reunió de departament, coordinació de tutories, comissió de convivència, comissió d&#8217;atenció a la diversitat, grup impulsor, reunions d&#8217;equip docent i juntes d&#8217;avaluació.</p>
<p><strong>Departaments didàctics implicats en el projecte</strong></p>
<p>La participació dels departaments didàctics varia de curs a curs depenent de dos factors, la disponibilitat del professorat i les necessitats de places de les Universitats.</p>

<p>Definició i objectius El Departament d&#8217;Ensenyament considera fonamental que els futurs mestres i professors facin les pràctiques en centres educatius sostinguts amb fons públics, per tal que puguin assolir les competències necessàries per exercir una docència de qualitat. L&#8217;organització de les pràctiques en centres formadors ha de permetre la simultaneïtat entre la teoria i la [&hellip;]</p>
