{"id":3901,"date":"2024-01-20T14:55:46","date_gmt":"2024-01-20T13:55:46","guid":{"rendered":"https:\/\/agora.xtec.cat\/ieslesmarines\/?page_id=3901"},"modified":"2024-01-20T14:55:46","modified_gmt":"2024-01-20T13:55:46","slug":"estada-dobservacio-al-lycee-de-la-mer","status":"publish","type":"page","link":"https:\/\/agora.xtec.cat\/ieslesmarines\/estada-dobservacio-al-lycee-de-la-mer\/","title":{"rendered":"Estada d&#8217;observaci\u00f3 al Lyc\u00e9e de La Mer"},"content":{"rendered":"<p>\ud83c\uddeb\ud83c\uddf7 Ahir, divendres 19 de gener, vam finalitzar la nostra estada d\u2019observaci\u00f3 al Lyc\u00e9e de La Mer, al sud oest de Fran\u00e7a.<\/p>\n<p>Han estat una dies molt productius on hem pogut compartir experi\u00e8ncies meravelloses i molt enriquidores i, sobretot, hem pogut aprendre noves metodologies, recursos i sistemes d\u2019organitzaci\u00f3.<\/p>\n<p>\ud83c\uddea\ud83c\uddfa Aquesta experi\u00e8ncia ha estat possible gr\u00e0cies al programa Erasmus + i al Lyc\u00e9e de la Mer, que ens ha acollit c\u00e0lidament i ens ha obert les portes de les seves aules.<\/p>\n<p>Ens emportem la idea que l\u2019\u00e8xit de l\u2019alumnat es demostra quan esdev\u00e9 un ciutad\u00e0 i actor en el seu entorn.<\/p>\n<p><img loading=\"lazy\" decoding=\"async\" class=\"wp-image-3899 aligncenter\" src=\"https:\/\/agora.xtec.cat\/ieslesmarines\/wp-content\/uploads\/usu619\/2024\/01\/photo_5863797559808605892_y-1024x768.jpg\" alt=\"\" width=\"600\" height=\"450\" srcset=\"https:\/\/agora.xtec.cat\/ieslesmarines\/wp-content\/uploads\/usu619\/2024\/01\/photo_5863797559808605892_y-1024x768.jpg 1024w, https:\/\/agora.xtec.cat\/ieslesmarines\/wp-content\/uploads\/usu619\/2024\/01\/photo_5863797559808605892_y-300x225.jpg 300w, https:\/\/agora.xtec.cat\/ieslesmarines\/wp-content\/uploads\/usu619\/2024\/01\/photo_5863797559808605892_y-768x576.jpg 768w, https:\/\/agora.xtec.cat\/ieslesmarines\/wp-content\/uploads\/usu619\/2024\/01\/photo_5863797559808605892_y-200x150.jpg 200w, https:\/\/agora.xtec.cat\/ieslesmarines\/wp-content\/uploads\/usu619\/2024\/01\/photo_5863797559808605892_y.jpg 1280w\" sizes=\"auto, (max-width: 600px) 100vw, 600px\" \/><\/p>\n<p>&nbsp;<\/p>\n","protected":false},"excerpt":{"rendered":"<p>\ud83c\uddeb\ud83c\uddf7 Ahir, divendres 19 de gener, vam finalitzar la nostra estada d\u2019observaci\u00f3 al Lyc\u00e9e de La Mer, al sud oest de Fran\u00e7a. Han estat una dies molt productius on hem pogut compartir experi\u00e8ncies meravelloses i molt enriquidores i, sobretot, hem pogut aprendre noves metodologies, recursos i sistemes d\u2019organitzaci\u00f3. \ud83c\uddea\ud83c\uddfa Aquesta experi\u00e8ncia ha estat possible gr\u00e0cies [&hellip;]<\/p>\n","protected":false},"author":1,"featured_media":0,"parent":0,"menu_order":0,"comment_status":"closed","ping_status":"closed","template":"","meta":{"_bbp_topic_count":0,"_bbp_reply_count":0,"_bbp_total_topic_count":0,"_bbp_total_reply_count":0,"_bbp_voice_count":0,"_bbp_anonymous_reply_count":0,"_bbp_topic_count_hidden":0,"_bbp_reply_count_hidden":0,"_bbp_forum_subforum_count":0,"site-sidebar-layout":"default","site-content-layout":"","ast-site-content-layout":"","site-content-style":"default","site-sidebar-style":"default","ast-global-header-display":"","ast-banner-title-visibility":"","ast-main-header-display":"","ast-hfb-above-header-display":"","ast-hfb-below-header-display":"","ast-hfb-mobile-header-display":"","site-post-title":"","ast-breadcrumbs-content":"","ast-featured-img":"","footer-sml-layout":"","theme-transparent-header-meta":"","adv-header-id-meta":"","stick-header-meta":"","header-above-stick-meta":"","header-main-stick-meta":"","header-below-stick-meta":"","astra-migrate-meta-layouts":"default","ast-page-background-enabled":"default","ast-page-background-meta":{"desktop":{"background-color":"var(--ast-global-color-4)","background-image":"","background-repeat":"repeat","background-position":"center center","background-size":"auto","background-attachment":"scroll","background-type":"","background-media":"","overlay-type":"","overlay-color":"","overlay-opacity":"","overlay-gradient":""},"tablet":{"background-color":"","background-image":"","background-repeat":"repeat","background-position":"center center","background-size":"auto","background-attachment":"scroll","background-type":"","background-media":"","overlay-type":"","overlay-color":"","overlay-opacity":"","overlay-gradient":""},"mobile":{"background-color":"","background-image":"","background-repeat":"repeat","background-position":"center center","background-size":"auto","background-attachment":"scroll","background-type":"","background-media":"","overlay-type":"","overlay-color":"","overlay-opacity":"","overlay-gradient":""}},"ast-content-background-meta":{"desktop":{"background-color":"var(--ast-global-color-5)","background-image":"","background-repeat":"repeat","background-position":"center center","background-size":"auto","background-attachment":"scroll","background-type":"","background-media":"","overlay-type":"","overlay-color":"","overlay-opacity":"","overlay-gradient":""},"tablet":{"background-color":"var(--ast-global-color-5)","background-image":"","background-repeat":"repeat","background-position":"center center","background-size":"auto","background-attachment":"scroll","background-type":"","background-media":"","overlay-type":"","overlay-color":"","overlay-opacity":"","overlay-gradient":""},"mobile":{"background-color":"var(--ast-global-color-5)","background-image":"","background-repeat":"repeat","background-position":"center center","background-size":"auto","background-attachment":"scroll","background-type":"","background-media":"","overlay-type":"","overlay-color":"","overlay-opacity":"","overlay-gradient":""}},"footnotes":""},"class_list":["post-3901","page","type-page","status-publish","hentry"],"post_mailing_queue_ids":[],"_links":{"self":[{"href":"https:\/\/agora.xtec.cat\/ieslesmarines\/wp-json\/wp\/v2\/pages\/3901","targetHints":{"allow":["GET"]}}],"collection":[{"href":"https:\/\/agora.xtec.cat\/ieslesmarines\/wp-json\/wp\/v2\/pages"}],"about":[{"href":"https:\/\/agora.xtec.cat\/ieslesmarines\/wp-json\/wp\/v2\/types\/page"}],"author":[{"embeddable":true,"href":"https:\/\/agora.xtec.cat\/ieslesmarines\/wp-json\/wp\/v2\/users\/1"}],"replies":[{"embeddable":true,"href":"https:\/\/agora.xtec.cat\/ieslesmarines\/wp-json\/wp\/v2\/comments?post=3901"}],"version-history":[{"count":1,"href":"https:\/\/agora.xtec.cat\/ieslesmarines\/wp-json\/wp\/v2\/pages\/3901\/revisions"}],"predecessor-version":[{"id":3902,"href":"https:\/\/agora.xtec.cat\/ieslesmarines\/wp-json\/wp\/v2\/pages\/3901\/revisions\/3902"}],"wp:attachment":[{"href":"https:\/\/agora.xtec.cat\/ieslesmarines\/wp-json\/wp\/v2\/media?parent=3901"}],"curies":[{"name":"wp","href":"https:\/\/api.w.org\/{rel}","templated":true}]}}

Estada d&#8217;observació al Lycée de La Mer

<p>🇫🇷 Ahir, divendres 19 de gener, vam finalitzar la nostra estada d’observació al Lycée de La Mer, al sud oest de França.</p>
<p>Han estat una dies molt productius on hem pogut compartir experiències meravelloses i molt enriquidores i, sobretot, hem pogut aprendre noves metodologies, recursos i sistemes d’organització.</p>
<p>🇪🇺 Aquesta experiència ha estat possible gràcies al programa Erasmus + i al Lycée de la Mer, que ens ha acollit càlidament i ens ha obert les portes de les seves aules.</p>
<p>Ens emportem la idea que l’èxit de l’alumnat es demostra quan esdevé un ciutadà i actor en el seu entorn.</p>
<p><img loading="lazy" decoding="async" class="wp-image-3899 aligncenter" src="https://agora.xtec.cat/ieslesmarines/wp-content/uploads/usu619/2024/01/photo_5863797559808605892_y-1024x768.jpg" alt="" width="600" height="450" srcset="https://agora.xtec.cat/ieslesmarines/wp-content/uploads/usu619/2024/01/photo_5863797559808605892_y-1024x768.jpg 1024w, https://agora.xtec.cat/ieslesmarines/wp-content/uploads/usu619/2024/01/photo_5863797559808605892_y-300x225.jpg 300w, https://agora.xtec.cat/ieslesmarines/wp-content/uploads/usu619/2024/01/photo_5863797559808605892_y-768x576.jpg 768w, https://agora.xtec.cat/ieslesmarines/wp-content/uploads/usu619/2024/01/photo_5863797559808605892_y-200x150.jpg 200w, https://agora.xtec.cat/ieslesmarines/wp-content/uploads/usu619/2024/01/photo_5863797559808605892_y.jpg 1280w" sizes="auto, (max-width: 600px) 100vw, 600px" /></p>
<p>&nbsp;</p>

<p>🇫🇷 Ahir, divendres 19 de gener, vam finalitzar la nostra estada d’observació al Lycée de La Mer, al sud oest de França. Han estat una dies molt productius on hem pogut compartir experiències meravelloses i molt enriquidores i, sobretot, hem pogut aprendre noves metodologies, recursos i sistemes d’organització. 🇪🇺 Aquesta experiència ha estat possible gràcies [&hellip;]</p>
