{"id":3885,"date":"2024-01-20T14:48:58","date_gmt":"2024-01-20T13:48:58","guid":{"rendered":"https:\/\/agora.xtec.cat\/ieslesmarines\/?page_id=3885"},"modified":"2024-01-20T14:48:58","modified_gmt":"2024-01-20T13:48:58","slug":"la-casa-de-bernarda-alba-al-teatreneu","status":"publish","type":"page","link":"https:\/\/agora.xtec.cat\/ieslesmarines\/la-casa-de-bernarda-alba-al-teatreneu\/","title":{"rendered":"&#8216;La casa de Bernarda Alba&#8217; al Teatreneu"},"content":{"rendered":"<p><span style=\"font-weight: 400;\"><img decoding=\"async\" class=\"alignnone size-full wp-image-3888\" src=\"https:\/\/agora.xtec.cat\/ieslesmarines\/wp-content\/uploads\/usu619\/2024\/01\/IMG_5077.heic\" alt=\"\" \/> El dilluns 15 de gener l\u2019alumnat de 4t d\u2019ESO va anar a Barcelona al Teatreneu de Gr\u00e0cia per assistir a la representaci\u00f3 teatral de <\/span><b><i>La casa de Bernarda Alba<\/i><\/b><span style=\"font-weight: 400;\">.\u00a0<\/span><\/p>\n<p><span style=\"font-weight: 400;\">A llengua castellana i literatura, han llegit el drama i han estudiat la vida i l\u2019obra de Federico Garc\u00eda Lorca.<\/span><\/p>\n<p><span style=\"font-weight: 400;\">En sortir del teatre, van realitzar en grups un itinerari literari i hist\u00f2ric pel barri de Gr\u00e0cia.<\/span><\/p>\n<p><img loading=\"lazy\" decoding=\"async\" class=\"wp-image-3892 aligncenter\" src=\"https:\/\/agora.xtec.cat\/ieslesmarines\/wp-content\/uploads\/usu619\/2024\/01\/IMG_5087-1024x768.jpg\" alt=\"\" width=\"500\" height=\"375\" srcset=\"https:\/\/agora.xtec.cat\/ieslesmarines\/wp-content\/uploads\/usu619\/2024\/01\/IMG_5087-1024x768.jpg 1024w, https:\/\/agora.xtec.cat\/ieslesmarines\/wp-content\/uploads\/usu619\/2024\/01\/IMG_5087-300x225.jpg 300w, https:\/\/agora.xtec.cat\/ieslesmarines\/wp-content\/uploads\/usu619\/2024\/01\/IMG_5087-768x576.jpg 768w, https:\/\/agora.xtec.cat\/ieslesmarines\/wp-content\/uploads\/usu619\/2024\/01\/IMG_5087-1536x1152.jpg 1536w, https:\/\/agora.xtec.cat\/ieslesmarines\/wp-content\/uploads\/usu619\/2024\/01\/IMG_5087-2048x1536.jpg 2048w, https:\/\/agora.xtec.cat\/ieslesmarines\/wp-content\/uploads\/usu619\/2024\/01\/IMG_5087-200x150.jpg 200w\" sizes=\"auto, (max-width: 500px) 100vw, 500px\" \/><\/p>\n<p><span style=\"font-weight: 400;\">SINOPSIS:<\/span><\/p>\n<p><span style=\"font-weight: 400;\">Transeduca nos sit\u00faa en <\/span><i><span style=\"font-weight: 400;\">La casa de Bernarda Alba<\/span><\/i><span style=\"font-weight: 400;\">, donde cuatro actrices nos transportaran al mundo de Federico Garc\u00eda Lorca.<\/span><\/p>\n<p><span style=\"font-weight: 400;\">Tras la muerte del segundo marido de Bernarda Alba, esta decide decretar un duelo de ocho a\u00f1os. En este tiempo, sus cinco hijas no podr\u00e1n salir a la calle ni tener ning\u00fan tipo de contacto con el mundo exterior. Solo la mayor, Angustias, de 39 a\u00f1os, hija del primer marido de Bernarda, puede hablar con su prometido. Pepe el Romano es un joven de la comarca, m\u00e1s interesado en la fortuna que hereda Angustias que en la discutible belleza y gracia de esta. Adela, la menor de las cinco hijas, y la m\u00e1s rebelde, no soportar\u00e1 la situaci\u00f3n.<\/span><\/p>\n<p><span style=\"font-weight: 400;\">El autor muestra una sociedad tradicional y represiva en la que la mujer representa un papel muy secundario, lo que en cierto modo refleja una parte de la Espa\u00f1a de los tiempos en los que se escribi\u00f3. Sin embargo, cuando la leemos hoy en d\u00eda no debemos interpretarla como el retrato literal de una sociedad determinada de una \u00e9poca ya pasada. La acci\u00f3n de la obra transcurre en un espacio cerrado y atemporal que permite al autor expresar el conflicto entre la autoridad y la libertad, la tradici\u00f3n en oposici\u00f3n al instinto y al deseo, y el poco peso que tiene la singularidad de una persona frente a una sociedad tradicional.<\/span><\/p>\n<p><a href=\"https:\/\/www.youtube.com\/watch?v=3iZoLUlCm6Q&amp;t=9s\"><span style=\"font-weight: 400;\">La casa de Bernarda Alba Transeduca<\/span><\/a><\/p>\n<p><span style=\"font-weight: 400;\">Lorca termina <\/span><b><i>La casa de Bernardo Alba<\/i><\/b><span style=\"font-weight: 400;\">, subtitulada <\/span><i><span style=\"font-weight: 400;\">Drama de mujeres en los pueblos de Espa\u00f1a<\/span><\/i><span style=\"font-weight: 400;\">, el 19 de junio de 1936, dos meses antes de su muerte.\u00a0<\/span><\/p>\n<p><span style=\"font-weight: 400;\">La Bernarda de Lorca tiene una grandeza que excede a las protagonistas de los dramas rurales anteriores. Federico Garc\u00eda Lorca advierte que su obra tiene la intenci\u00f3n de un documental fotogr\u00e1fico, y es que el drama est\u00e1 presidido por los colores blanco y negro como los documentales de la \u00e9poca, y Lorca ha mostrado una realidad verificable. La realidad espa\u00f1ola de <\/span><i><span style=\"font-weight: 400;\">La casa de Bernarda Alba<\/span><\/i><span style=\"font-weight: 400;\"> est\u00e1 hecha de estructuras de relaciones sociales y econ\u00f3micas anticuadas pero vigentes en 1936 y a\u00fan muchos a\u00f1os despu\u00e9s.<\/span><\/p>\n<p><i><span style=\"font-weight: 400;\">La casa de Bernarda Alba <\/span><\/i><span style=\"font-weight: 400;\">es impresionante, en su fuerza, en su dramatismo, en su profundidad. Es una obra que por mucho que se lea o se vea representada siempre hay algo m\u00e1s, una frase, una intenci\u00f3n nueva, una obra que crece, que te conmueve y que te conquista. Una brutalidad genial e impresionante.\u00a0<\/span><\/p>\n<p><i><span style=\"font-weight: 400;\">La casa de Bernarda Alba<\/span><\/i><span style=\"font-weight: 400;\"> no pudo estrenarse hasta 1945 en Buenos Aires con Margarita Xirgu.\u00a0<\/span><\/p>\n<p><img loading=\"lazy\" decoding=\"async\" class=\"alignnone size-large wp-image-3891\" src=\"https:\/\/agora.xtec.cat\/ieslesmarines\/wp-content\/uploads\/usu619\/2024\/01\/IMG_5077-1024x768.jpg\" alt=\"\" width=\"1024\" height=\"768\" srcset=\"https:\/\/agora.xtec.cat\/ieslesmarines\/wp-content\/uploads\/usu619\/2024\/01\/IMG_5077-1024x768.jpg 1024w, https:\/\/agora.xtec.cat\/ieslesmarines\/wp-content\/uploads\/usu619\/2024\/01\/IMG_5077-300x225.jpg 300w, https:\/\/agora.xtec.cat\/ieslesmarines\/wp-content\/uploads\/usu619\/2024\/01\/IMG_5077-768x576.jpg 768w, https:\/\/agora.xtec.cat\/ieslesmarines\/wp-content\/uploads\/usu619\/2024\/01\/IMG_5077-1536x1152.jpg 1536w, https:\/\/agora.xtec.cat\/ieslesmarines\/wp-content\/uploads\/usu619\/2024\/01\/IMG_5077-2048x1536.jpg 2048w, https:\/\/agora.xtec.cat\/ieslesmarines\/wp-content\/uploads\/usu619\/2024\/01\/IMG_5077-200x150.jpg 200w\" sizes=\"auto, (max-width: 1024px) 100vw, 1024px\" \/><\/p>\n<p><span style=\"font-weight: 400;\">A continuaci\u00f3, podeu llegir l\u2019opini\u00f3 de l\u2019alumnat sobre l\u2019obra:<\/span><\/p>\n<p><span style=\"font-weight: 400;\">\u201cObra maestra por donde la veas.\u201d C. B. B.<\/span><\/p>\n<p><span style=\"font-weight: 400;\">\u201cLa obra ha estado muy bien hecha, incluso con solo cuatro actrices han logrado hacer un muy buen trabajo. Me ha gustado mucho.\u201d N. B. F.<\/span><\/p>\n<p><span style=\"font-weight: 400;\">\u201cEspectacular, una obra bien trabajada. Actuaciones de 10, me ha transmitido todo tipo de emociones, positivas y negativas. La volver\u00eda a ver sin duda alguna, una maravilla.\u201d K. M. P.<\/span><\/p>\n<p><span style=\"font-weight: 400;\">\u201cMe ha parecido una obra muy entretenida. La historia me ha gustado mucho y adem\u00e1s las actrices lo han hecho genial.\u201d M. C. M.\u00a0<\/span><\/p>\n<p><span style=\"font-weight: 400;\">\u201cCreo que ha sido una obra muy interesante y dram\u00e1tica, pienso que podr\u00eda estar bien que salieran todos los personajes del drama, pero, por otra parte, me ha gustado mucho c\u00f3mo actuaban ya que casi nunca voy al teatro. La verdad es que a m\u00ed me ha encantado.\u201d A. G. G.\u00a0<\/span><\/p>\n<p><span style=\"font-weight: 400;\">\u201cObra de teatro entretenida, currada y muy bien representada, la recomiendo.\u201d E. V. O.<\/span><\/p>\n<p><span style=\"font-weight: 400;\">\u201cLa obra me ha parecido muy interesante y ha estado muy bien, se entend\u00eda el contexto y la \u00e9poca en la que se basaba.\u201d M. T. D.\u00a0<\/span><\/p>\n<p><span style=\"font-weight: 400;\">\u201cLa obra me ha parecido muy bien representada y muy interesante, merece la pena ir a verla.\u201d E. S. B.\u00a0<\/span><\/p>\n<p><span style=\"font-weight: 400;\">\u201cLa obra de teatro que hemos visto me ha parecido muy interesante y entretenida. Las actrices consegu\u00edan captar la atenci\u00f3n de los espectadores y que se pusieran en su lugar.\u201d G. T.\u00a0<\/span><\/p>\n<p><span style=\"font-weight: 400;\">\u201cMe ha gustado, ya que ha sido entretenido y las preguntas del final me hicieron gracia.\u201d M. B. M.<\/span><\/p>\n<p><span style=\"font-weight: 400;\">\u201cHa estado bien y ha sido muy interesante, no se ha hecho para nada pesada.\u201d P. B.\u00a0<\/span><\/p>\n<p><span style=\"font-weight: 400;\">\u201cMe gust\u00f3 mucho porque cuando actuaban reconoc\u00eda su obra con el libro.\u201d M. C. R.\u00a0<\/span><\/p>\n<p><span style=\"font-weight: 400;\">\u201cMuy profunda y con un mensaje sobre el machismo.\u201d J. C. B.\u00a0<\/span><\/p>\n<p><span style=\"font-weight: 400;\">\u201cSinceramente, la obra me ha parecido muy entretenida. Me han gustado los diferentes papeles y las actuaciones de las actrices. La escenograf\u00eda y la actuaci\u00f3n han estado muy bien. Aunque se me ha hecho bastante corta entre acto y acto, igualmente, mi valoraci\u00f3n es muy alta.\u201d P. E. A.\u00a0<\/span><\/p>\n<p><span style=\"font-weight: 400;\">\u201cMe pareci\u00f3 una obra bastante entretenida y divertida. Las actrices actuaban muy bien y la puesta en escena era original.\u201d E. J. V.<\/span><\/p>\n<p><span style=\"font-weight: 400;\">\u201cLa obra de teatro de <\/span><i><span style=\"font-weight: 400;\">La casa de Bernarda Alba<\/span><\/i><span style=\"font-weight: 400;\"> ha sido muy interesante, las actrices han actuado muy bien acorde con sus personajes, adem\u00e1s, el hecho de que luego hayan tenido tiempo para responder nuestras preguntas sobre la obra y la carrera de artes esc\u00e9nicas me ha parecido a\u00fan mejor que si no lo hubieran hecho.\u201d N. M. E.<\/span><\/p>\n","protected":false},"excerpt":{"rendered":"<p>El dilluns 15 de gener l\u2019alumnat de 4t d\u2019ESO va anar a Barcelona al Teatreneu de Gr\u00e0cia per assistir a la representaci\u00f3 teatral de La casa de Bernarda Alba.\u00a0 A llengua castellana i literatura, han llegit el drama i han estudiat la vida i l\u2019obra de Federico Garc\u00eda Lorca. En sortir del teatre, van realitzar [&hellip;]<\/p>\n","protected":false},"author":1,"featured_media":0,"parent":0,"menu_order":0,"comment_status":"closed","ping_status":"closed","template":"","meta":{"_bbp_topic_count":0,"_bbp_reply_count":0,"_bbp_total_topic_count":0,"_bbp_total_reply_count":0,"_bbp_voice_count":0,"_bbp_anonymous_reply_count":0,"_bbp_topic_count_hidden":0,"_bbp_reply_count_hidden":0,"_bbp_forum_subforum_count":0,"site-sidebar-layout":"default","site-content-layout":"","ast-site-content-layout":"","site-content-style":"default","site-sidebar-style":"default","ast-global-header-display":"","ast-banner-title-visibility":"","ast-main-header-display":"","ast-hfb-above-header-display":"","ast-hfb-below-header-display":"","ast-hfb-mobile-header-display":"","site-post-title":"","ast-breadcrumbs-content":"","ast-featured-img":"","footer-sml-layout":"","theme-transparent-header-meta":"","adv-header-id-meta":"","stick-header-meta":"","header-above-stick-meta":"","header-main-stick-meta":"","header-below-stick-meta":"","astra-migrate-meta-layouts":"default","ast-page-background-enabled":"default","ast-page-background-meta":{"desktop":{"background-color":"var(--ast-global-color-4)","background-image":"","background-repeat":"repeat","background-position":"center center","background-size":"auto","background-attachment":"scroll","background-type":"","background-media":"","overlay-type":"","overlay-color":"","overlay-opacity":"","overlay-gradient":""},"tablet":{"background-color":"","background-image":"","background-repeat":"repeat","background-position":"center center","background-size":"auto","background-attachment":"scroll","background-type":"","background-media":"","overlay-type":"","overlay-color":"","overlay-opacity":"","overlay-gradient":""},"mobile":{"background-color":"","background-image":"","background-repeat":"repeat","background-position":"center center","background-size":"auto","background-attachment":"scroll","background-type":"","background-media":"","overlay-type":"","overlay-color":"","overlay-opacity":"","overlay-gradient":""}},"ast-content-background-meta":{"desktop":{"background-color":"var(--ast-global-color-5)","background-image":"","background-repeat":"repeat","background-position":"center center","background-size":"auto","background-attachment":"scroll","background-type":"","background-media":"","overlay-type":"","overlay-color":"","overlay-opacity":"","overlay-gradient":""},"tablet":{"background-color":"var(--ast-global-color-5)","background-image":"","background-repeat":"repeat","background-position":"center center","background-size":"auto","background-attachment":"scroll","background-type":"","background-media":"","overlay-type":"","overlay-color":"","overlay-opacity":"","overlay-gradient":""},"mobile":{"background-color":"var(--ast-global-color-5)","background-image":"","background-repeat":"repeat","background-position":"center center","background-size":"auto","background-attachment":"scroll","background-type":"","background-media":"","overlay-type":"","overlay-color":"","overlay-opacity":"","overlay-gradient":""}},"footnotes":""},"class_list":["post-3885","page","type-page","status-publish","hentry"],"post_mailing_queue_ids":[],"_links":{"self":[{"href":"https:\/\/agora.xtec.cat\/ieslesmarines\/wp-json\/wp\/v2\/pages\/3885","targetHints":{"allow":["GET"]}}],"collection":[{"href":"https:\/\/agora.xtec.cat\/ieslesmarines\/wp-json\/wp\/v2\/pages"}],"about":[{"href":"https:\/\/agora.xtec.cat\/ieslesmarines\/wp-json\/wp\/v2\/types\/page"}],"author":[{"embeddable":true,"href":"https:\/\/agora.xtec.cat\/ieslesmarines\/wp-json\/wp\/v2\/users\/1"}],"replies":[{"embeddable":true,"href":"https:\/\/agora.xtec.cat\/ieslesmarines\/wp-json\/wp\/v2\/comments?post=3885"}],"version-history":[{"count":3,"href":"https:\/\/agora.xtec.cat\/ieslesmarines\/wp-json\/wp\/v2\/pages\/3885\/revisions"}],"predecessor-version":[{"id":3895,"href":"https:\/\/agora.xtec.cat\/ieslesmarines\/wp-json\/wp\/v2\/pages\/3885\/revisions\/3895"}],"wp:attachment":[{"href":"https:\/\/agora.xtec.cat\/ieslesmarines\/wp-json\/wp\/v2\/media?parent=3885"}],"curies":[{"name":"wp","href":"https:\/\/api.w.org\/{rel}","templated":true}]}}

<p><span style="font-weight: 400;"><img decoding="async" class="alignnone size-full wp-image-3888" src="https://agora.xtec.cat/ieslesmarines/wp-content/uploads/usu619/2024/01/IMG_5077.heic" alt="" /> El dilluns 15 de gener l’alumnat de 4t d’ESO va anar a Barcelona al Teatreneu de Gràcia per assistir a la representació teatral de </span><b><i>La casa de Bernarda Alba</i></b><span style="font-weight: 400;">. </span></p>
<p><span style="font-weight: 400;">A llengua castellana i literatura, han llegit el drama i han estudiat la vida i l’obra de Federico García Lorca.</span></p>
<p><span style="font-weight: 400;">En sortir del teatre, van realitzar en grups un itinerari literari i històric pel barri de Gràcia.</span></p>
<p><img loading="lazy" decoding="async" class="wp-image-3892 aligncenter" src="https://agora.xtec.cat/ieslesmarines/wp-content/uploads/usu619/2024/01/IMG_5087-1024x768.jpg" alt="" width="500" height="375" srcset="https://agora.xtec.cat/ieslesmarines/wp-content/uploads/usu619/2024/01/IMG_5087-1024x768.jpg 1024w, https://agora.xtec.cat/ieslesmarines/wp-content/uploads/usu619/2024/01/IMG_5087-300x225.jpg 300w, https://agora.xtec.cat/ieslesmarines/wp-content/uploads/usu619/2024/01/IMG_5087-768x576.jpg 768w, https://agora.xtec.cat/ieslesmarines/wp-content/uploads/usu619/2024/01/IMG_5087-1536x1152.jpg 1536w, https://agora.xtec.cat/ieslesmarines/wp-content/uploads/usu619/2024/01/IMG_5087-2048x1536.jpg 2048w, https://agora.xtec.cat/ieslesmarines/wp-content/uploads/usu619/2024/01/IMG_5087-200x150.jpg 200w" sizes="auto, (max-width: 500px) 100vw, 500px" /></p>
<p><span style="font-weight: 400;">SINOPSIS:</span></p>
<p><span style="font-weight: 400;">Transeduca nos sitúa en </span><i><span style="font-weight: 400;">La casa de Bernarda Alba</span></i><span style="font-weight: 400;">, donde cuatro actrices nos transportaran al mundo de Federico García Lorca.</span></p>
<p><span style="font-weight: 400;">Tras la muerte del segundo marido de Bernarda Alba, esta decide decretar un duelo de ocho años. En este tiempo, sus cinco hijas no podrán salir a la calle ni tener ningún tipo de contacto con el mundo exterior. Solo la mayor, Angustias, de 39 años, hija del primer marido de Bernarda, puede hablar con su prometido. Pepe el Romano es un joven de la comarca, más interesado en la fortuna que hereda Angustias que en la discutible belleza y gracia de esta. Adela, la menor de las cinco hijas, y la más rebelde, no soportará la situación.</span></p>
<p><span style="font-weight: 400;">El autor muestra una sociedad tradicional y represiva en la que la mujer representa un papel muy secundario, lo que en cierto modo refleja una parte de la España de los tiempos en los que se escribió. Sin embargo, cuando la leemos hoy en día no debemos interpretarla como el retrato literal de una sociedad determinada de una época ya pasada. La acción de la obra transcurre en un espacio cerrado y atemporal que permite al autor expresar el conflicto entre la autoridad y la libertad, la tradición en oposición al instinto y al deseo, y el poco peso que tiene la singularidad de una persona frente a una sociedad tradicional.</span></p>
<p><a href="https://www.youtube.com/watch?v=3iZoLUlCm6Q&amp;t=9s"><span style="font-weight: 400;">La casa de Bernarda Alba Transeduca</span></a></p>
<p><span style="font-weight: 400;">Lorca termina </span><b><i>La casa de Bernardo Alba</i></b><span style="font-weight: 400;">, subtitulada </span><i><span style="font-weight: 400;">Drama de mujeres en los pueblos de España</span></i><span style="font-weight: 400;">, el 19 de junio de 1936, dos meses antes de su muerte. </span></p>
<p><span style="font-weight: 400;">La Bernarda de Lorca tiene una grandeza que excede a las protagonistas de los dramas rurales anteriores. Federico García Lorca advierte que su obra tiene la intención de un documental fotográfico, y es que el drama está presidido por los colores blanco y negro como los documentales de la época, y Lorca ha mostrado una realidad verificable. La realidad española de </span><i><span style="font-weight: 400;">La casa de Bernarda Alba</span></i><span style="font-weight: 400;"> está hecha de estructuras de relaciones sociales y económicas anticuadas pero vigentes en 1936 y aún muchos años después.</span></p>
<p><i><span style="font-weight: 400;">La casa de Bernarda Alba </span></i><span style="font-weight: 400;">es impresionante, en su fuerza, en su dramatismo, en su profundidad. Es una obra que por mucho que se lea o se vea representada siempre hay algo más, una frase, una intención nueva, una obra que crece, que te conmueve y que te conquista. Una brutalidad genial e impresionante. </span></p>
<p><i><span style="font-weight: 400;">La casa de Bernarda Alba</span></i><span style="font-weight: 400;"> no pudo estrenarse hasta 1945 en Buenos Aires con Margarita Xirgu. </span></p>
<p><img loading="lazy" decoding="async" class="alignnone size-large wp-image-3891" src="https://agora.xtec.cat/ieslesmarines/wp-content/uploads/usu619/2024/01/IMG_5077-1024x768.jpg" alt="" width="1024" height="768" srcset="https://agora.xtec.cat/ieslesmarines/wp-content/uploads/usu619/2024/01/IMG_5077-1024x768.jpg 1024w, https://agora.xtec.cat/ieslesmarines/wp-content/uploads/usu619/2024/01/IMG_5077-300x225.jpg 300w, https://agora.xtec.cat/ieslesmarines/wp-content/uploads/usu619/2024/01/IMG_5077-768x576.jpg 768w, https://agora.xtec.cat/ieslesmarines/wp-content/uploads/usu619/2024/01/IMG_5077-1536x1152.jpg 1536w, https://agora.xtec.cat/ieslesmarines/wp-content/uploads/usu619/2024/01/IMG_5077-2048x1536.jpg 2048w, https://agora.xtec.cat/ieslesmarines/wp-content/uploads/usu619/2024/01/IMG_5077-200x150.jpg 200w" sizes="auto, (max-width: 1024px) 100vw, 1024px" /></p>
<p><span style="font-weight: 400;">A continuació, podeu llegir l’opinió de l’alumnat sobre l’obra:</span></p>
<p><span style="font-weight: 400;">“Obra maestra por donde la veas.” C. B. B.</span></p>
<p><span style="font-weight: 400;">“La obra ha estado muy bien hecha, incluso con solo cuatro actrices han logrado hacer un muy buen trabajo. Me ha gustado mucho.” N. B. F.</span></p>
<p><span style="font-weight: 400;">“Espectacular, una obra bien trabajada. Actuaciones de 10, me ha transmitido todo tipo de emociones, positivas y negativas. La volvería a ver sin duda alguna, una maravilla.” K. M. P.</span></p>
<p><span style="font-weight: 400;">“Me ha parecido una obra muy entretenida. La historia me ha gustado mucho y además las actrices lo han hecho genial.” M. C. M. </span></p>
<p><span style="font-weight: 400;">“Creo que ha sido una obra muy interesante y dramática, pienso que podría estar bien que salieran todos los personajes del drama, pero, por otra parte, me ha gustado mucho cómo actuaban ya que casi nunca voy al teatro. La verdad es que a mí me ha encantado.” A. G. G. </span></p>
<p><span style="font-weight: 400;">“Obra de teatro entretenida, currada y muy bien representada, la recomiendo.” E. V. O.</span></p>
<p><span style="font-weight: 400;">“La obra me ha parecido muy interesante y ha estado muy bien, se entendía el contexto y la época en la que se basaba.” M. T. D. </span></p>
<p><span style="font-weight: 400;">“La obra me ha parecido muy bien representada y muy interesante, merece la pena ir a verla.” E. S. B. </span></p>
<p><span style="font-weight: 400;">“La obra de teatro que hemos visto me ha parecido muy interesante y entretenida. Las actrices conseguían captar la atención de los espectadores y que se pusieran en su lugar.” G. T. </span></p>
<p><span style="font-weight: 400;">“Me ha gustado, ya que ha sido entretenido y las preguntas del final me hicieron gracia.” M. B. M.</span></p>
<p><span style="font-weight: 400;">“Ha estado bien y ha sido muy interesante, no se ha hecho para nada pesada.” P. B. </span></p>
<p><span style="font-weight: 400;">“Me gustó mucho porque cuando actuaban reconocía su obra con el libro.” M. C. R. </span></p>
<p><span style="font-weight: 400;">“Muy profunda y con un mensaje sobre el machismo.” J. C. B. </span></p>
<p><span style="font-weight: 400;">“Sinceramente, la obra me ha parecido muy entretenida. Me han gustado los diferentes papeles y las actuaciones de las actrices. La escenografía y la actuación han estado muy bien. Aunque se me ha hecho bastante corta entre acto y acto, igualmente, mi valoración es muy alta.” P. E. A. </span></p>
<p><span style="font-weight: 400;">“Me pareció una obra bastante entretenida y divertida. Las actrices actuaban muy bien y la puesta en escena era original.” E. J. V.</span></p>
<p><span style="font-weight: 400;">“La obra de teatro de </span><i><span style="font-weight: 400;">La casa de Bernarda Alba</span></i><span style="font-weight: 400;"> ha sido muy interesante, las actrices han actuado muy bien acorde con sus personajes, además, el hecho de que luego hayan tenido tiempo para responder nuestras preguntas sobre la obra y la carrera de artes escénicas me ha parecido aún mejor que si no lo hubieran hecho.” N. M. E.</span></p>

<p>El dilluns 15 de gener l’alumnat de 4t d’ESO va anar a Barcelona al Teatreneu de Gràcia per assistir a la representació teatral de La casa de Bernarda Alba.  A llengua castellana i literatura, han llegit el drama i han estudiat la vida i l’obra de Federico García Lorca. En sortir del teatre, van realitzar [&hellip;]</p>
