{"id":3871,"date":"2024-01-16T13:19:13","date_gmt":"2024-01-16T12:19:13","guid":{"rendered":"https:\/\/agora.xtec.cat\/ieslesmarines\/?page_id=3871"},"modified":"2024-01-16T13:19:13","modified_gmt":"2024-01-16T12:19:13","slug":"erasmus-cete-a-gujan-mestras","status":"publish","type":"page","link":"https:\/\/agora.xtec.cat\/ieslesmarines\/erasmus-cete-a-gujan-mestras\/","title":{"rendered":"ERASMUS+ CETE a Gujan-Mestras"},"content":{"rendered":"<p>Enguany l\u2019Institut Les Marines est\u00e0 participant en el programa d\u2019ERASMUS+ CETE de servei comunitari (SECO). En aquest programa, la professora S\u00edlvia Aguilera del nostre centre hi participa amb dues professores m\u00e9s de l\u2019INS Terres de Ponent, Mollerussa, i l\u2019INS Salvador Sunyer i Aimerich, Salt.<\/p>\n<p>L\u2019objectiu d\u2019aquesta estada de 5 dies \u00e9s con\u00e8ixer les metodologies per a la inclusi\u00f3 de l\u2019alumnat, l\u2019educaci\u00f3 de la ciutadania activa i la sensibilitzaci\u00f3 vers la preservaci\u00f3 del medi ambient i els valors que promou l\u2019Escola Verda.<\/p>\n<p><img loading=\"lazy\" decoding=\"async\" class=\"wp-image-3872 aligncenter\" src=\"https:\/\/agora.xtec.cat\/ieslesmarines\/wp-content\/uploads\/usu619\/2024\/01\/msg-1001338010926-1618-1024x768.jpg\" alt=\"\" width=\"500\" height=\"375\" srcset=\"https:\/\/agora.xtec.cat\/ieslesmarines\/wp-content\/uploads\/usu619\/2024\/01\/msg-1001338010926-1618-1024x768.jpg 1024w, https:\/\/agora.xtec.cat\/ieslesmarines\/wp-content\/uploads\/usu619\/2024\/01\/msg-1001338010926-1618-300x225.jpg 300w, https:\/\/agora.xtec.cat\/ieslesmarines\/wp-content\/uploads\/usu619\/2024\/01\/msg-1001338010926-1618-768x576.jpg 768w, https:\/\/agora.xtec.cat\/ieslesmarines\/wp-content\/uploads\/usu619\/2024\/01\/msg-1001338010926-1618-200x150.jpg 200w, https:\/\/agora.xtec.cat\/ieslesmarines\/wp-content\/uploads\/usu619\/2024\/01\/msg-1001338010926-1618.jpg 1280w\" sizes=\"auto, (max-width: 500px) 100vw, 500px\" \/><\/p>\n<p>En el nostre primer dia de <em>Jobshadowing<\/em> al Lyc\u00e9e de la Mer, a Gujan-Mestras, ens han ensenyat les impressionants instal\u00b7lacions del seu centre i hem pogut con\u00e8ixer gran part del professorat.<\/p>\n<p><em>Merci pour votre accueil chaleureux.<\/em><\/p>\n","protected":false},"excerpt":{"rendered":"<p>Enguany l\u2019Institut Les Marines est\u00e0 participant en el programa d\u2019ERASMUS+ CETE de servei comunitari (SECO). En aquest programa, la professora S\u00edlvia Aguilera del nostre centre hi participa amb dues professores m\u00e9s de l\u2019INS Terres de Ponent, Mollerussa, i l\u2019INS Salvador Sunyer i Aimerich, Salt. L\u2019objectiu d\u2019aquesta estada de 5 dies \u00e9s con\u00e8ixer les metodologies per [&hellip;]<\/p>\n","protected":false},"author":1,"featured_media":0,"parent":0,"menu_order":0,"comment_status":"closed","ping_status":"closed","template":"","meta":{"_bbp_topic_count":0,"_bbp_reply_count":0,"_bbp_total_topic_count":0,"_bbp_total_reply_count":0,"_bbp_voice_count":0,"_bbp_anonymous_reply_count":0,"_bbp_topic_count_hidden":0,"_bbp_reply_count_hidden":0,"_bbp_forum_subforum_count":0,"site-sidebar-layout":"default","site-content-layout":"","ast-site-content-layout":"","site-content-style":"default","site-sidebar-style":"default","ast-global-header-display":"","ast-banner-title-visibility":"","ast-main-header-display":"","ast-hfb-above-header-display":"","ast-hfb-below-header-display":"","ast-hfb-mobile-header-display":"","site-post-title":"","ast-breadcrumbs-content":"","ast-featured-img":"","footer-sml-layout":"","theme-transparent-header-meta":"","adv-header-id-meta":"","stick-header-meta":"","header-above-stick-meta":"","header-main-stick-meta":"","header-below-stick-meta":"","astra-migrate-meta-layouts":"default","ast-page-background-enabled":"default","ast-page-background-meta":{"desktop":{"background-color":"var(--ast-global-color-4)","background-image":"","background-repeat":"repeat","background-position":"center center","background-size":"auto","background-attachment":"scroll","background-type":"","background-media":"","overlay-type":"","overlay-color":"","overlay-opacity":"","overlay-gradient":""},"tablet":{"background-color":"","background-image":"","background-repeat":"repeat","background-position":"center center","background-size":"auto","background-attachment":"scroll","background-type":"","background-media":"","overlay-type":"","overlay-color":"","overlay-opacity":"","overlay-gradient":""},"mobile":{"background-color":"","background-image":"","background-repeat":"repeat","background-position":"center center","background-size":"auto","background-attachment":"scroll","background-type":"","background-media":"","overlay-type":"","overlay-color":"","overlay-opacity":"","overlay-gradient":""}},"ast-content-background-meta":{"desktop":{"background-color":"var(--ast-global-color-5)","background-image":"","background-repeat":"repeat","background-position":"center center","background-size":"auto","background-attachment":"scroll","background-type":"","background-media":"","overlay-type":"","overlay-color":"","overlay-opacity":"","overlay-gradient":""},"tablet":{"background-color":"var(--ast-global-color-5)","background-image":"","background-repeat":"repeat","background-position":"center center","background-size":"auto","background-attachment":"scroll","background-type":"","background-media":"","overlay-type":"","overlay-color":"","overlay-opacity":"","overlay-gradient":""},"mobile":{"background-color":"var(--ast-global-color-5)","background-image":"","background-repeat":"repeat","background-position":"center center","background-size":"auto","background-attachment":"scroll","background-type":"","background-media":"","overlay-type":"","overlay-color":"","overlay-opacity":"","overlay-gradient":""}},"footnotes":""},"class_list":["post-3871","page","type-page","status-publish","hentry"],"post_mailing_queue_ids":[],"_links":{"self":[{"href":"https:\/\/agora.xtec.cat\/ieslesmarines\/wp-json\/wp\/v2\/pages\/3871","targetHints":{"allow":["GET"]}}],"collection":[{"href":"https:\/\/agora.xtec.cat\/ieslesmarines\/wp-json\/wp\/v2\/pages"}],"about":[{"href":"https:\/\/agora.xtec.cat\/ieslesmarines\/wp-json\/wp\/v2\/types\/page"}],"author":[{"embeddable":true,"href":"https:\/\/agora.xtec.cat\/ieslesmarines\/wp-json\/wp\/v2\/users\/1"}],"replies":[{"embeddable":true,"href":"https:\/\/agora.xtec.cat\/ieslesmarines\/wp-json\/wp\/v2\/comments?post=3871"}],"version-history":[{"count":2,"href":"https:\/\/agora.xtec.cat\/ieslesmarines\/wp-json\/wp\/v2\/pages\/3871\/revisions"}],"predecessor-version":[{"id":3875,"href":"https:\/\/agora.xtec.cat\/ieslesmarines\/wp-json\/wp\/v2\/pages\/3871\/revisions\/3875"}],"wp:attachment":[{"href":"https:\/\/agora.xtec.cat\/ieslesmarines\/wp-json\/wp\/v2\/media?parent=3871"}],"curies":[{"name":"wp","href":"https:\/\/api.w.org\/{rel}","templated":true}]}}

<p>Enguany l’Institut Les Marines està participant en el programa d’ERASMUS+ CETE de servei comunitari (SECO). En aquest programa, la professora Sílvia Aguilera del nostre centre hi participa amb dues professores més de l’INS Terres de Ponent, Mollerussa, i l’INS Salvador Sunyer i Aimerich, Salt.</p>
<p>L’objectiu d’aquesta estada de 5 dies és conèixer les metodologies per a la inclusió de l’alumnat, l’educació de la ciutadania activa i la sensibilització vers la preservació del medi ambient i els valors que promou l’Escola Verda.</p>
<p><img loading="lazy" decoding="async" class="wp-image-3872 aligncenter" src="https://agora.xtec.cat/ieslesmarines/wp-content/uploads/usu619/2024/01/msg-1001338010926-1618-1024x768.jpg" alt="" width="500" height="375" srcset="https://agora.xtec.cat/ieslesmarines/wp-content/uploads/usu619/2024/01/msg-1001338010926-1618-1024x768.jpg 1024w, https://agora.xtec.cat/ieslesmarines/wp-content/uploads/usu619/2024/01/msg-1001338010926-1618-300x225.jpg 300w, https://agora.xtec.cat/ieslesmarines/wp-content/uploads/usu619/2024/01/msg-1001338010926-1618-768x576.jpg 768w, https://agora.xtec.cat/ieslesmarines/wp-content/uploads/usu619/2024/01/msg-1001338010926-1618-200x150.jpg 200w, https://agora.xtec.cat/ieslesmarines/wp-content/uploads/usu619/2024/01/msg-1001338010926-1618.jpg 1280w" sizes="auto, (max-width: 500px) 100vw, 500px" /></p>
<p>En el nostre primer dia de <em>Jobshadowing</em> al Lycée de la Mer, a Gujan-Mestras, ens han ensenyat les impressionants instal·lacions del seu centre i hem pogut conèixer gran part del professorat.</p>
<p><em>Merci pour votre accueil chaleureux.</em></p>

<p>Enguany l’Institut Les Marines està participant en el programa d’ERASMUS+ CETE de servei comunitari (SECO). En aquest programa, la professora Sílvia Aguilera del nostre centre hi participa amb dues professores més de l’INS Terres de Ponent, Mollerussa, i l’INS Salvador Sunyer i Aimerich, Salt. L’objectiu d’aquesta estada de 5 dies és conèixer les metodologies per [&hellip;]</p>
