{"id":3831,"date":"2024-01-11T18:24:20","date_gmt":"2024-01-11T17:24:20","guid":{"rendered":"https:\/\/agora.xtec.cat\/ieslesmarines\/?page_id=3831"},"modified":"2024-01-11T19:19:20","modified_gmt":"2024-01-11T18:19:20","slug":"2a-sessio-del-taller-de-booktrailer-a-4t-deso","status":"publish","type":"page","link":"https:\/\/agora.xtec.cat\/ieslesmarines\/2a-sessio-del-taller-de-booktrailer-a-4t-deso\/","title":{"rendered":"2a sessi\u00f3 del taller de booktrailer a 4t d&#8217;ESO"},"content":{"rendered":"<p><span style=\"font-weight: 400;\">El 20 de novembre del 2023 l\u2019alumnat de 4t d\u2019ESO va poder gaudir de la 2a sessi\u00f3 del taller de <\/span><i><span style=\"font-weight: 400;\">booktrailer<\/span><\/i><span style=\"font-weight: 400;\">, impartit pel Carles Alcoy.\u00a0<\/span><\/p>\n<p><span style=\"font-weight: 400;\">El formador els va explicar aspectes narratius importants a l\u2019hora de fer l\u2019adaptaci\u00f3 audiovisual del llibre que han escollit en grups. En el text del <\/span><i><span style=\"font-weight: 400;\">booktrailer<\/span><\/i><span style=\"font-weight: 400;\"> no s\u2019ha d&#8217;explicar el que \u00e9s important en l\u2019argument. El <\/span><i><span style=\"font-weight: 400;\">booktrailer<\/span><\/i><span style=\"font-weight: 400;\"> no pot ser un resum del llibre, no cal explicar els esdeveniments en ordre. S\u2019ha de decidir quina estructura ha de tenir per despertar curiositat.\u00a0 El m\u00e9s important \u00e9s que s\u2019ho passin b\u00e9 fent el <\/span><i><span style=\"font-weight: 400;\">booktrailer<\/span><\/i><span style=\"font-weight: 400;\">.<\/span><\/p>\n<p><span style=\"font-weight: 400;\">Els va mostrar tr\u00e0ilers de pel\u00b7l\u00edcules recents com <\/span><i><span style=\"font-weight: 400;\">Avengers: Endgame <\/span><\/i><span style=\"font-weight: 400;\">de Joe Russo i <\/span><i><span style=\"font-weight: 400;\">Aquaman <\/span><\/i><span style=\"font-weight: 400;\">de James Wan; i fragments de films m\u00e9s antics, com <\/span><i><span style=\"font-weight: 400;\">Psicosi<\/span><\/i><span style=\"font-weight: 400;\"> de Hitchkok (l\u2019escena de la dutxa) o <\/span><i><span style=\"font-weight: 400;\">Sed de mal<\/span><\/i><span style=\"font-weight: 400;\"> d\u2019Orson Welles (com a exemple del pla seq\u00fc\u00e8ncia)<\/span><span style=\"font-weight: 400;\">.<\/span><\/p>\n<p><img loading=\"lazy\" decoding=\"async\" class=\"wp-image-3833 aligncenter\" src=\"https:\/\/agora.xtec.cat\/ieslesmarines\/wp-content\/uploads\/usu619\/2024\/01\/IMG_20231120_112107-1024x768.jpg\" alt=\"\" width=\"700\" height=\"525\" srcset=\"https:\/\/agora.xtec.cat\/ieslesmarines\/wp-content\/uploads\/usu619\/2024\/01\/IMG_20231120_112107-1024x768.jpg 1024w, https:\/\/agora.xtec.cat\/ieslesmarines\/wp-content\/uploads\/usu619\/2024\/01\/IMG_20231120_112107-300x225.jpg 300w, https:\/\/agora.xtec.cat\/ieslesmarines\/wp-content\/uploads\/usu619\/2024\/01\/IMG_20231120_112107-768x576.jpg 768w, https:\/\/agora.xtec.cat\/ieslesmarines\/wp-content\/uploads\/usu619\/2024\/01\/IMG_20231120_112107-1536x1152.jpg 1536w, https:\/\/agora.xtec.cat\/ieslesmarines\/wp-content\/uploads\/usu619\/2024\/01\/IMG_20231120_112107-2048x1536.jpg 2048w, https:\/\/agora.xtec.cat\/ieslesmarines\/wp-content\/uploads\/usu619\/2024\/01\/IMG_20231120_112107-200x150.jpg 200w\" sizes=\"auto, (max-width: 700px) 100vw, 700px\" \/><\/p>\n<p><span style=\"font-weight: 400;\">Tamb\u00e9 visionaren <\/span><i><span style=\"font-weight: 400;\">booktrailers<\/span><\/i><span style=\"font-weight: 400;\"> creats per noies i nois de la seva edat (<\/span><i><span style=\"font-weight: 400;\">Els jocs de la fam, La porta dels tres panys<\/span><\/i><span style=\"font-weight: 400;\">, <\/span><i><span style=\"font-weight: 400;\">Tremolor<\/span><\/i><span style=\"font-weight: 400;\">\u2026) i en va destacar els encerts i\u00a0 els errors de producci\u00f3, narraci\u00f3 o imatge.<\/span><\/p>\n<p><span style=\"font-weight: 400;\">Per a la propera sessi\u00f3, <\/span><span style=\"font-weight: 400;\">els diferents grups han de tenir preparat l\u2019<\/span><i><span style=\"font-weight: 400;\">storyboard<\/span><\/i><span style=\"font-weight: 400;\"> (gui\u00f3 il\u00b7lustrat) del seu <\/span><i><span style=\"font-weight: 400;\">booktrailer<\/span><\/i><span style=\"font-weight: 400;\">.<\/span><\/p>\n<p><span style=\"font-weight: 400;\">A continuaci\u00f3 podeu llegir els comentaris d\u2019alguns alumnes que van assistir al taller:<\/span><\/p>\n<p><span style=\"font-weight: 400;\">\u201cFrancamente, me parece un taller que aporta mucho. Sobre todo, porque suma la creatividad, el humor y conceptos que hacen que sea m\u00e1s divertido e interesante aprender sobre estos. A parte de que para determinadas carreras, puede ser muy \u00fatil el saber analizar de forma detallada los booktrailers.\u201d K. M. P.\u00a0<\/span><\/p>\n<p><span style=\"font-weight: 400;\">\u201cMe pareci\u00f3 muy interesante, y fueron muy entretenidos los v\u00eddeos.\u201d P. P. M.\u00a0<\/span><\/p>\n<p><span style=\"font-weight: 400;\">\u201cInteresante y entretenido, adem\u00e1s me parece bastante original.\u201d N. P. P.<\/span><\/p>\n<p><span style=\"font-weight: 400;\">\u201cMe pareci\u00f3 de lo m\u00e1s interesante, el se\u00f1or que hace la sesi\u00f3n hace muy bien su trabajo. Combina la informaci\u00f3n que nos tiene que dar con un poco de comedia o cosas m\u00e1s interactivas u originales. Me pareci\u00f3 estupenda.\u201d L. A. G.\u00a0<\/span><\/p>\n<p><span style=\"font-weight: 400;\">\u201cLa segunda sesi\u00f3n del taller de booktrailer me ha parecido muy divertida y entretenida\u00a0 por el hecho de que el se\u00f1or ha expuesto algunas pel\u00edculas que son m\u00e1s modernas, es decir, de nuestra \u00e9poca, haciendo que todos estuvi\u00e9semos entretenidos y atentos.\u201d P. B. B.\u00a0<\/span><\/p>\n<p><span style=\"font-weight: 400;\">\u201cMe ha gustado mucho, sobre todo hablar sobre c\u00f3mo est\u00e1n hechas las escenas de las pel\u00edculas\/tr\u00e1ileres. Tambi\u00e9n una peque\u00f1a parte de trucos para grabar.\u201d D. I. G.\u00a0<\/span><\/p>\n<p><span style=\"font-weight: 400;\">\u201cMe ha gustado mucho, es interesante escuchar al tallerista hablar sobre diferentes temas relacionados con la literatura, le da un toque divertido al aprendizaje.\u201d Z. A. S. M.<\/span><\/p>\n<p><span style=\"font-weight: 400;\">\u201cHa estado muy bien. Gracias a la segunda sesi\u00f3n del taller hemos conocido diferentes maneras de grabar que nos servir\u00e1n para cuando tengamos que grabar el booktrailer.\u201d M. C. M.\u00a0<\/span><\/p>\n<p><span style=\"font-weight: 400;\">\u201cMe ha parecido una sesi\u00f3n entretenida que me ha ayudado a entender las perspectivas de la c\u00e1mara en el cine y a entender un poco m\u00e1s lo que haremos en el taller de booktrailer.\u201d A. G. N.<\/span><\/p>\n<p><span style=\"font-weight: 400;\">\u201cMe ha parecido muy interesante por el hecho de que nos mostraron booktrailers de otras personas y nos dieron ideas para hacer el nuestro, tambi\u00e9n me pareci\u00f3 interesante el hecho de ense\u00f1arnos c\u00f3mo hacer uso de la c\u00e1mara para ver las diferentes perspectivas\u201d A. S. R. G.\u00a0<\/span><\/p>\n<p><img loading=\"lazy\" decoding=\"async\" class=\"alignnone size-large wp-image-3837\" src=\"https:\/\/agora.xtec.cat\/ieslesmarines\/wp-content\/uploads\/usu619\/2024\/01\/IMG_20231120_110330-1024x768.jpg\" alt=\"\" width=\"1024\" height=\"768\" srcset=\"https:\/\/agora.xtec.cat\/ieslesmarines\/wp-content\/uploads\/usu619\/2024\/01\/IMG_20231120_110330-1024x768.jpg 1024w, https:\/\/agora.xtec.cat\/ieslesmarines\/wp-content\/uploads\/usu619\/2024\/01\/IMG_20231120_110330-300x225.jpg 300w, https:\/\/agora.xtec.cat\/ieslesmarines\/wp-content\/uploads\/usu619\/2024\/01\/IMG_20231120_110330-768x576.jpg 768w, https:\/\/agora.xtec.cat\/ieslesmarines\/wp-content\/uploads\/usu619\/2024\/01\/IMG_20231120_110330-1536x1152.jpg 1536w, https:\/\/agora.xtec.cat\/ieslesmarines\/wp-content\/uploads\/usu619\/2024\/01\/IMG_20231120_110330-2048x1536.jpg 2048w, https:\/\/agora.xtec.cat\/ieslesmarines\/wp-content\/uploads\/usu619\/2024\/01\/IMG_20231120_110330-200x150.jpg 200w\" sizes=\"auto, (max-width: 1024px) 100vw, 1024px\" \/><\/p>\n","protected":false},"excerpt":{"rendered":"<p>El 20 de novembre del 2023 l\u2019alumnat de 4t d\u2019ESO va poder gaudir de la 2a sessi\u00f3 del taller de booktrailer, impartit pel Carles Alcoy.\u00a0 El formador els va explicar aspectes narratius importants a l\u2019hora de fer l\u2019adaptaci\u00f3 audiovisual del llibre que han escollit en grups. En el text del booktrailer no s\u2019ha d&#8217;explicar el [&hellip;]<\/p>\n","protected":false},"author":1,"featured_media":0,"parent":0,"menu_order":0,"comment_status":"closed","ping_status":"closed","template":"","meta":{"_bbp_topic_count":0,"_bbp_reply_count":0,"_bbp_total_topic_count":0,"_bbp_total_reply_count":0,"_bbp_voice_count":0,"_bbp_anonymous_reply_count":0,"_bbp_topic_count_hidden":0,"_bbp_reply_count_hidden":0,"_bbp_forum_subforum_count":0,"site-sidebar-layout":"default","site-content-layout":"","ast-site-content-layout":"","site-content-style":"default","site-sidebar-style":"default","ast-global-header-display":"","ast-banner-title-visibility":"","ast-main-header-display":"","ast-hfb-above-header-display":"","ast-hfb-below-header-display":"","ast-hfb-mobile-header-display":"","site-post-title":"","ast-breadcrumbs-content":"","ast-featured-img":"","footer-sml-layout":"","theme-transparent-header-meta":"","adv-header-id-meta":"","stick-header-meta":"","header-above-stick-meta":"","header-main-stick-meta":"","header-below-stick-meta":"","astra-migrate-meta-layouts":"default","ast-page-background-enabled":"default","ast-page-background-meta":{"desktop":{"background-color":"var(--ast-global-color-4)","background-image":"","background-repeat":"repeat","background-position":"center center","background-size":"auto","background-attachment":"scroll","background-type":"","background-media":"","overlay-type":"","overlay-color":"","overlay-opacity":"","overlay-gradient":""},"tablet":{"background-color":"","background-image":"","background-repeat":"repeat","background-position":"center center","background-size":"auto","background-attachment":"scroll","background-type":"","background-media":"","overlay-type":"","overlay-color":"","overlay-opacity":"","overlay-gradient":""},"mobile":{"background-color":"","background-image":"","background-repeat":"repeat","background-position":"center center","background-size":"auto","background-attachment":"scroll","background-type":"","background-media":"","overlay-type":"","overlay-color":"","overlay-opacity":"","overlay-gradient":""}},"ast-content-background-meta":{"desktop":{"background-color":"var(--ast-global-color-5)","background-image":"","background-repeat":"repeat","background-position":"center center","background-size":"auto","background-attachment":"scroll","background-type":"","background-media":"","overlay-type":"","overlay-color":"","overlay-opacity":"","overlay-gradient":""},"tablet":{"background-color":"var(--ast-global-color-5)","background-image":"","background-repeat":"repeat","background-position":"center center","background-size":"auto","background-attachment":"scroll","background-type":"","background-media":"","overlay-type":"","overlay-color":"","overlay-opacity":"","overlay-gradient":""},"mobile":{"background-color":"var(--ast-global-color-5)","background-image":"","background-repeat":"repeat","background-position":"center center","background-size":"auto","background-attachment":"scroll","background-type":"","background-media":"","overlay-type":"","overlay-color":"","overlay-opacity":"","overlay-gradient":""}},"footnotes":""},"class_list":["post-3831","page","type-page","status-publish","hentry"],"post_mailing_queue_ids":[],"_links":{"self":[{"href":"https:\/\/agora.xtec.cat\/ieslesmarines\/wp-json\/wp\/v2\/pages\/3831","targetHints":{"allow":["GET"]}}],"collection":[{"href":"https:\/\/agora.xtec.cat\/ieslesmarines\/wp-json\/wp\/v2\/pages"}],"about":[{"href":"https:\/\/agora.xtec.cat\/ieslesmarines\/wp-json\/wp\/v2\/types\/page"}],"author":[{"embeddable":true,"href":"https:\/\/agora.xtec.cat\/ieslesmarines\/wp-json\/wp\/v2\/users\/1"}],"replies":[{"embeddable":true,"href":"https:\/\/agora.xtec.cat\/ieslesmarines\/wp-json\/wp\/v2\/comments?post=3831"}],"version-history":[{"count":4,"href":"https:\/\/agora.xtec.cat\/ieslesmarines\/wp-json\/wp\/v2\/pages\/3831\/revisions"}],"predecessor-version":[{"id":3868,"href":"https:\/\/agora.xtec.cat\/ieslesmarines\/wp-json\/wp\/v2\/pages\/3831\/revisions\/3868"}],"wp:attachment":[{"href":"https:\/\/agora.xtec.cat\/ieslesmarines\/wp-json\/wp\/v2\/media?parent=3831"}],"curies":[{"name":"wp","href":"https:\/\/api.w.org\/{rel}","templated":true}]}}