{"id":376,"date":"2017-01-19T13:37:15","date_gmt":"2017-01-19T12:37:15","guid":{"rendered":"http:\/\/agora.xtec.cat\/ieslesmarines\/?page_id=376"},"modified":"2018-11-14T11:15:54","modified_gmt":"2018-11-14T10:15:54","slug":"pla-dacollida","status":"publish","type":"page","link":"https:\/\/agora.xtec.cat\/ieslesmarines\/pla-dacollida\/","title":{"rendered":"Pla d&#8217;acollida"},"content":{"rendered":"<p><span style=\"font-weight: 400;\">El centre disposa d\u2019un Pla d\u2019Acollida destinat a l\u2019alumnat que s\u2019incorpora a l\u2019Institut un cop ha comen\u00e7at el curs.<\/span><\/p>\n<p><span style=\"font-weight: 400;\">Des del curs 2004-05, l\u2019Ins Les Marines compta amb una Aula d\u2019Acollida que t\u00e9 com a objectiu general, sensibilitzar, promocionar i consolidar la llengua catalana com a eix vertebrador d\u2019un projecte pluriling\u00fce, de l\u2019educaci\u00f3 intercultural i la cohesi\u00f3 social.<\/span><\/p>\n<p><span style=\"font-weight: 400;\">Els objectius espec\u00edfics d\u2019aquesta iniciativa s\u00f3n:<\/span><\/p>\n<ul>\n<li style=\"font-weight: 400;\"><span style=\"font-weight: 400;\">Ajudar a formar una identitat catalana oberta i solid\u00e0ria.<\/span><\/li>\n<li style=\"font-weight: 400;\"><span style=\"font-weight: 400;\">Garantir l\u2019\u00fas del catal\u00e0 com a llengua vehicular i de comunicaci\u00f3 als centres educatius en el marc d\u2019un projecte pluriling\u00fce.<\/span><\/li>\n<li style=\"font-weight: 400;\"><span style=\"font-weight: 400;\">Promoure el coneixement i el respecte d\u2019altres cultures en un marc de conviv\u00e8ncia.<\/span><\/li>\n<li style=\"font-weight: 400;\"><span style=\"font-weight: 400;\">Fomentar la igualtat d\u2019oportunitats i el respecte a la difer\u00e8ncia.<\/span><\/li>\n<li style=\"font-weight: 400;\"><span style=\"font-weight: 400;\">Treballar per la inclusi\u00f3 escolar i social per tal d\u2019evitar tot tipus de marginaci\u00f3.<\/span><\/li>\n<li style=\"font-weight: 400;\"><span style=\"font-weight: 400;\">Promoure l\u00ednies d\u2019innovaci\u00f3 i investigaci\u00f3, afavorint-hi la intervenci\u00f3 de les TIC.<\/span><\/li>\n<\/ul>\n<p><span style=\"font-weight: 400;\">Els recursos del centre per a portar a terme aquest Pla d\u2019Acollida s\u00f3n:<\/span><\/p>\n<ul>\n<li style=\"font-weight: 400;\"><span style=\"font-weight: 400;\">La figura d\u2019un Tutor d\u2019Acollida que faciliti als alumnes nouvinguts tota la informaci\u00f3 necess\u00e0ria per a incorporar-se al centre i a la marxa del curs i que prengui les decisions pertinents en relaci\u00f3 a la incorporaci\u00f3 de l\u2019alumne\/a al centre. Aquest tutor desenvolupa la seva tasca dins l\u2019espai de l\u2019AA, fent un seguiment dels alumnes nouvinguts per tal de detectar necessitats i organitzant l\u2019atenci\u00f3 a l\u2019alumnat, l\u2019avaluaci\u00f3 i la relaci\u00f3 amb les fam\u00edlies. \u00a0\u00a0\u00a0<\/span><\/li>\n<li style=\"font-weight: 400;\"><span style=\"font-weight: 400;\">Realitzaci\u00f3 d\u2019una avaluaci\u00f3 inicial per ajustar a l\u2019alumne la resposta educativa del centre. El psicopedagog, amb la col\u00b7laboraci\u00f3 dels tutors de l\u2019A.A., passen proves espec\u00edfiques de llengua i matem\u00e0tiques i tot el professorat implicat, a partir de l\u2019observaci\u00f3 dels h\u00e0bits de relaci\u00f3 i treball, comparteixen la detecci\u00f3 de les necessitats.<\/span><\/li>\n<li style=\"font-weight: 400;\"><span style=\"font-weight: 400;\">L\u2019alumnat hi pot assistir durant dos cursos a partir de la seva arribada a Catalunya. Els alumnes assisteixen durant un determinat nombre d\u2019hores setmanals a l\u2019Aula d\u2019Acollida, dins l\u2019horari escolar. Habitualment s\u00f3n tres hores per als alumnes de lleng\u00fces rom\u00e0niques. Els alumnes de lleng\u00fces no rom\u00e0niques assisteixen a l\u2019Aula d\u2019Acollida entre 8 i 12 hores. <\/span><\/li>\n<\/ul>\n","protected":false},"excerpt":{"rendered":"<p>El centre disposa d\u2019un Pla d\u2019Acollida destinat a l\u2019alumnat que s\u2019incorpora a l\u2019Institut un cop ha comen\u00e7at el curs. Des del curs 2004-05, l\u2019Ins Les Marines compta amb una Aula d\u2019Acollida que t\u00e9 com a objectiu general, sensibilitzar, promocionar i consolidar la llengua catalana com a eix vertebrador d\u2019un projecte pluriling\u00fce, de l\u2019educaci\u00f3 intercultural i [&hellip;]<\/p>\n","protected":false},"author":1,"featured_media":0,"parent":0,"menu_order":0,"comment_status":"closed","ping_status":"closed","template":"","meta":{"_bbp_topic_count":0,"_bbp_reply_count":0,"_bbp_total_topic_count":0,"_bbp_total_reply_count":0,"_bbp_voice_count":0,"_bbp_anonymous_reply_count":0,"_bbp_topic_count_hidden":0,"_bbp_reply_count_hidden":0,"_bbp_forum_subforum_count":0,"site-sidebar-layout":"default","site-content-layout":"","ast-site-content-layout":"","site-content-style":"default","site-sidebar-style":"default","ast-global-header-display":"","ast-banner-title-visibility":"","ast-main-header-display":"","ast-hfb-above-header-display":"","ast-hfb-below-header-display":"","ast-hfb-mobile-header-display":"","site-post-title":"","ast-breadcrumbs-content":"","ast-featured-img":"","footer-sml-layout":"","theme-transparent-header-meta":"","adv-header-id-meta":"","stick-header-meta":"","header-above-stick-meta":"","header-main-stick-meta":"","header-below-stick-meta":"","astra-migrate-meta-layouts":"default","ast-page-background-enabled":"default","ast-page-background-meta":{"desktop":{"background-color":"var(--ast-global-color-4)","background-image":"","background-repeat":"repeat","background-position":"center center","background-size":"auto","background-attachment":"scroll","background-type":"","background-media":"","overlay-type":"","overlay-color":"","overlay-opacity":"","overlay-gradient":""},"tablet":{"background-color":"","background-image":"","background-repeat":"repeat","background-position":"center center","background-size":"auto","background-attachment":"scroll","background-type":"","background-media":"","overlay-type":"","overlay-color":"","overlay-opacity":"","overlay-gradient":""},"mobile":{"background-color":"","background-image":"","background-repeat":"repeat","background-position":"center center","background-size":"auto","background-attachment":"scroll","background-type":"","background-media":"","overlay-type":"","overlay-color":"","overlay-opacity":"","overlay-gradient":""}},"ast-content-background-meta":{"desktop":{"background-color":"var(--ast-global-color-5)","background-image":"","background-repeat":"repeat","background-position":"center center","background-size":"auto","background-attachment":"scroll","background-type":"","background-media":"","overlay-type":"","overlay-color":"","overlay-opacity":"","overlay-gradient":""},"tablet":{"background-color":"var(--ast-global-color-5)","background-image":"","background-repeat":"repeat","background-position":"center center","background-size":"auto","background-attachment":"scroll","background-type":"","background-media":"","overlay-type":"","overlay-color":"","overlay-opacity":"","overlay-gradient":""},"mobile":{"background-color":"var(--ast-global-color-5)","background-image":"","background-repeat":"repeat","background-position":"center center","background-size":"auto","background-attachment":"scroll","background-type":"","background-media":"","overlay-type":"","overlay-color":"","overlay-opacity":"","overlay-gradient":""}},"footnotes":""},"class_list":["post-376","page","type-page","status-publish","hentry"],"post_mailing_queue_ids":[],"_links":{"self":[{"href":"https:\/\/agora.xtec.cat\/ieslesmarines\/wp-json\/wp\/v2\/pages\/376","targetHints":{"allow":["GET"]}}],"collection":[{"href":"https:\/\/agora.xtec.cat\/ieslesmarines\/wp-json\/wp\/v2\/pages"}],"about":[{"href":"https:\/\/agora.xtec.cat\/ieslesmarines\/wp-json\/wp\/v2\/types\/page"}],"author":[{"embeddable":true,"href":"https:\/\/agora.xtec.cat\/ieslesmarines\/wp-json\/wp\/v2\/users\/1"}],"replies":[{"embeddable":true,"href":"https:\/\/agora.xtec.cat\/ieslesmarines\/wp-json\/wp\/v2\/comments?post=376"}],"version-history":[{"count":3,"href":"https:\/\/agora.xtec.cat\/ieslesmarines\/wp-json\/wp\/v2\/pages\/376\/revisions"}],"predecessor-version":[{"id":988,"href":"https:\/\/agora.xtec.cat\/ieslesmarines\/wp-json\/wp\/v2\/pages\/376\/revisions\/988"}],"wp:attachment":[{"href":"https:\/\/agora.xtec.cat\/ieslesmarines\/wp-json\/wp\/v2\/media?parent=376"}],"curies":[{"name":"wp","href":"https:\/\/api.w.org\/{rel}","templated":true}]}}

<p><span style="font-weight: 400;">El centre disposa d’un Pla d’Acollida destinat a l’alumnat que s’incorpora a l’Institut un cop ha començat el curs.</span></p>
<p><span style="font-weight: 400;">Des del curs 2004-05, l’Ins Les Marines compta amb una Aula d’Acollida que té com a objectiu general, sensibilitzar, promocionar i consolidar la llengua catalana com a eix vertebrador d’un projecte plurilingüe, de l’educació intercultural i la cohesió social.</span></p>
<p><span style="font-weight: 400;">Els objectius específics d’aquesta iniciativa són:</span></p>
<ul>
<li style="font-weight: 400;"><span style="font-weight: 400;">Ajudar a formar una identitat catalana oberta i solidària.</span></li>
<li style="font-weight: 400;"><span style="font-weight: 400;">Garantir l’ús del català com a llengua vehicular i de comunicació als centres educatius en el marc d’un projecte plurilingüe.</span></li>
<li style="font-weight: 400;"><span style="font-weight: 400;">Promoure el coneixement i el respecte d’altres cultures en un marc de convivència.</span></li>
<li style="font-weight: 400;"><span style="font-weight: 400;">Fomentar la igualtat d’oportunitats i el respecte a la diferència.</span></li>
<li style="font-weight: 400;"><span style="font-weight: 400;">Treballar per la inclusió escolar i social per tal d’evitar tot tipus de marginació.</span></li>
<li style="font-weight: 400;"><span style="font-weight: 400;">Promoure línies d’innovació i investigació, afavorint-hi la intervenció de les TIC.</span></li>
</ul>
<p><span style="font-weight: 400;">Els recursos del centre per a portar a terme aquest Pla d’Acollida són:</span></p>
<ul>
<li style="font-weight: 400;"><span style="font-weight: 400;">La figura d’un Tutor d’Acollida que faciliti als alumnes nouvinguts tota la informació necessària per a incorporar-se al centre i a la marxa del curs i que prengui les decisions pertinents en relació a la incorporació de l’alumne/a al centre. Aquest tutor desenvolupa la seva tasca dins l’espai de l’AA, fent un seguiment dels alumnes nouvinguts per tal de detectar necessitats i organitzant l’atenció a l’alumnat, l’avaluació i la relació amb les famílies.    </span></li>
<li style="font-weight: 400;"><span style="font-weight: 400;">Realització d’una avaluació inicial per ajustar a l’alumne la resposta educativa del centre. El psicopedagog, amb la col·laboració dels tutors de l’A.A., passen proves específiques de llengua i matemàtiques i tot el professorat implicat, a partir de l’observació dels hàbits de relació i treball, comparteixen la detecció de les necessitats.</span></li>
<li style="font-weight: 400;"><span style="font-weight: 400;">L’alumnat hi pot assistir durant dos cursos a partir de la seva arribada a Catalunya. Els alumnes assisteixen durant un determinat nombre d’hores setmanals a l’Aula d’Acollida, dins l’horari escolar. Habitualment són tres hores per als alumnes de llengües romàniques. Els alumnes de llengües no romàniques assisteixen a l’Aula d’Acollida entre 8 i 12 hores. </span></li>
</ul>

<p>El centre disposa d’un Pla d’Acollida destinat a l’alumnat que s’incorpora a l’Institut un cop ha començat el curs. Des del curs 2004-05, l’Ins Les Marines compta amb una Aula d’Acollida que té com a objectiu general, sensibilitzar, promocionar i consolidar la llengua catalana com a eix vertebrador d’un projecte plurilingüe, de l’educació intercultural i [&hellip;]</p>
