{"id":3651,"date":"2023-11-07T14:17:44","date_gmt":"2023-11-07T13:17:44","guid":{"rendered":"https:\/\/agora.xtec.cat\/ieslesmarines\/?page_id=3651"},"modified":"2023-11-07T14:17:44","modified_gmt":"2023-11-07T13:17:44","slug":"acte-de-lliurament-de-les-distincions-de-les-proves-de-les-pau","status":"publish","type":"page","link":"https:\/\/agora.xtec.cat\/ieslesmarines\/acte-de-lliurament-de-les-distincions-de-les-proves-de-les-pau\/","title":{"rendered":"Acte de lliurament de les Distincions de les Proves de les PAU"},"content":{"rendered":"<p>El passat dissabte 4 de novembre vam tenir el plaer d&#8217;acompanyar el nostre alumne A.F. a l&#8217;Acte de Lliurament de les Distincions d&#8217;Honor de les Proves d&#8217;acc\u00e9s a la Universitat. L&#8217;Acte, que va contar amb els discursos de felicitaci\u00f3 de l&#8217;Il\u00b7lustr\u00edssim conseller Joaquim Nadal i del president de la Generalitat Pere Aragon\u00e9s, va ser presentat pel Joan Vilajosana (el Roc del Club S\u00faper3) i en ell vam poder gaudir de l&#8217;actuaci\u00f3 de l&#8217;Al\u00e8xia (finalista del concurs Euf\u00f2ria).<\/p>\n<p>Des d&#8217;aqu\u00ed, volem tornar a felicitar l&#8217;Adri\u00e0 i desitjar-li molta sort en els estudis de Grau que ha comen\u00e7at.<\/p>\n<p>Podeu veure l&#8217;acte complert en el seg\u00fcent <a href=\"https:\/\/www.youtube.com\/live\/3-PW6qNlYBY?si=uHM8T98LMAO0omOc\" target=\"_blank\" rel=\"noopener\">enlla\u00e7<\/a>. El nostre alumne apareix sobre el minut 22.30.<\/p>\n<p><img loading=\"lazy\" decoding=\"async\" class=\"alignnone size-large wp-image-3655\" src=\"https:\/\/agora.xtec.cat\/ieslesmarines\/wp-content\/uploads\/usu619\/2023\/11\/54c50b79-a83d-4113-a0e4-7b9ee7617405-1024x768.jpg\" alt=\"\" width=\"1024\" height=\"768\" srcset=\"https:\/\/agora.xtec.cat\/ieslesmarines\/wp-content\/uploads\/usu619\/2023\/11\/54c50b79-a83d-4113-a0e4-7b9ee7617405-1024x768.jpg 1024w, https:\/\/agora.xtec.cat\/ieslesmarines\/wp-content\/uploads\/usu619\/2023\/11\/54c50b79-a83d-4113-a0e4-7b9ee7617405-300x225.jpg 300w, https:\/\/agora.xtec.cat\/ieslesmarines\/wp-content\/uploads\/usu619\/2023\/11\/54c50b79-a83d-4113-a0e4-7b9ee7617405-768x576.jpg 768w, https:\/\/agora.xtec.cat\/ieslesmarines\/wp-content\/uploads\/usu619\/2023\/11\/54c50b79-a83d-4113-a0e4-7b9ee7617405-200x150.jpg 200w, https:\/\/agora.xtec.cat\/ieslesmarines\/wp-content\/uploads\/usu619\/2023\/11\/54c50b79-a83d-4113-a0e4-7b9ee7617405.jpg 1280w\" sizes=\"auto, (max-width: 1024px) 100vw, 1024px\" \/><\/p>\n","protected":false},"excerpt":{"rendered":"<p>El passat dissabte 4 de novembre vam tenir el plaer d&#8217;acompanyar el nostre alumne A.F. a l&#8217;Acte de Lliurament de les Distincions d&#8217;Honor de les Proves d&#8217;acc\u00e9s a la Universitat. L&#8217;Acte, que va contar amb els discursos de felicitaci\u00f3 de l&#8217;Il\u00b7lustr\u00edssim conseller Joaquim Nadal i del president de la Generalitat Pere Aragon\u00e9s, va ser presentat [&hellip;]<\/p>\n","protected":false},"author":1,"featured_media":0,"parent":0,"menu_order":0,"comment_status":"closed","ping_status":"closed","template":"","meta":{"_bbp_topic_count":0,"_bbp_reply_count":0,"_bbp_total_topic_count":0,"_bbp_total_reply_count":0,"_bbp_voice_count":0,"_bbp_anonymous_reply_count":0,"_bbp_topic_count_hidden":0,"_bbp_reply_count_hidden":0,"_bbp_forum_subforum_count":0,"site-sidebar-layout":"default","site-content-layout":"","ast-site-content-layout":"","site-content-style":"default","site-sidebar-style":"default","ast-global-header-display":"","ast-banner-title-visibility":"","ast-main-header-display":"","ast-hfb-above-header-display":"","ast-hfb-below-header-display":"","ast-hfb-mobile-header-display":"","site-post-title":"","ast-breadcrumbs-content":"","ast-featured-img":"","footer-sml-layout":"","theme-transparent-header-meta":"","adv-header-id-meta":"","stick-header-meta":"","header-above-stick-meta":"","header-main-stick-meta":"","header-below-stick-meta":"","astra-migrate-meta-layouts":"default","ast-page-background-enabled":"default","ast-page-background-meta":{"desktop":{"background-color":"var(--ast-global-color-4)","background-image":"","background-repeat":"repeat","background-position":"center center","background-size":"auto","background-attachment":"scroll","background-type":"","background-media":"","overlay-type":"","overlay-color":"","overlay-opacity":"","overlay-gradient":""},"tablet":{"background-color":"","background-image":"","background-repeat":"repeat","background-position":"center center","background-size":"auto","background-attachment":"scroll","background-type":"","background-media":"","overlay-type":"","overlay-color":"","overlay-opacity":"","overlay-gradient":""},"mobile":{"background-color":"","background-image":"","background-repeat":"repeat","background-position":"center center","background-size":"auto","background-attachment":"scroll","background-type":"","background-media":"","overlay-type":"","overlay-color":"","overlay-opacity":"","overlay-gradient":""}},"ast-content-background-meta":{"desktop":{"background-color":"var(--ast-global-color-5)","background-image":"","background-repeat":"repeat","background-position":"center center","background-size":"auto","background-attachment":"scroll","background-type":"","background-media":"","overlay-type":"","overlay-color":"","overlay-opacity":"","overlay-gradient":""},"tablet":{"background-color":"var(--ast-global-color-5)","background-image":"","background-repeat":"repeat","background-position":"center center","background-size":"auto","background-attachment":"scroll","background-type":"","background-media":"","overlay-type":"","overlay-color":"","overlay-opacity":"","overlay-gradient":""},"mobile":{"background-color":"var(--ast-global-color-5)","background-image":"","background-repeat":"repeat","background-position":"center center","background-size":"auto","background-attachment":"scroll","background-type":"","background-media":"","overlay-type":"","overlay-color":"","overlay-opacity":"","overlay-gradient":""}},"footnotes":""},"class_list":["post-3651","page","type-page","status-publish","hentry"],"post_mailing_queue_ids":[],"_links":{"self":[{"href":"https:\/\/agora.xtec.cat\/ieslesmarines\/wp-json\/wp\/v2\/pages\/3651","targetHints":{"allow":["GET"]}}],"collection":[{"href":"https:\/\/agora.xtec.cat\/ieslesmarines\/wp-json\/wp\/v2\/pages"}],"about":[{"href":"https:\/\/agora.xtec.cat\/ieslesmarines\/wp-json\/wp\/v2\/types\/page"}],"author":[{"embeddable":true,"href":"https:\/\/agora.xtec.cat\/ieslesmarines\/wp-json\/wp\/v2\/users\/1"}],"replies":[{"embeddable":true,"href":"https:\/\/agora.xtec.cat\/ieslesmarines\/wp-json\/wp\/v2\/comments?post=3651"}],"version-history":[{"count":1,"href":"https:\/\/agora.xtec.cat\/ieslesmarines\/wp-json\/wp\/v2\/pages\/3651\/revisions"}],"predecessor-version":[{"id":3656,"href":"https:\/\/agora.xtec.cat\/ieslesmarines\/wp-json\/wp\/v2\/pages\/3651\/revisions\/3656"}],"wp:attachment":[{"href":"https:\/\/agora.xtec.cat\/ieslesmarines\/wp-json\/wp\/v2\/media?parent=3651"}],"curies":[{"name":"wp","href":"https:\/\/api.w.org\/{rel}","templated":true}]}}

<p>El passat dissabte 4 de novembre vam tenir el plaer d&#8217;acompanyar el nostre alumne A.F. a l&#8217;Acte de Lliurament de les Distincions d&#8217;Honor de les Proves d&#8217;accés a la Universitat. L&#8217;Acte, que va contar amb els discursos de felicitació de l&#8217;Il·lustríssim conseller Joaquim Nadal i del president de la Generalitat Pere Aragonés, va ser presentat pel Joan Vilajosana (el Roc del Club Súper3) i en ell vam poder gaudir de l&#8217;actuació de l&#8217;Alèxia (finalista del concurs Eufòria).</p>
<p>Des d&#8217;aquí, volem tornar a felicitar l&#8217;Adrià i desitjar-li molta sort en els estudis de Grau que ha començat.</p>
<p>Podeu veure l&#8217;acte complert en el següent <a href="https://www.youtube.com/live/3-PW6qNlYBY?si=uHM8T98LMAO0omOc" target="_blank" rel="noopener">enllaç</a>. El nostre alumne apareix sobre el minut 22.30.</p>
<p><img loading="lazy" decoding="async" class="alignnone size-large wp-image-3655" src="https://agora.xtec.cat/ieslesmarines/wp-content/uploads/usu619/2023/11/54c50b79-a83d-4113-a0e4-7b9ee7617405-1024x768.jpg" alt="" width="1024" height="768" srcset="https://agora.xtec.cat/ieslesmarines/wp-content/uploads/usu619/2023/11/54c50b79-a83d-4113-a0e4-7b9ee7617405-1024x768.jpg 1024w, https://agora.xtec.cat/ieslesmarines/wp-content/uploads/usu619/2023/11/54c50b79-a83d-4113-a0e4-7b9ee7617405-300x225.jpg 300w, https://agora.xtec.cat/ieslesmarines/wp-content/uploads/usu619/2023/11/54c50b79-a83d-4113-a0e4-7b9ee7617405-768x576.jpg 768w, https://agora.xtec.cat/ieslesmarines/wp-content/uploads/usu619/2023/11/54c50b79-a83d-4113-a0e4-7b9ee7617405-200x150.jpg 200w, https://agora.xtec.cat/ieslesmarines/wp-content/uploads/usu619/2023/11/54c50b79-a83d-4113-a0e4-7b9ee7617405.jpg 1280w" sizes="auto, (max-width: 1024px) 100vw, 1024px" /></p>

<p>El passat dissabte 4 de novembre vam tenir el plaer d&#8217;acompanyar el nostre alumne A.F. a l&#8217;Acte de Lliurament de les Distincions d&#8217;Honor de les Proves d&#8217;accés a la Universitat. L&#8217;Acte, que va contar amb els discursos de felicitació de l&#8217;Il·lustríssim conseller Joaquim Nadal i del president de la Generalitat Pere Aragonés, va ser presentat [&hellip;]</p>
